000
CXUS54 KMEG 010900
CF6MEM
PRELIMINARY LOCAL CLIMATOLOGICAL DATA (WS FORM: F-6)
STATION: MEMPHIS
MONTH: JUNE
YEAR: 2023
LATITUDE: 35 3 N
LONGITUDE: 89 59 W
TEMPERATURE IN F: :PCPN: SNOW: WIND :SUNSHINE: SKY :PK WND
================================================================================
1 2 3 4 5 6A 6B 7 8 9 10 11 12 13 14 15 16 17 18
12Z AVG MX 2MIN
DY MAX MIN AVG DEP HDD CDD WTR SNW DPTH SPD SPD DIR MIN PSBL S-S WX SPD DR
================================================================================
1 88 71 80 3 0 15 T 0.0 0 5.3 16 170 M M 3 18 170
2 92 70 81 4 0 16 0.00 0.0 0 5.8 14 50 M M 3 22 110
3 93 71 82 5 0 17 0.00 0.0 0 6.3 20 70 M M 1 24 50
4 94 67 81 3 0 16 0.00 0.0 0 4.9 17 30 M M 3 21 40
5 90 71 81 3 0 16 0.12 0.0 0 4.6 24 110 M M 7 3 31 110
6 90 67 79 1 0 14 T 0.0 0 2.0 12 180 M M 5 16 150
7 90 64 77 -1 0 12 0.00 0.0 0 5.8 14 350 M M 4 8 19 310
8 84 70 77 -2 0 12 0.24 0.0 0 5.9 21 350 M M 6 1 29 360
9 87 71 79 0 0 14 T 0.0 0 5.5 14 90 M M 5 1 18 80
10 87 69 78 -1 0 13 0.09 0.0 0 7.1 30 290 M M 7 1 39 280
11 87 68 78 -1 0 13 0.19 0.0 0 8.8 32 340 M M 6 13 37 350
12 77 65 71 -9 0 6 0.01 0.0 0 5.4 16 20 M M 8 1 22 340
13 82 64 73 -7 0 8 0.03 0.0 0 5.1 16 230 M M 5 3 25 230
14 85 68 77 -3 0 12 0.68 0.0 0 4.5 17 220 M M 7 13 22 230
15 86 72 79 -1 0 14 0.11 0.0 0 3.5 15 120 M M 7 1 19 120
16 90 69 80 0 0 15 1.75 0.0 0 6.1 30 70 M M 7 1235 37 20
17 91 70 81 1 0 16 0.00 0.0 0 3.4 9 140 M M 5 13 140
18 83 68 76 -5 0 11 2.15 0.0 0 9.3 39 270 M M 8 13 57 260
19 87 69 78 -3 0 13 0.00 0.0 0 6.5 15 10 M M 3 20 320
20 88 70 79 -2 0 14 0.00 0.0 0 8.1 16 340 M M 3 21 350
21 86 71 79 -2 0 14 0.00 0.0 0 10.4 25 60 M M 4 31 50
22 86 70 78 -3 0 13 0.00 0.0 0 8.7 18 30 M M 3 27 70
23 89 67 78 -3 0 13 0.00 0.0 0 4.3 13 300 M M 3 18 300
24 91 71 81 -1 0 16 0.00 0.0 0 8.1 17 200 M M 2 22 190
25 95 75 85 3 0 20 0.03 0.0 0 10.1 28 350 M M 4 3 39 340
26 90 71 81 -1 0 16 0.00 0.0 0 7.6 18 300 M M 0 27 300
27 91 70 81 -1 0 16 0.00 0.0 0 3.8 15 300 M M 2 19 280
28 92 71 82 0 0 17 0.00 0.0 0 5.9 17 170 M M 4 22 170
29 96 79 88 6 0 23 0.00 0.0 0 9.2 16 190 M M 2 25 230
30 97 81 89 7 0 24 0.00 0.0 0 7.8 14 230 M M 2 22 240
================================================================================
SM 2664 2100 0 439 5.40 0.0 189.8 M 129
================================================================================
AV 88.8 70.0 6.3 FASTST M M 4 MAX(MPH)
MISC ----> 39 270 57 260
================================================================================
NOTES:
# LAST OF SEVERAL OCCURRENCES
COLUMN 17 PEAK WIND IN M.P.H.
PRELIMINARY LOCAL CLIMATOLOGICAL DATA (WS FORM: F-6) , PAGE 2
STATION: MEMPHIS
MONTH: JUNE
YEAR: 2023
LATITUDE: 35 3 N
LONGITUDE: 89 59 W
[TEMPERATURE DATA] [PRECIPITATION DATA] SYMBOLS USED IN COLUMN 16
AVERAGE MONTHLY: 79.4 TOTAL FOR MONTH: 5.40 1 = FOG OR MIST
DPTR FM NORMAL: -0.5 DPTR FM NORMAL: 1.41 2 = FOG REDUCING VISIBILITY
HIGHEST: 97 ON 30 GRTST 24HR 2.15 ON 18-18 TO 1/4 MILE OR LESS
LOWEST: 64 ON 13, 7 3 = THUNDER
SNOW, ICE PELLETS, HAIL 4 = ICE PELLETS
TOTAL MONTH: 0.0 INCH 5 = HAIL
GRTST 24HR 0.0 6 = FREEZING RAIN OR DRIZZLE
GRTST DEPTH: 0 7 = DUSTSTORM OR SANDSTORM:
VSBY 1/2 MILE OR LESS
8 = SMOKE OR HAZE
[NO. OF DAYS WITH] [WEATHER - DAYS WITH] 9 = BLOWING SNOW
X = TORNADO
MAX 32 OR BELOW: 0 0.01 INCH OR MORE: 11
MAX 90 OR ABOVE: 15 0.10 INCH OR MORE: 7
MIN 32 OR BELOW: 0 0.50 INCH OR MORE: 3
MIN 0 OR BELOW: 0 1.00 INCH OR MORE: 2
[HDD (BASE 65) ]
TOTAL THIS MO. 0 CLEAR (SCALE 0-3) 11
DPTR FM NORMAL 0 PTCLDY (SCALE 4-7) 19
TOTAL FM JUL 1 2484 CLOUDY (SCALE 8-10) 0
DPTR FM NORMAL -391
[CDD (BASE 65) ]
TOTAL THIS MO. 439
DPTR FM NORMAL -8 [PRESSURE DATA]
TOTAL FM JAN 1 762 HIGHEST SLP 30.02 ON 1
DPTR FM NORMAL -22 LOWEST SLP 29.64 ON 18
[REMARKS]
#FINAL-06-23#