000
CXUS54 KLZK 011230
CF6MEZ
PRELIMINARY LOCAL CLIMATOLOGICAL DATA (WS FORM: F-6)
STATION: MENA AIRPORT
MONTH: MAY
YEAR: 2023
LATITUDE: 34 9 N
LONGITUDE: 94 15 W
TEMPERATURE IN F: :PCPN: SNOW: WIND :SUNSHINE: SKY :PK WND
================================================================================
1 2 3 4 5 6A 6B 7 8 9 10 11 12 13 14 15 16 17 18
12Z AVG MX 2MIN
DY MAX MIN AVG DEP HDD CDD WTR SNW DPTH SPD SPD DIR MIN PSBL S-S WX SPD DR
================================================================================
1 68 36 52 -11 13 0 0.00 M M 6.6 17 300 M M 0 22 300
2 74 40 57 -6 8 0 0.00 M M 5.6 12 300 M M 0 21 290
3 75 39 57 -6 8 0 0.00 M M 1.8 6 290 M M 0 M M
4 71 45 58 -6 7 0 0.05 M M 2.2 8 60 M M 1 1 M M
5 70 55 63 -1 2 0 0.17 M M 2.4 7 80 M M 9 M M
6 87 66 77 13 0 12 0.00 M M 2.8 9 220 M M 3 17 220
7 78 62 70 6 0 5 0.01 M M 5.2 18 250 M M 2 33 M
8 80 68 74 9 0 9 0.00 M M 3.7 8 210 M M 3 M M
9 85 65 75 10 0 10 0.00 M M 2.2 5 120 M M 3 M M
10 77 63 70 5 0 5 T M M 3.1 9 70 M M 2 1 M M
11 78 65 72 6 0 7 0.05 M M 3.4 8 270 M M 6 1 M M
12 82 62 72 6 0 7 0.02 M M 2.3 9 310 M M 3 13 37 M
13 84 66 75 9 0 10 0.20 M M 3.5 12 290 M M 1 23 99
14 85 65 75 9 0 10 0.01 M M 1.2 6 310 M M 2 12 M M
15 80 62 71 4 0 6 T M M 2.7 12 280 M M 3 123 M M
16 76 64 70 3 0 5 T M M 4.1 14 280 M M 6 M M
17 77 62 70 3 0 5 0.00 M M 3.4 7 50 M M 5 M M
18 81 56 69 2 0 4 0.00 M M 1.5 6 90 M M 0 1 M M
19 81 59 70 2 0 5 0.04 M M 3.4 14 300 M M 2 13 23 300
20 71 53 62 -6 3 0 0.00 M M 4.5 10 340 M M 6 1 M M
21 71 48 60 -8 5 0 0.00 M M 1.5 6 100 M M 1 1 M M
22 76 55 66 -2 0 1 0.00 M M 1.2 6 100 M M 0 M M
23 80 52 66 -3 0 1 0.00 M M 1.7 6 90 M M 1 1 M M
24 80 57 69 0 0 4 0.04 M M 4.5 10 70 M M 1 1 M M
25 81 53 67 -2 0 2 0.00 M M 2.9 9 70 M M 1 1 M M
26 81 55 68 -1 0 3 T M M 1.5 8 60 M M 1 1 M M
27 81 54 68 -2 0 3 0.00 M M 1.7 7 60 M M 0 1 M M
28 82 48 65 -5 0 0 0.00 M M 1.2 7 80 M M 0 M M
29 84 52 68 -2 0 3 0.00 M M 1.3 7 100 M M 1 M M
30 83 56 70 0 0 5 0.00 M M 1.0 6 110 M M 0 1 M M
31 85 57 71 0 0 6 0.00 M M 1.0 7 110 M M 0 1 M M
================================================================================
SM 2444 1740 46 128 0.59 M 85.0 M 63
================================================================================
AV 78.8 56.1 2.7 FASTST M M 2 MAX(MPH)
MISC ----> 18 250 37 9999
================================================================================
NOTES:
# LAST OF SEVERAL OCCURRENCES
COLUMN 17 PEAK WIND IN M.P.H.
PRELIMINARY LOCAL CLIMATOLOGICAL DATA (WS FORM: F-6) , PAGE 2
STATION: MENA AIRPORT
MONTH: MAY
YEAR: 2023
LATITUDE: 34 9 N
LONGITUDE: 94 15 W
[TEMPERATURE DATA] [PRECIPITATION DATA] SYMBOLS USED IN COLUMN 16
AVERAGE MONTHLY: 67.5 TOTAL FOR MONTH: 0.59 1 = FOG OR MIST
DPTR FM NORMAL: 0.7 DPTR FM NORMAL: -6.25 2 = FOG REDUCING VISIBILITY
HIGHEST: 87 ON 6 GRTST 24HR 0.20 ON 13-13 TO 1/4 MILE OR LESS
LOWEST: 36 ON 1 3 = THUNDER
SNOW, ICE PELLETS, HAIL 4 = ICE PELLETS
TOTAL MONTH: M 5 = HAIL
GRTST 24HR M ON M 6 = FREEZING RAIN OR DRIZZLE
GRTST DEPTH: M ON M 7 = DUSTSTORM OR SANDSTORM:
VSBY 1/2 MILE OR LESS
8 = SMOKE OR HAZE
[NO. OF DAYS WITH] [WEATHER - DAYS WITH] 9 = BLOWING SNOW
X = TORNADO
MAX 32 OR BELOW: 0 0.01 INCH OR MORE: 9
MAX 90 OR ABOVE: 0 0.10 INCH OR MORE: 2
MIN 32 OR BELOW: 0 0.50 INCH OR MORE: 0
MIN 0 OR BELOW: 0 1.00 INCH OR MORE: 0
[HDD (BASE 65) ]
TOTAL THIS MO. 46 CLEAR (SCALE 0-3) 26
DPTR FM NORMAL -13 PTCLDY (SCALE 4-7) 4
TOTAL FM JUL 1 3142 CLOUDY (SCALE 8-10) 1
DPTR FM NORMAL -490
[CDD (BASE 65) ]
TOTAL THIS MO. 128
DPTR FM NORMAL 14 [PRESSURE DATA]
TOTAL FM JAN 1 171 HIGHEST SLP M ON M
DPTR FM NORMAL 25 LOWEST SLP M ON M
[REMARKS]
#FINAL-05-23#