000
CXUS51 KCLE 021828
CLSMFD
CLIMATE REPORT
NATIONAL WEATHER SERVICE CLEVELAND, OH
228 PM EDT THU JUN 02 2022
...................................
...THE MANSFIELD OH CLIMATE SUMMARY FOR THE SEASON, FROM
3/1/2022 TO 5/31/2022...
CLIMATE NORMAL PERIOD 1991 TO 2020
CLIMATE RECORD PERIOD 1916 TO 2022
WEATHER OBSERVED NORMAL DEPART
VALUE DATE(S) VALUE FROM
NORMAL
................................................
TEMPERATURE (F)
RECORD
HIGH 92 05/18/1962
LOW -6 03/02/1980
HIGHEST 88 05/31
LOWEST 10 03/13
AVG. MAXIMUM 61.0 59.5 1.5
AVG. MINIMUM 41.1 39.1 2.0
MEAN 51.1 49.3 1.8
DAYS MAX >= 90 0 0.2
DAYS MAX <= 32 3 4.7
DAYS MIN <= 32 27 29.8
DAYS MIN <= 0 0 0.1
PRECIPITATION (INCHES)
RECORD
MAXIMUM 18.41 2011
MINIMUM 4.59 1934
TOTALS 13.21 11.80 1.41
DAYS >= .01 45 42.8
DAYS >= .10 25 26.0
DAYS >= .50 10 7.8
DAYS >= 1.00 3 1.8
SNOWFALL (INCHES)
RECORDS
TOTAL 34.4 2005
TOTALS 1.7 9.5
DAYS >= TRACE 15
DAYS >= 1.0 0 3.1
DEGREE DAYS
HEATING TOTAL 1348 1511 -163
COOLING TOTAL 95 63 32
................................................
WIND (MPH)
HIGHEST GUST SPEED/DIRECTION 49/200 DATE 03/31
SKY COVER
POSSIBLE SUNSHINE (PERCENT) MM
NUMBER OF DAYS FAIR 32
NUMBER OF DAYS PC 32
NUMBER OF DAYS CLOUDY 28
WEATHER CONDITIONS. NUMBER OF DAYS WITH
THUNDERSTORM 7 MIXED PRECIP 0
HEAVY RAIN 7 RAIN 18
LIGHT RAIN 37 FREEZING RAIN 0
LT FREEZING RAIN 0 HAIL 0
HEAVY SNOW 0 SNOW 3
LIGHT SNOW 14 SLEET 0
FOG 43 FOG W/VIS <= 1/4 MILE 7
HAZE 10
- INDICATES NEGATIVE NUMBERS.
R INDICATES RECORD WAS SET OR TIED.
MM INDICATES DATA IS MISSING.
T INDICATES TRACE AMOUNT.
$$