000
CXUS54 KBRO 011207
CF6MFE
PRELIMINARY LOCAL CLIMATOLOGICAL DATA (WS FORM: F-6)
STATION: MCALLEN
MONTH: JANUARY
YEAR: 2022
LATITUDE: 26 10 N
LONGITUDE: 98 14 W
TEMPERATURE IN F: :PCPN: SNOW: WIND :SUNSHINE: SKY :PK WND
================================================================================
1 2 3 4 5 6A 6B 7 8 9 10 11 12 13 14 15 16 17 18
12Z AVG MX 2MIN
DY MAX MIN AVG DEP HDD CDD WTR SNW DPTH SPD SPD DIR MIN PSBL S-S WX SPD DR
================================================================================
1 92 69 81 19 0 16 0.00 0.0 0 10.3 26 150 M M 4 1 39 150
2 72 39 56 -6 9 0 0.00 0.0 0 15.9 41 350 M M 1 12 57 350
3 61 35 48 -14 17 0 0.00 0.0 0 5.0 12 90 M M 0 23 30
4 74 43 59 -3 6 0 0.00 0.0 0 6.6 17 160 M M 0 27 160
5 83 47 65 3 0 0 0.00 0.0 0 4.9 13 130 M M 0 12 17 160
6 84 57 71 9 0 6 0.01 0.0 0 4.3 17 30 M M 5 12 29 60
7 63 48 56 -6 9 0 0.00 0.0 0 10.2 20 30 M M 10 30 30
8 73 50 62 0 3 0 0.00 0.0 0 3.6 14 140 M M 8 18 20 140
9 80 63 72 10 0 7 T 0.0 0 10.8 30 20 M M 8 1 42 20
10 64 53 59 -3 6 0 T 0.0 0 14.3 25 340 M M 10 36 340
11 69 52 61 -1 4 0 0.00 0.0 0 7.6 15 350 M M 10 21 10
12 59 54 57 -5 8 0 0.03 0.0 0 7.3 17 340 M M 10 1 23 350
13 77 49 63 1 2 0 0.00 0.0 0 3.2 9 270 M M 4 12 12 290
14 83 49 66 4 0 1 0.00 0.0 0 8.2 18 140 M M 3 12 25 140
15 68 51 60 -2 5 0 T 0.0 0 16.7 36 340 M M 1 54 350
16 67 35 51 -11 14 0 0.00 0.0 0 4.9 12 350 M M 0 8 17 350
17 75 36 56 -6 9 0 0.00 0.0 0 7.4 17 130 M M 0 23 130
18 81 47 64 1 1 0 0.00 0.0 0 12.2 25 160 M M 1 33 160
19 87 58 73 10 0 8 0.00 0.0 0 9.6 20 160 M M 1 1 30 160
20 66 39 53 -10 12 0 T 0.0 0 13.6 28 10 M M 9 12 47 350
21 46 33 40 -23 25 0 0.65 0.0 0 8.5 20 350 M M 10 1 25 360
22 50 44 47 -16 18 0 0.15 0.0 0 7.8 14 340 M M 10 1 18 350
23 53 48 51 -12 14 0 0.14 0.0 0 6.5 13 340 M M 10 1 19 340
24 53 46 50 -13 15 0 0.09 0.0 0 5.9 14 300 M M 10 1 18 290
25 71 48 60 -4 5 0 0.07 0.0 0 6.1 15 80 M M 5 12 22 90
26 70 47 59 -5 6 0 T 0.0 0 9.7 16 40 M M 6 1 30 60
27 67 55 61 -3 4 0 0.13 0.0 0 6.3 14 10 M M 10 1 23 40
28 61 49 55 -9 10 0 0.29 0.0 0 12.6 28 10 M M 10 1 42 20
29 65 47 56 -8 9 0 0.00 0.0 0 4.0 12 130 M M 5 15 140
30 72 43 58 -6 7 0 0.00 0.0 0 7.5 23 130 M M 3 29 130
31 78 60 69 5 0 4 0.00 0.0 0 6.6 14 290 M M 3 22 200
================================================================================
SM 2164 1494 218 42 1.56 0.0 258.1 M 167
================================================================================
AV 69.8 48.2 8.3 FASTST M M 5 MAX(MPH)
MISC ----> 41 350 57 350
================================================================================
NOTES:
# LAST OF SEVERAL OCCURRENCES
COLUMN 17 PEAK WIND IN M.P.H.
PRELIMINARY LOCAL CLIMATOLOGICAL DATA (WS FORM: F-6) , PAGE 2
STATION: MCALLEN
MONTH: JANUARY
YEAR: 2022
LATITUDE: 26 10 N
LONGITUDE: 98 14 W
[TEMPERATURE DATA] [PRECIPITATION DATA] SYMBOLS USED IN COLUMN 16
AVERAGE MONTHLY: 59.0 TOTAL FOR MONTH: 1.56 1 = FOG OR MIST
DPTR FM NORMAL: -3.8 DPTR FM NORMAL: 0.79 2 = FOG REDUCING VISIBILITY
HIGHEST: 92 ON 1 GRTST 24HR 0.83 ON 20-21 TO 1/4 MILE OR LESS
LOWEST: 33 ON 21 3 = THUNDER
SNOW, ICE PELLETS, HAIL 4 = ICE PELLETS
TOTAL MONTH: 0.0 INCH 5 = HAIL
GRTST 24HR 0.0 6 = FREEZING RAIN OR DRIZZLE
GRTST DEPTH: 0 7 = DUSTSTORM OR SANDSTORM:
VSBY 1/2 MILE OR LESS
8 = SMOKE OR HAZE
[NO. OF DAYS WITH] [WEATHER - DAYS WITH] 9 = BLOWING SNOW
X = TORNADO
MAX 32 OR BELOW: 0 0.01 INCH OR MORE: 9
MAX 90 OR ABOVE: 1 0.10 INCH OR MORE: 5
MIN 32 OR BELOW: 0 0.50 INCH OR MORE: 1
MIN 0 OR BELOW: 0 1.00 INCH OR MORE: 0
[HDD (BASE 65) ]
TOTAL THIS MO. 218 CLEAR (SCALE 0-3) 10
DPTR FM NORMAL 68 PTCLDY (SCALE 4-7) 9
TOTAL FM JUL 1 281 CLOUDY (SCALE 8-10) 12
DPTR FM NORMAL -61
[CDD (BASE 65) ]
TOTAL THIS MO. 42
DPTR FM NORMAL -39 [PRESSURE DATA]
TOTAL FM JAN 1 42 HIGHEST SLP 30.58 ON 10
DPTR FM NORMAL -39 LOWEST SLP 29.63 ON 1
[REMARKS]
#FINAL-01-22#