000
CXUS56 KMFR 010930
CF6MFR
PRELIMINARY LOCAL CLIMATOLOGICAL DATA (WS FORM: F-6)
STATION: MEDFORD OR
MONTH: AUGUST
YEAR: 2023
LATITUDE: 42 22 N
LONGITUDE: 122 52 W
TEMPERATURE IN F: :PCPN: SNOW: WIND :SUNSHINE: SKY :PK WND
================================================================================
1 2 3 4 5 6A 6B 7 8 9 10 11 12 13 14 15 16 17 18
12Z AVG MX 2MIN
DY MAX MIN AVG DEP HDD CDD WTR SNW DPTH SPD SPD DIR MIN PSBL S-S WX SPD DR
================================================================================
1 98 61 80 3 0 15 0.00 0.0 0 4.8 16 320 M M 0 8 26 300
2 94 64 79 2 0 14 0.00 0.0 0 5.6 20 360 M M 0 25 340
3 93 62 78 2 0 13 0.00 0.0 0 5.9 17 350 M M 0 8 27 10
4 92 64 78 2 0 13 0.00 0.0 0 5.5 16 350 M M 1 38 23 260
5 95 63 79 3 0 14 0.00 0.0 0 5.2 18 350 M M 0 8 27 340
6 90 62 76 0 0 11 0.00 0.0 0 5.0 15 340 M M 0 23 280
7 92 64 78 2 0 13 0.00 0.0 0 3.8 18 350 M M 0 8 24 360
8 96 62 79 3 0 14 0.00 0.0 0 2.8 17 360 M M 0 8 21 310
9 93 65 79 3 0 14 0.00 0.0 0 4.9 16 360 M M 0 8 22 290
10 94 64 79 3 0 14 0.00 0.0 0 4.2 17 350 M M 0 8 22 360
11 97 64 81 5 0 16 0.00 0.0 0 4.3 18 350 M M 0 8 23 330
12 99 62 81 6 0 16 0.00 0.0 0 3.0 15 280 M M 0 8 23 260
13 106 64 85 10 0 20 0.00 0.0 0 3.1 12 300 M M 0 15 300
14 111 69 90 15 0 25 0.00 0.0 0 3.5 15 350 M M 0 8 20 350
15 106 75 91 16 0 26 0.00 0.0 0 3.3 15 360 M M 0 8 19 360
16 106 70 88 13 0 23 T 0.0 0 3.5 20 60 M M 0 8 26 50
17 99 70 85 11 0 20 T 0.0 0 2.7 13 230 M M 1 8 17 250
18 92 72 82 8 0 17 0.00 0.0 0 5.6 14 300 M M 1 8 18 300
19 98 62 80 6 0 15 T 0.0 0 3.5 24 210 M M 1 38 38 200
20 95 64 80 6 0 15 0.00 0.0 0 5.1 24 160 M M 0 8 33 160
21 84 67 76 2 0 11 T 0.0 0 4.7 14 300 M M 2 8 20 300
22 78 62 70 -4 0 5 0.00 0.0 0 5.1 10 310 M M 9 8 16 330
23 88 57 73 0 0 8 0.00 0.0 0 2.9 13 340 M M 0 8 16 340
24 97 59 78 5 0 13 0.00 0.0 0 3.9 17 290 M M 3 8 26 300
25 92 62 77 4 0 12 0.00 0.0 0 5.5 15 280 M M 6 8 21 270
26 95 60 78 5 0 13 0.00 0.0 0 4.0 15 290 M M M 8 21 300
27 93 61 77 5 0 12 0.00 0.0 0 4.2 16 290 M M 8 8 25 270
28 88 60 74 2 0 9 0.00 0.0 0 3.9 15 290 M M 10 8 22 280
29 79 60 70 -2 0 5 0.00 0.0 0 4.3 14 340 M M 4 8 19 350
30 86 53 70 -2 0 5 0.00 0.0 0 3.3 12 340 M M 0 8 17 300
31 76 54 65 -7 0 0 0.07 0.0 0 4.1 13 360 M M 2 18 19 290
================================================================================
SM 2902 1958 0 421 0.07 0.0 131.2 M 48
================================================================================
AV 93.6 63.2 4.2 FASTST M M 2 MAX(MPH)
MISC ----> # 24 210 38 200
================================================================================
NOTES:
# LAST OF SEVERAL OCCURRENCES
COLUMN 17 PEAK WIND IN M.P.H.
PRELIMINARY LOCAL CLIMATOLOGICAL DATA (WS FORM: F-6) , PAGE 2
STATION: MEDFORD OR
MONTH: AUGUST
YEAR: 2023
LATITUDE: 42 22 N
LONGITUDE: 122 52 W
[TEMPERATURE DATA] [PRECIPITATION DATA] SYMBOLS USED IN COLUMN 16
AVERAGE MONTHLY: 78.4 TOTAL FOR MONTH: 0.07 1 = FOG OR MIST
DPTR FM NORMAL: 3.9 DPTR FM NORMAL: -0.26 2 = FOG REDUCING VISIBILITY
HIGHEST: 111 ON 14 GRTST 24HR 0.07 ON 31-31 TO 1/4 MILE OR LESS
LOWEST: 53 ON 30 3 = THUNDER
SNOW, ICE PELLETS, HAIL 4 = ICE PELLETS
TOTAL MONTH: 0.0 INCH 5 = HAIL
GRTST 24HR 0.0 6 = FREEZING RAIN OR DRIZZLE
GRTST DEPTH: 0 7 = DUSTSTORM OR SANDSTORM:
VSBY 1/2 MILE OR LESS
8 = SMOKE OR HAZE
[NO. OF DAYS WITH] [WEATHER - DAYS WITH] 9 = BLOWING SNOW
X = TORNADO
MAX 32 OR BELOW: 0 0.01 INCH OR MORE: 1
MAX 90 OR ABOVE: 24 0.10 INCH OR MORE: 0
MIN 32 OR BELOW: 0 0.50 INCH OR MORE: 0
MIN 0 OR BELOW: 0 1.00 INCH OR MORE: 0
[HDD (BASE 65) ]
TOTAL THIS MO. 0 CLEAR (SCALE 0-3) 25
DPTR FM NORMAL -3 PTCLDY (SCALE 4-7) 3
TOTAL FM JUL 1 0 CLOUDY (SCALE 8-10) 3
DPTR FM NORMAL -4
[CDD (BASE 65) ]
TOTAL THIS MO. 421
DPTR FM NORMAL 123 [PRESSURE DATA]
TOTAL FM JAN 1 1155 HIGHEST SLP M ON M
DPTR FM NORMAL 388 LOWEST SLP 29.65 ON 19
[REMARKS]
#FINAL-08-23#