000
CXUS54 KBMX 011010
CF6MGM
PRELIMINARY LOCAL CLIMATOLOGICAL DATA (WS FORM: F-6)
STATION: MONTGOMERY
MONTH: OCTOBER
YEAR: 2021
LATITUDE: 32 17 N
LONGITUDE: 86 24 W
TEMPERATURE IN F: :PCPN: SNOW: WIND :SUNSHINE: SKY :PK WND
================================================================================
1 2 3 4 5 6A 6B 7 8 9 10 11 12 13 14 15 16 17 18
12Z AVG MX 2MIN
DY MAX MIN AVG DEP HDD CDD WTR SNW DPTH SPD SPD DIR MIN PSBL S-S WX SPD DR
================================================================================
1 89 64 77 4 0 12 0.00 0.0 0 4.0 12 100 M M 1 1 15 120
2 88 66 77 4 0 12 0.03 0.0 0 4.7 12 190 M M 2 15 180
3 81 71 76 4 0 11 0.09 0.0 0 3.3 13 170 M M 7 16 160
4 82 68 75 3 0 10 3.02 0.0 0 3.9 18 340 M M 10 13 22 330
5 80 69 75 3 0 10 0.47 0.0 0 6.6 14 120 M M 9 3 18 110
6 86 71 79 8 0 14 0.03 0.0 0 6.6 15 120 M M 6 20 140
7 88 71 80 9 0 15 0.00 0.0 0 3.3 10 80 M M 4 13 90
8 87 65 76 5 0 11 0.00 0.0 0 3.4 14 310 M M 2 1 17 310
9 87 62 75 5 0 10 0.00 0.0 0 2.0 9 360 M M 0 1 12 360
10 87 63 75 5 0 10 0.00 0.0 0 2.6 10 90 M M 1 1 12 90
11 85 62 74 5 0 9 0.00 0.0 0 3.4 14 130 M M 1 1 17 110
12 85 65 75 6 0 10 0.00 0.0 0 4.4 9 120 M M 2 11 110
13 86 63 75 6 0 10 0.00 0.0 0 3.2 9 80 M M 1 1 14 100
14 87 63 75 7 0 10 0.00 0.0 0 1.3 7 130 M M 0 1 9 90
15 90 62 76 8 0 11 0.00 0.0 0 2.9 7 220 M M 1 1 10 220
16 75 51 63 -4 2 0 T 0.0 0 9.2 22 310 M M 3 27 300
17 73 47 60 -7 5 0 0.00 0.0 0 5.8 16 50 M M 0 20 360
18 74 42 58 -8 7 0 0.00 0.0 0 2.5 10 130 M M 0 16 90
19 79 43 61 -5 4 0 0.00 0.0 0 2.9 9 120 M M 1 1 12 110
20 84 53 69 3 0 4 0.00 0.0 0 4.0 10 130 M M 2 15 80
21 82 64 73 8 0 8 0.43 0.0 0 4.1 14 310 M M 5 13 18 210
22 81 55 68 3 0 3 0.84 0.0 0 3.8 18 320 M M 3 123 22 330
23 78 51 65 1 0 0 0.00 0.0 0 1.4 7 30 M M 0 1 9 140
24 77 52 65 1 0 0 0.00 0.0 0 4.5 9 130 M M 1 12 100
25 84 61 73 9 0 8 0.00 0.0 0 5.8 16 280 M M 4 1 20 300
26 74 50 62 -1 3 0 0.00 0.0 0 6.2 15 300 M M 0 17 300
27 77 49 63 0 2 0 0.74 0.0 0 5.6 21 120 M M 1 1 28 110
28 75 57 66 4 0 1 0.33 0.0 0 10.2 21 110 M M 7 1 30 230
29 61 53 57 -5 8 0 0.02 0.0 0 9.9 21 250 M M 10 26 260
30 60 54 57 -5 8 0 T 0.0 0 8.4 17 260 M M 10 24 270
31 72 51 62 1 3 0 0.00 0.0 0 6.1 15 330 M M 3 19 340
================================================================================
SM 2494 1818 42 189 6.00 0.0 146.0 M 97
================================================================================
AV 80.5 58.6 4.7 FASTST M M 3 MAX(MPH)
MISC ----> 22 310 30 230
================================================================================
NOTES:
# LAST OF SEVERAL OCCURRENCES
COLUMN 17 PEAK WIND IN M.P.H.
PRELIMINARY LOCAL CLIMATOLOGICAL DATA (WS FORM: F-6) , PAGE 2
STATION: MONTGOMERY
MONTH: OCTOBER
YEAR: 2021
LATITUDE: 32 17 N
LONGITUDE: 86 24 W
[TEMPERATURE DATA] [PRECIPITATION DATA] SYMBOLS USED IN COLUMN 16
AVERAGE MONTHLY: 69.5 TOTAL FOR MONTH: 6.00 1 = FOG OR MIST
DPTR FM NORMAL: 2.1 DPTR FM NORMAL: 3.13 2 = FOG REDUCING VISIBILITY
HIGHEST: 90 ON 15 GRTST 24HR 3.10 ON 4- 5 TO 1/4 MILE OR LESS
LOWEST: 42 ON 18 3 = THUNDER
SNOW, ICE PELLETS, HAIL 4 = ICE PELLETS
TOTAL MONTH: 0.0 INCH 5 = HAIL
GRTST 24HR 0.0 6 = FREEZING RAIN OR DRIZZLE
GRTST DEPTH: 0 7 = DUSTSTORM OR SANDSTORM:
VSBY 1/2 MILE OR LESS
8 = SMOKE OR HAZE
[NO. OF DAYS WITH] [WEATHER - DAYS WITH] 9 = BLOWING SNOW
X = TORNADO
MAX 32 OR BELOW: 0 0.01 INCH OR MORE: 10
MAX 90 OR ABOVE: 1 0.10 INCH OR MORE: 6
MIN 32 OR BELOW: 0 0.50 INCH OR MORE: 3
MIN 0 OR BELOW: 0 1.00 INCH OR MORE: 1
[HDD (BASE 65) ]
TOTAL THIS MO. 42 CLEAR (SCALE 0-3) 18
DPTR FM NORMAL -28 PTCLDY (SCALE 4-7) 9
TOTAL FM JUL 1 42 CLOUDY (SCALE 8-10) 4
DPTR FM NORMAL -31
[CDD (BASE 65) ]
TOTAL THIS MO. 189
DPTR FM NORMAL 46 [PRESSURE DATA]
TOTAL FM JAN 1 2434 HIGHEST SLP 30.27 ON 20
DPTR FM NORMAL -74 LOWEST SLP 29.51 ON 28
[REMARKS]
#FINAL-10-21#