000
CXUS53 KIND 010700
CF6MIE
PRELIMINARY LOCAL CLIMATOLOGICAL DATA (WS FORM: F-6)
STATION: MUNCIE IN
MONTH: FEBRUARY
YEAR: 2021
LATITUDE: 40 13 N
LONGITUDE: 85 23 W
TEMPERATURE IN F: :PCPN: SNOW: WIND :SUNSHINE: SKY :PK WND
================================================================================
1 2 3 4 5 6A 6B 7 8 9 10 11 12 13 14 15 16 17 18
12Z AVG MX 2MIN
DY MAX MIN AVG DEP HDD CDD WTR SNW DPTH SPD SPD DIR MIN PSBL S-S WX SPD DR
================================================================================
1 32 23 28 1 37 0 T M M 14.7 21 340 M M 10 8 26 330
2 33 15 24 -3 41 0 0.00 M M 10.3 22 310 M M 1 28 320
3 33 18 26 -1 39 0 0.00 M M 7.6 14 310 M M 2 18 19 300
4 39 24 32 5 33 0 0.08 M M 12.0 33 260 M M 5 1 49 280
5 30 19 25 -2 40 0 T M M 14.8 35 280 M M 8 8 47 280
6 23 11 17 -11 48 0 T M M 8.6 15 270 M M 1 21 280
7 18 1 10 -18 55 0 T M M 7.4 15 310 M M 4 21 310
8 22 8 15 -13 50 0 T M M 5.4 10 100 M M 10 8 12 100
9 24 12 18 -10 47 0 0.01 M M 6.6 13 30 M M 8 8 16 30
10 22 13 18 -10 47 0 T M M 9.5 16 50 M M 7 8 20 40
11 21 17 19 -9 46 0 T M M 12.4 20 50 M M 7 8 25 40
12 27 19 23 -6 42 0 0.00 M M 9.0 16 80 M M 6 21 100
13 26 21 24 -5 41 0 0.00 M M 9.2 16 50 M M 10 8 20 50
14 22 6 14 -15 51 0 T M M 9.7 15 30 M M 9 8 19 30
15 18 13 16 -14 49 0 0.12 M M 15.8 22 20 M M 10 8 31 30
16 18 7 13 -17 52 0 T M M 9.5 20 10 M M 6 8 26 360
17 21 -5 8 -22 57 0 0.00 M M 5.4 12 90 M M 5 14 60
18 26 17 22 -8 43 0 0.02 M M 8.1 13 360 M M 10 8 17 60
19 20 13 17 -14 48 0 0.00 M M 8.3 20 270 M M 5 18 27 280
20 30 16 23 -8 42 0 T M M 5.9 13 270 M M 6 8 16 280
21 44 17 31 0 34 0 T M M 10.6 26 150 M M 2 38 170
22 45 33 39 7 26 0 0.04 M M 16.2 29 270 M M 7 18 41 240
23 45 35 40 8 25 0 T M M 12.4 23 270 M M 3 32 210
24 54 33 44 12 21 0 0.00 M M 12.6 22 270 M M 2 32 250
25 45 26 36 4 29 0 0.00 M M 4.7 16 300 M M 1 18 22 290
26 46 26 36 3 29 0 T M M 9.6 20 130 M M 3 8 25 130
27 57 42 50 17 15 0 0.12 M M 7.6 17 180 M M 5 18 25 190
28 64 41 53 19 12 0 0.41 M M 12.5 26 290 M M 8 18 36 300
================================================================================
SM 905 521 1099 0 0.80 M 276.4 M 161
================================================================================
AV 32.3 18.6 9.9 FASTST M M 6 MAX(MPH)
MISC ----> 35 280 49 280
================================================================================
NOTES:
# LAST OF SEVERAL OCCURRENCES
COLUMN 17 PEAK WIND IN M.P.H.
PRELIMINARY LOCAL CLIMATOLOGICAL DATA (WS FORM: F-6) , PAGE 2
STATION: MUNCIE IN
MONTH: FEBRUARY
YEAR: 2021
LATITUDE: 40 13 N
LONGITUDE: 85 23 W
[TEMPERATURE DATA] [PRECIPITATION DATA] SYMBOLS USED IN COLUMN 16
AVERAGE MONTHLY: 25.5 TOTAL FOR MONTH: 0.80 1 = FOG OR MIST
DPTR FM NORMAL: -4.2 DPTR FM NORMAL: -1.51 2 = FOG REDUCING VISIBILITY
HIGHEST: 64 ON 28 GRTST 24HR 0.41 ON 28-28 TO 1/4 MILE OR LESS
LOWEST: -5 ON 17 3 = THUNDER
SNOW, ICE PELLETS, HAIL 4 = ICE PELLETS
TOTAL MONTH: M 5 = HAIL
GRTST 24HR M ON M 6 = FREEZING RAIN OR DRIZZLE
GRTST DEPTH: M ON M 7 = DUSTSTORM OR SANDSTORM:
VSBY 1/2 MILE OR LESS
8 = SMOKE OR HAZE
[NO. OF DAYS WITH] [WEATHER - DAYS WITH] 9 = BLOWING SNOW
X = TORNADO
MAX 32 OR BELOW: 17 0.01 INCH OR MORE: 7
MAX 90 OR ABOVE: 0 0.10 INCH OR MORE: 3
MIN 32 OR BELOW: 23 0.50 INCH OR MORE: 0
MIN 0 OR BELOW: 1 1.00 INCH OR MORE: 0
[HDD (BASE 65) ]
TOTAL THIS MO. 1099 CLEAR (SCALE 0-3) 7
DPTR FM NORMAL 109 PTCLDY (SCALE 4-7) 14
TOTAL FM JUL 1 3848 CLOUDY (SCALE 8-10) 7
DPTR FM NORMAL -533
[CDD (BASE 65) ]
TOTAL THIS MO. 0
DPTR FM NORMAL 0 [PRESSURE DATA]
TOTAL FM JAN 1 0 HIGHEST SLP M ON M
DPTR FM NORMAL 0 LOWEST SLP 29.42 ON 4
[REMARKS]
#FINAL-02-21#