000
CXUS53 KIND 010600
CF6MIE
PRELIMINARY LOCAL CLIMATOLOGICAL DATA (WS FORM: F-6)
STATION: MUNCIE IN
MONTH: AUGUST
YEAR: 2020
LATITUDE: 40 13 N
LONGITUDE: 85 23 W
TEMPERATURE IN F: :PCPN: SNOW: WIND :SUNSHINE: SKY :PK WND
================================================================================
1 2 3 4 5 6A 6B 7 8 9 10 11 12 13 14 15 16 17 18
12Z AVG MX 2MIN
DY MAX MIN AVG DEP HDD CDD WTR SNW DPTH SPD SPD DIR MIN PSBL S-S WX SPD DR
================================================================================
1 78 67 73 -1 0 8 0.65 M M 6.7 13 50 M M 10 18 15 50
2 81 65 73 0 0 8 0.18 M M 8.9 17 290 M M 9 13 25 310
3 81 67 74 1 0 9 0.21 M M 5.4 13 30 M M 4 13 16 190
4 76 57 67 -6 0 2 0.00 M M 7.1 15 330 M M 7 1 20 320
5 76 51 64 -9 1 0 0.00 M M 2.5 12 270 M M 1 13 340
6 79 54 67 -6 0 2 0.00 M M 2.9 10 20 M M 2 1 14 50
7 81 55 68 -5 0 3 0.00 M M 2.7 13 80 M M 2 1 20 80
8 84 56 70 -3 0 5 0.00 M M 1.7 8 250 M M 0 18 13 230
9 88 67 78 5 0 13 0.00 M M 4.4 13 190 M M 1 18 190
10 88 69 79 6 0 14 1.10 M M 7.8 31 330 M M 3 138 46 330
11 82 66 74 1 0 9 0.00 M M 5.0 12 310 M M 2 1 16 310
12 85 63 74 1 0 9 0.00 M M 3.7 9 80 M M 1 1 15 70
13 85 59 72 -1 0 7 0.00 M M 2.5 10 50 M M 1 12 13 30
14 85 67 76 3 0 11 0.00 M M 2.9 16 100 M M 0 21 100
15 89 64 77 4 0 12 0.00 M M 3.5 8 80 M M 0 11 70
16 83 62 73 0 0 8 0.00 M M 7.4 20 360 M M 2 18 25 350
17 81 62 72 -1 0 7 T M M 4.3 13 290 M M 5 19 290
18 80 58 69 -4 0 4 0.39 M M 4.7 15 20 M M 6 1 20 40
19 80 53 67 -6 0 2 0.00 M M 2.0 12 40 M M 1 15 30
20 81 54 68 -4 0 3 0.00 M M 1.7 8 120 M M 0 1 11 110
21 85 54 70 -2 0 5 0.00 M M 1.0 9 110 M M 0 128 13 120
22 87 58 73 1 0 8 0.00 M M 0.9 9 180 M M 1 18 12 190
23 87 63 75 3 0 10 0.00 M M 3.4 10 270 M M 2 18 14 300
24 90 71 81 9 0 16 0.08 M M 7.6 14 270 M M 2 13 22 280
25 91 71 81 9 0 16 0.00 M M 5.7 13 360 M M 1 18 290
26 89 70 80 8 0 15 0.00 M M 7.1 14 250 M M 1 18 22 240
27 86 76 81 9 0 16 0.02 M M 8.1 16 260 M M 3 23 270
28 89 75 82 11 0 17 0.13 M M 6.8 18 250 M M 2 13 28 240
29 83 60 72 1 0 7 0.00 M M 9.2 20 310 M M 3 27 310
30 78 53 66 -5 0 1 0.00 M M 3.5 9 50 M M 1 18 12 80
31 84 56 70 -1 0 5 0.00 M M 5.3 10 150 M M 3 17 180
================================================================================
SM 2592 1923 1 252 2.76 M 146.4 M 76
================================================================================
AV 83.6 62.0 4.7 FASTST M M 2 MAX(MPH)
MISC ----> 31 330 46 330
================================================================================
NOTES:
# LAST OF SEVERAL OCCURRENCES
COLUMN 17 PEAK WIND IN M.P.H.
PRELIMINARY LOCAL CLIMATOLOGICAL DATA (WS FORM: F-6) , PAGE 2
STATION: MUNCIE IN
MONTH: AUGUST
YEAR: 2020
LATITUDE: 40 13 N
LONGITUDE: 85 23 W
[TEMPERATURE DATA] [PRECIPITATION DATA] SYMBOLS USED IN COLUMN 16
AVERAGE MONTHLY: 72.8 TOTAL FOR MONTH: 2.76 1 = FOG OR MIST
DPTR FM NORMAL: 0.3 DPTR FM NORMAL: -0.54 2 = FOG REDUCING VISIBILITY
HIGHEST: 91 ON 25 GRTST 24HR 1.10 ON 10-10 TO 1/4 MILE OR LESS
LOWEST: 51 ON 5 3 = THUNDER
SNOW, ICE PELLETS, HAIL 4 = ICE PELLETS
TOTAL MONTH: M 5 = HAIL
GRTST 24HR M ON M 6 = FREEZING RAIN OR DRIZZLE
GRTST DEPTH: M ON M 7 = DUSTSTORM OR SANDSTORM:
VSBY 1/2 MILE OR LESS
8 = SMOKE OR HAZE
[NO. OF DAYS WITH] [WEATHER - DAYS WITH] 9 = BLOWING SNOW
X = TORNADO
MAX 32 OR BELOW: 0 0.01 INCH OR MORE: 8
MAX 90 OR ABOVE: 2 0.10 INCH OR MORE: 6
MIN 32 OR BELOW: 0 0.50 INCH OR MORE: 2
MIN 0 OR BELOW: 0 1.00 INCH OR MORE: 1
[HDD (BASE 65) ]
TOTAL THIS MO. 1 CLEAR (SCALE 0-3) 24
DPTR FM NORMAL -6 PTCLDY (SCALE 4-7) 5
TOTAL FM JUL 1 1 CLOUDY (SCALE 8-10) 2
DPTR FM NORMAL -4
[CDD (BASE 65) ]
TOTAL THIS MO. 252
DPTR FM NORMAL 11 [PRESSURE DATA]
TOTAL FM JAN 1 1064 HIGHEST SLP M ON M
DPTR FM NORMAL 230 LOWEST SLP 29.62 ON 29
[REMARKS]
#FINAL-08-20#