668
CXUS53 KMKX 020150
CF6MKE
PRELIMINARY LOCAL CLIMATOLOGICAL DATA (WS FORM: F-6)
STATION: MILWAUKEE WI
MONTH: DECEMBER
YEAR: 2020
LATITUDE: 42 57 N
LONGITUDE: 87 54 W
TEMPERATURE IN F: :PCPN: SNOW: WIND :SUNSHINE: SKY :PK WND
================================================================================
1 2 3 4 5 6A 6B 7 8 9 10 11 12 13 14 15 16 17 18
12Z AVG MX 2MIN
DY MAX MIN AVG DEP HDD CDD WTR SNW DPTH SPD SPD DIR MIN PSBL S-S WX SPD DR
================================================================================
1 37 26 32 0 33 0 0.00 0.0 0 10.3 17 310 M M 5 23 300
2 48 22 35 4 30 0 0.00 0.0 0 8.5 16 260 M M 3 28 260
3 39 31 35 4 30 0 0.00 0.0 0 11.7 18 240 M M 7 26 250
4 44 31 38 8 27 0 0.00 0.0 0 9.0 16 20 M M 4 24 250
5 38 27 33 3 32 0 0.00 0.0 0 4.8 8 330 M M 7 10 330
6 37 33 35 6 30 0 0.03 0.2 0 3.2 8 340 M M 9 18 10 330
7 37 34 36 7 29 0 0.00 0.0 0 5.1 9 320 M M 10 12 320
8 36 33 35 6 30 0 0.00 0.0 0 12.1 23 250 M M 10 8 31 280
9 56 31 44 16 21 0 0.00 0.0 0 5.1 14 250 M M 3 19 240
10 56 26 41 13 24 0 0.00 0.0 0 3.4 15 200 M M 5 20 190
11 44 35 40 12 25 0 0.92 T 0 18.0 26 40 M M 10 18 37 30
12 39 30 35 8 30 0 0.64 0.1 0 18.2 31 30 M M 10 18 44 40
13 32 25 29 2 36 0 0.00 0.0 0 7.5 18 280 M M 9 27 280
14 30 21 26 -1 39 0 T T 0 11.2 20 300 M M 7 30 300
15 33 18 26 0 39 0 0.00 0.0 0 8.6 18 100 M M 9 24 100
16 35 30 33 7 32 0 0.00 0.0 0 10.8 18 110 M M 9 24 110
17 34 25 30 4 35 0 T T 0 4.3 12 340 M M 10 16 350
18 36 19 28 3 37 0 0.00 0.0 0 9.2 18 170 M M 6 8 26 200
19 41 36 39 14 26 0 T T 0 6.3 16 200 M M 10 18 22 190
20 39 31 35 10 30 0 0.00 0.0 0 9.9 21 230 M M 7 8 30 260
21 43 32 38 13 27 0 T T 0 11.9 23 300 M M 9 36 290
22 42 33 38 14 27 0 0.00 0.0 0 10.3 21 170 M M 8 30 190
23 57 24 41 17 24 0 0.06 T 0 18.1 32 230 M M 8 3 50 240
24 24 10 17 -7 48 0 T 0.2 0 15.7 30 230 M M 9 8 47 230
25 22 10 16 -8 49 0 T T 0 13.2 21 260 M M 5 30 260
26 30 19 25 1 40 0 0.00 0.0 0 6.9 16 320 M M 7 22 310
27 38 19 29 5 36 0 T T 0 9.1 21 310 M M 9 1 32 310
28 33 23 28 4 37 0 0.00 0.0 0 10.5 20 310 M M 5 28 320
29 32 15 24 1 41 0 0.37 3.7 0 8.5 29 140 M M 7 1 40 150
30 37 26 32 9 33 0 0.13 1.1 4 12.6 23 250 M M 10 14 36 270
31 27 15 21 -2 44 0 T T 4 5.8 13 270 M M 9 18 18 290
================================================================================
SM 1176 790 1021 0 2.15 5.3 299.8 M 236
================================================================================
AV 37.9 25.5 9.7 FASTST M M 8 MAX(MPH)
MISC ----> 32 230 50 240
================================================================================
NOTES:
# LAST OF SEVERAL OCCURRENCES
COLUMN 17 PEAK WIND IN M.P.H.
PRELIMINARY LOCAL CLIMATOLOGICAL DATA (WS FORM: F-6) , PAGE 2
STATION: MILWAUKEE WI
MONTH: DECEMBER
YEAR: 2020
LATITUDE: 42 57 N
LONGITUDE: 87 54 W
[TEMPERATURE DATA] [PRECIPITATION DATA] SYMBOLS USED IN COLUMN 16
AVERAGE MONTHLY: 31.7 TOTAL FOR MONTH: 2.15 1 = FOG OR MIST
DPTR FM NORMAL: 5.2 DPTR FM NORMAL: 0.11 2 = FOG REDUCING VISIBILITY
HIGHEST: 57 ON 23 GRTST 24HR 1.50 ON 11-12 TO 1/4 MILE OR LESS
LOWEST: 10 ON 25,24 3 = THUNDER
SNOW, ICE PELLETS, HAIL 4 = ICE PELLETS
TOTAL MONTH: 5.3 INCHES 5 = HAIL
GRTST 24HR 3.7 ON 29-29 6 = FREEZING RAIN OR DRIZZLE
GRTST DEPTH: 4 ON 31,30 7 = DUSTSTORM OR SANDSTORM:
VSBY 1/2 MILE OR LESS
8 = SMOKE OR HAZE
[NO. OF DAYS WITH] [WEATHER - DAYS WITH] 9 = BLOWING SNOW
X = TORNADO
MAX 32 OR BELOW: 7 0.01 INCH OR MORE: 6
MAX 90 OR ABOVE: 0 0.10 INCH OR MORE: 4
MIN 32 OR BELOW: 25 0.50 INCH OR MORE: 2
MIN 0 OR BELOW: 0 1.00 INCH OR MORE: 0
[HDD (BASE 65) ]
TOTAL THIS MO. 1021 CLEAR (SCALE 0-3) 2
DPTR FM NORMAL -174 PTCLDY (SCALE 4-7) 13
TOTAL FM JUL 1 2172 CLOUDY (SCALE 8-10) 16
DPTR FM NORMAL -387
[CDD (BASE 65) ]
TOTAL THIS MO. 0
DPTR FM NORMAL 0 [PRESSURE DATA]
TOTAL FM JAN 1 938 HIGHEST SLP 30.56 ON 29
DPTR FM NORMAL 297 LOWEST SLP 29.34 ON 23
[REMARKS]
#FINAL-12-20#