000
CXHW52 PHFO 011250
CF6MKK
PRELIMINARY LOCAL CLIMATOLOGICAL DATA (WS FORM: F-6)
STATION: MOLOKAI HI
MONTH: JANUARY
YEAR: 2022
LATITUDE: 21 8 N
LONGITUDE: 157 6 W
TEMPERATURE IN F: :PCPN: SNOW: WIND :SUNSHINE: SKY :PK WND
================================================================================
1 2 3 4 5 6A 6B 7 8 9 10 11 12 13 14 15 16 17 18
12Z AVG MX 2MIN
DY MAX MIN AVG DEP HDD CDD WTR SNW DPTH SPD SPD DIR MIN PSBL S-S WX SPD DR
================================================================================
1 80 68 74 2 0 9 0.05 M M 8.7 16 120 M M 5 1 21 160
2 80 65 73 1 0 8 0.10 M M 2.5 23 240 M M 3 1 33 240
3 78 66 72 0 0 7 0.37 M M 4.9 21 160 M M 4 1 27 160
4 79 66 73 1 0 8 0.01 M M 9.2 21 170 M M 5 26 210
5 79 66 73 1 0 8 0.00 M M 5.0 10 350 M M 6 15 310
6 79 69 74 2 0 9 0.00 M M 7.2 14 360 M M 4 18 360
7 78 66 72 0 0 7 0.00 M M 6.1 12 340 M M 1 15 360
8 79 60 70 -2 0 5 0.00 M M 5.6 13 340 M M 1 16 330
9 79 58 69 -3 0 4 0.00 M M 2.6 12 300 M M 1 15 290
10 79 62 71 -1 0 6 T M M 5.6 17 180 M M 6 22 170
11 77 64 71 -1 0 6 0.00 M M 9.9 20 30 M M 4 28 10
12 81 60 71 -1 0 6 0.00 M M 5.4 15 30 M M 0 19 40
13 80 61 71 -1 0 6 0.00 M M 4.2 10 10 M M 3 15 10
14 81 63 72 0 0 7 0.00 M M 3.4 13 180 M M 2 17 180
15 78 62 70 -1 0 5 0.00 M M 4.4 13 340 M M 4 16 300
16 80 60 70 -1 0 5 0.00 M M 4.3 12 340 M M 1 14 360
17 80 58 69 -2 0 4 0.00 M M 2.3 13 280 M M 1 18 260
18 82 60 71 0 0 6 0.00 M M 2.5 10 360 M M 1 15 330
19 82 60 71 0 0 6 0.00 M M 3.6 15 130 M M 1 21 130
20 77 60 69 -2 0 4 0.01 M M 2.4 9 280 M M 3 11 290
21 80 60 70 -1 0 5 0.00 M M 5.8 14 360 M M 3 19 360
22 80 64 72 1 0 7 0.00 M M 9.6 22 50 M M 1 28 60
23 82 68 75 4 0 10 0.00 M M 9.6 22 50 M M 1 29 50
24 79 68 74 3 0 9 0.00 M M 11.1 21 40 M M 1 29 60
25 81 69 75 4 0 10 T M M 10.0 18 50 M M 4 1 26 40
26 81 60 71 0 0 6 0.00 M M 7.4 20 50 M M 1 27 50
27 80 57 69 -2 0 4 0.00 M M 4.1 14 150 M M 3 20 120
28 81 59 70 -1 0 5 0.00 M M 4.5 16 60 M M 2 20 130
29 82 63 73 2 0 8 0.00 M M 6.9 15 120 M M 2 20 40
30 82 58 70 -2 0 5 0.00 M M 6.1 16 120 M M 1 22 80
31 80 57 69 -3 0 4 0.00 M M 5.9 20 130 M M 2 25 130
================================================================================
SM 2476 1937 0 199 0.54 M 180.8 M 77
================================================================================
AV 79.9 62.5 5.8 FASTST M M 2 MAX(MPH)
MISC ----> 23 240 33 240
================================================================================
NOTES:
# LAST OF SEVERAL OCCURRENCES
COLUMN 17 PEAK WIND IN M.P.H.
PRELIMINARY LOCAL CLIMATOLOGICAL DATA (WS FORM: F-6) , PAGE 2
STATION: MOLOKAI HI
MONTH: JANUARY
YEAR: 2022
LATITUDE: 21 8 N
LONGITUDE: 157 6 W
[TEMPERATURE DATA] [PRECIPITATION DATA] SYMBOLS USED IN COLUMN 16
AVERAGE MONTHLY: 71.2 TOTAL FOR MONTH: 0.54 1 = FOG OR MIST
DPTR FM NORMAL: -0.4 DPTR FM NORMAL: -3.02 2 = FOG REDUCING VISIBILITY
HIGHEST: 82 ON 30,29 GRTST 24HR 0.39 ON 31- 1 TO 1/4 MILE OR LESS
LOWEST: 57 ON 31,27 3 = THUNDER
SNOW, ICE PELLETS, HAIL 4 = ICE PELLETS
TOTAL MONTH: M 5 = HAIL
GRTST 24HR M ON M 6 = FREEZING RAIN OR DRIZZLE
GRTST DEPTH: M ON M 7 = DUSTSTORM OR SANDSTORM:
VSBY 1/2 MILE OR LESS
8 = SMOKE OR HAZE
[NO. OF DAYS WITH] [WEATHER - DAYS WITH] 9 = BLOWING SNOW
X = TORNADO
MAX 32 OR BELOW: 0 0.01 INCH OR MORE: 5
MAX 90 OR ABOVE: 0 0.10 INCH OR MORE: 2
MIN 32 OR BELOW: 0 0.50 INCH OR MORE: 0
MIN 0 OR BELOW: 0 1.00 INCH OR MORE: 0
[HDD (BASE 65) ]
TOTAL THIS MO. 0 CLEAR (SCALE 0-3) 20
DPTR FM NORMAL 0 PTCLDY (SCALE 4-7) 11
TOTAL FM JUL 1 0 CLOUDY (SCALE 8-10) 0
DPTR FM NORMAL 0
[CDD (BASE 65) ]
TOTAL THIS MO. 199
DPTR FM NORMAL -4 [PRESSURE DATA]
TOTAL FM JAN 1 199 HIGHEST SLP 30.17 ON 28
DPTR FM NORMAL -4 LOWEST SLP 29.84 ON 1
[REMARKS]
#FINAL-01-22#