000
CXUS54 KMEG 011113
CF6MKL
PRELIMINARY LOCAL CLIMATOLOGICAL DATA (WS FORM: F-6)
STATION: JACKSON
MONTH: JANUARY
YEAR: 2023
LATITUDE: 35 35 N
LONGITUDE: 88 55 W
TEMPERATURE IN F: :PCPN: SNOW: WIND :SUNSHINE: SKY :PK WND
================================================================================
1 2 3 4 5 6A 6B 7 8 9 10 11 12 13 14 15 16 17 18
12Z AVG MX 2MIN
DY MAX MIN AVG DEP HDD CDD WTR SNW DPTH SPD SPD DIR MIN PSBL S-S WX SPD DR
================================================================================
1 73 39 56 16 9 0 0.00 M M 7.0 17 200 M M 3 12 22 190
2 72 60 66 27 0 1 0.09 M M 9.9 18 190 M M 8 13 29 170
3 70 59 65 26 0 0 2.48 M M 8.1 26 230 M M 6 13 38 280
4 60 33 47 8 18 0 0.00 M M 7.9 21 250 M M 0 24 260
5 54 33 44 5 21 0 0.00 M M 8.9 22 250 M M 0 28 250
6 55 27 41 2 24 0 0.00 M M 3.3 9 250 M M 0 12 210
7 48 42 45 6 20 0 0.41 M M 4.8 14 10 M M 10 12 16 10
8 52 31 42 3 23 0 0.00 M M 6.9 16 290 M M 6 12 19 290
9 53 24 39 0 26 0 0.00 M M 2.6 10 200 M M 0 1 13 200
10 63 34 49 10 16 0 0.00 M M 6.0 15 210 M M 1 1 19 210
11 70 53 62 23 3 0 0.00 M M 9.3 20 200 M M 6 26 210
12 70 38 54 15 11 0 0.15 M M 15.5 25 340 M M 7 13 33 340
13 39 32 36 -3 29 0 0.00 M M 13.4 21 330 M M 10 26 320
14 43 26 35 -4 30 0 0.00 M M 4.0 18 350 M M 4 22 350
15 56 23 40 1 25 0 0.00 M M 5.4 13 170 M M 0 18 150
16 60 49 55 16 10 0 0.05 M M 13.5 21 190 M M 8 1 30 180
17 69 47 58 19 7 0 0.24 M M 5.3 13 260 M M 5 1 19 230
18 70 50 60 21 5 0 0.64 M M 8.5 30 250 M M 8 12 36 260
19 59 37 48 9 17 0 0.00 M M 12.5 31 260 M M 1 40 240
20 48 28 38 -1 27 0 0.00 M M 5.7 13 330 M M 0 17 330
21 50 25 38 -1 27 0 0.04 M M 2.8 13 70 M M 2 1 17 70
22 44 39 42 3 23 0 0.28 M M 5.0 15 350 M M 10 1 18 350
23 48 27 38 -1 27 0 0.00 M M 4.2 12 240 M M 5 16 250
24 50 23 37 -2 28 0 0.59 M M 4.8 21 90 M M 4 1 27 90
25 48 37 43 4 22 0 0.04 M M 12.2 31 240 M M 10 1 42 240
26 39 25 32 -7 33 0 0.00 M M 9.4 18 270 M M 8 24 270
27 56 27 42 3 23 0 0.00 M M 10.8 24 230 M M 2 33 230
28 57 38 48 9 17 0 0.03 M M 9.3 21 170 M M 6 32 180
29 53 46 50 11 15 0 0.59 M M 5.8 20 190 M M 10 1 31 200
30 46 32 39 -1 26 0 0.28 M M 9.2 15 350 M M 10 1 17 350
31 32 26 29 -11 36 0 0.36 M M 11.0 18 20 M M 10 146 23 10
================================================================================
SM 1707 1110 598 1 6.27 M 243.0 M 160
================================================================================
AV 55.1 35.8 7.8 FASTST M M 5 MAX(MPH)
MISC ----> # 31 260 42 240
================================================================================
NOTES:
# LAST OF SEVERAL OCCURRENCES
COLUMN 17 PEAK WIND IN M.P.H.
PRELIMINARY LOCAL CLIMATOLOGICAL DATA (WS FORM: F-6) , PAGE 2
STATION: JACKSON
MONTH: JANUARY
YEAR: 2023
LATITUDE: 35 35 N
LONGITUDE: 88 55 W
[TEMPERATURE DATA] [PRECIPITATION DATA] SYMBOLS USED IN COLUMN 16
AVERAGE MONTHLY: 45.4 TOTAL FOR MONTH: 6.27 1 = FOG OR MIST
DPTR FM NORMAL: 6.4 DPTR FM NORMAL: 2.20 2 = FOG REDUCING VISIBILITY
HIGHEST: 73 ON 1 GRTST 24HR 3.15 ON 2- 3 TO 1/4 MILE OR LESS
LOWEST: 23 ON 24,15 3 = THUNDER
SNOW, ICE PELLETS, HAIL 4 = ICE PELLETS
TOTAL MONTH: M 5 = HAIL
GRTST 24HR M ON M 6 = FREEZING RAIN OR DRIZZLE
GRTST DEPTH: M ON M 7 = DUSTSTORM OR SANDSTORM:
VSBY 1/2 MILE OR LESS
8 = SMOKE OR HAZE
[NO. OF DAYS WITH] [WEATHER - DAYS WITH] 9 = BLOWING SNOW
X = TORNADO
MAX 32 OR BELOW: 1 0.01 INCH OR MORE: 15
MAX 90 OR ABOVE: 0 0.10 INCH OR MORE: 10
MIN 32 OR BELOW: 14 0.50 INCH OR MORE: 4
MIN 0 OR BELOW: 0 1.00 INCH OR MORE: 1
[HDD (BASE 65) ]
TOTAL THIS MO. 598 CLEAR (SCALE 0-3) 10
DPTR FM NORMAL -208 PTCLDY (SCALE 4-7) 14
TOTAL FM JUL 1 2028 CLOUDY (SCALE 8-10) 7
DPTR FM NORMAL -182
[CDD (BASE 65) ]
TOTAL THIS MO. 1
DPTR FM NORMAL 1 [PRESSURE DATA]
TOTAL FM JAN 1 1 HIGHEST SLP 30.40 ON 31
DPTR FM NORMAL 1 LOWEST SLP 29.52 ON 25
[REMARKS]
#FINAL-01-23#