000
CXUS54 KTSA 010850
CF6MKO
PRELIMINARY LOCAL CLIMATOLOGICAL DATA (WS FORM: F-6)
STATION: MUSKOGEE OKLAHOMA
MONTH: AUGUST
YEAR: 2022
LATITUDE: 35 40 N
LONGITUDE: 95 22 W
TEMPERATURE IN F: :PCPN: SNOW: WIND :SUNSHINE: SKY :PK WND
================================================================================
1 2 3 4 5 6A 6B 7 8 9 10 11 12 13 14 15 16 17 18
12Z AVG MX 2MIN
DY MAX MIN AVG DEP HDD CDD WTR SNW DPTH SPD SPD DIR MIN PSBL S-S WX SPD DR
================================================================================
1 94 76 85 3 0 20 0.06 0.0 M 8.7 21 190 M M 3 13 33 210
2 100 74 87 5 0 22 0.00 0.0 M 8.4 18 140 M M 0 26 150
3 102 77 90 8 0 25 0.00 0.0 M 8.1 17 190 M M 0 26 180
4 90 74 82 0 0 17 0.78 0.0 M 8.0 25 30 M M 2 13 32 30
5 99 75 87 5 0 22 0.00 0.0 M 7.2 14 140 M M 1 19 140
6 96 77 87 5 0 22 0.00 0.0 M 7.6 17 100 M M 1 26 100
7 97 76 87 5 0 22 0.00 0.0 M 7.0 15 200 M M 1 3 22 200
8 98 76 87 5 0 22 0.00 0.0 M 8.0 16 140 M M 2 23 140
9 87 71 79 -3 0 14 0.90 0.0 M 8.5 25 90 M M 5 13 32 140
10 94 73 84 2 0 19 0.00 0.0 M 4.3 13 20 M M 2 17 40
11 92 69 81 -1 0 16 0.00 0.0 M 5.1 12 70 M M 1 17 70
12 91 67 79 -3 0 14 0.00 0.0 M 3.7 10 110 M M 1 16 110
13 93 71 82 0 0 17 0.00 0.0 M 4.7 10 90 M M 0 14 110
14 98 68 83 1 0 18 0.00 0.0 M 5.7 12 100 M M 0 16 170
15 101 70 86 5 0 21 0.00 0.0 M 4.7 13 190 M M 1 19 200
16 104 74 89 8 0 24 0.00 0.0 M 7.3 17 90 M M 1 25 90
17 81 72 77 -4 0 12 0.15 0.0 M 7.0 14 50 M M 9 13 18 140
18 84 67 76 -5 0 11 T 0.0 M 4.4 14 140 M M 6 1 21 140
19 91 63 77 -4 0 12 0.00 0.0 M 4.5 13 110 M M 3 12 17 120
20 95 68 82 1 0 17 0.00 0.0 M 6.0 13 200 M M 0 18 220
21 82 72 77 -3 0 12 0.04 0.0 M 4.1 15 330 M M 5 3 19 320
22 83 70 77 -3 0 12 0.01 0.0 M 5.8 17 110 M M 8 23 100
23 89 73 81 1 0 16 T 0.0 M 7.0 14 30 M M 8 18 19 30
24 93 69 81 1 0 16 0.00 0.0 M 6.3 17 30 M M 3 1 24 20
25 93 64 79 -1 0 14 0.00 0.0 M 4.3 14 40 M M 0 1 17 40
26 95 66 81 1 0 16 0.00 0.0 M 4.9 13 120 M M 0 19 140
27 94 69 82 3 0 17 0.00 0.0 M 7.8 15 120 M M 1 24 170
28 94 74 84 5 0 19 T 0.0 M 9.6 24 190 M M 2 3 35 200
29 95 75 85 6 0 20 0.00 0.0 M 8.1 25 330 M M 1 37 330
30 96 70 83 5 0 18 0.00 0.0 M 5.0 15 30 M M 2 25 30
31 98 69 84 6 0 19 0.00 0.0 M 4.3 12 50 M M 2 17 20
================================================================================
SM 2899 2209 0 546 1.94 0.0 196.1 M 71
================================================================================
AV 93.5 71.3 6.3 FASTST M M 2 MAX(MPH)
MISC ----> # 25 30 37 330
================================================================================
NOTES:
# LAST OF SEVERAL OCCURRENCES
COLUMN 17 PEAK WIND IN M.P.H.
PRELIMINARY LOCAL CLIMATOLOGICAL DATA (WS FORM: F-6) , PAGE 2
STATION: MUSKOGEE OKLAHOMA
MONTH: AUGUST
YEAR: 2022
LATITUDE: 35 40 N
LONGITUDE: 95 22 W
[TEMPERATURE DATA] [PRECIPITATION DATA] SYMBOLS USED IN COLUMN 16
AVERAGE MONTHLY: 82.4 TOTAL FOR MONTH: 1.94 1 = FOG OR MIST
DPTR FM NORMAL: 1.4 DPTR FM NORMAL: -1.15 2 = FOG REDUCING VISIBILITY
HIGHEST: 104 ON 16 GRTST 24HR 0.90 ON 9- 9 TO 1/4 MILE OR LESS
LOWEST: 63 ON 19 3 = THUNDER
SNOW, ICE PELLETS, HAIL 4 = ICE PELLETS
TOTAL MONTH: 0.0 INCH 5 = HAIL
GRTST 24HR 0.0 6 = FREEZING RAIN OR DRIZZLE
GRTST DEPTH: M ON M 7 = DUSTSTORM OR SANDSTORM:
VSBY 1/2 MILE OR LESS
8 = SMOKE OR HAZE
[NO. OF DAYS WITH] [WEATHER - DAYS WITH] 9 = BLOWING SNOW
X = TORNADO
MAX 32 OR BELOW: 0 0.01 INCH OR MORE: 6
MAX 90 OR ABOVE: 25 0.10 INCH OR MORE: 3
MIN 32 OR BELOW: 0 0.50 INCH OR MORE: 2
MIN 0 OR BELOW: 0 1.00 INCH OR MORE: 0
[HDD (BASE 65) ]
TOTAL THIS MO. 0 CLEAR (SCALE 0-3) 25
DPTR FM NORMAL 0 PTCLDY (SCALE 4-7) 4
TOTAL FM JUL 1 0 CLOUDY (SCALE 8-10) 2
DPTR FM NORMAL 0
[CDD (BASE 65) ]
TOTAL THIS MO. 546
DPTR FM NORMAL 52 [PRESSURE DATA]
TOTAL FM JAN 1 1895 HIGHEST SLP 30.13 ON 12
DPTR FM NORMAL 312 LOWEST SLP 29.75 ON 28
[REMARKS]
#FINAL-08-22#