000
CXUS53 KDVN 011000
CF6MLI
PRELIMINARY LOCAL CLIMATOLOGICAL DATA (WS FORM: F-6)
STATION: MOLINE IL
MONTH: JUNE
YEAR: 2022
LATITUDE: 41 27 N
LONGITUDE: 90 31 W
TEMPERATURE IN F: :PCPN: SNOW: WIND :SUNSHINE: SKY :PK WND
================================================================================
1 2 3 4 5 6A 6B 7 8 9 10 11 12 13 14 15 16 17 18
12Z AVG MX 2MIN
DY MAX MIN AVG DEP HDD CDD WTR SNW DPTH SPD SPD DIR MIN PSBL S-S WX SPD DR
================================================================================
1 77 61 69 1 0 4 0.01 0.0 0 6.1 15 340 M M 3 25 340
2 79 53 66 -2 0 1 0.00 0.0 0 5.8 20 310 M M 0 27 310
3 83 52 68 -1 0 3 0.00 0.0 0 7.4 21 280 M M 0 30 270
4 81 50 66 -3 0 1 0.01 0.0 0 8.0 22 70 M M 5 30 60
5 86 54 70 1 0 5 0.01 0.0 0 6.8 20 350 M M 3 28 340
6 84 66 75 5 0 10 0.52 0.0 0 4.0 25 330 M M 7 13 41 300
7 82 63 73 3 0 8 0.00 0.0 0 5.0 12 90 M M 4 1 14 170
8 75 57 66 -4 0 1 0.28 0.0 0 9.7 28 340 M M 4 13 43 340
9 83 53 68 -3 0 3 0.00 0.0 0 5.4 18 300 M M 2 25 310
10 70 61 66 -5 0 1 0.34 0.0 0 3.4 13 230 M M 8 1 17 220
11 79 55 67 -4 0 2 0.95 0.0 0 4.1 30 360 M M 3 123 44 340
12 87 64 76 5 0 11 0.14 0.0 0 7.4 14 80 M M 3 13 20 110
13 93 65 79 7 0 14 0.00 0.0 0 8.8 21 170 M M 2 33 160
14 97 79 88 16 0 23 0.00 0.0 0 11.5 24 180 M M 0 36 190
15 95 74 85 13 0 20 0.02 0.0 0 12.5 26 210 M M 2 3 41 200
16 94 65 80 8 0 15 0.00 0.0 0 7.7 20 250 M M 1 12 28 250
17 89 65 77 4 0 12 0.00 0.0 0 7.0 14 320 M M 0 19 320
18 84 57 71 -2 0 6 0.00 0.0 0 9.3 17 60 M M 0 23 90
19 87 49 68 -5 0 3 0.00 0.0 0 6.6 16 160 M M 0 22 190
20 93 64 79 6 0 14 0.00 0.0 0 8.3 15 170 M M 0 23 210
21 98 72 85 11 0 20 0.00 0.0 0 9.2 25 310 M M 0 42 310
22 89 65 77 3 0 12 0.00 0.0 0 6.5 17 320 M M 1 23 330
23 92 61 77 3 0 12 0.00 0.0 0 2.1 10 190 M M 0 19 250
24 89 62 76 2 0 11 0.00 0.0 0 4.5 15 190 M M 0 21 210
25 84 67 76 2 0 11 2.08 0.0 0 11.2 28 150 M M 7 138 38 150
26 79 60 70 -4 0 5 0.00 0.0 0 11.5 26 310 M M 1 1 34 310
27 82 58 70 -5 0 5 0.00 0.0 0 5.9 16 330 M M 0 23 300
28 85 57 71 -4 0 6 0.00 0.0 0 6.6 16 220 M M 0 22 230
29 89 67 78 3 0 13 0.00 0.0 0 6.7 12 200 M M 1 17 200
30 90 70 80 5 0 15 0.00 0.0 0 9.8 21 200 M M 0 31 190
================================================================================
SM 2575 1846 0 267 4.36 0.0 218.8 M 57
================================================================================
AV 85.8 61.5 7.3 FASTST M M 2 MAX(MPH)
MISC ----> 30 360 44 340
================================================================================
NOTES:
# LAST OF SEVERAL OCCURRENCES
COLUMN 17 PEAK WIND IN M.P.H.
PRELIMINARY LOCAL CLIMATOLOGICAL DATA (WS FORM: F-6) , PAGE 2
STATION: MOLINE IL
MONTH: JUNE
YEAR: 2022
LATITUDE: 41 27 N
LONGITUDE: 90 31 W
[TEMPERATURE DATA] [PRECIPITATION DATA] SYMBOLS USED IN COLUMN 16
AVERAGE MONTHLY: 73.7 TOTAL FOR MONTH: 4.36 1 = FOG OR MIST
DPTR FM NORMAL: 1.6 DPTR FM NORMAL: -0.65 2 = FOG REDUCING VISIBILITY
HIGHEST: 98 ON 21 GRTST 24HR 2.08 ON 25-25 TO 1/4 MILE OR LESS
LOWEST: 49 ON 19 3 = THUNDER
SNOW, ICE PELLETS, HAIL 4 = ICE PELLETS
TOTAL MONTH: 0.0 INCH 5 = HAIL
GRTST 24HR 0.0 6 = FREEZING RAIN OR DRIZZLE
GRTST DEPTH: 0 7 = DUSTSTORM OR SANDSTORM:
VSBY 1/2 MILE OR LESS
8 = SMOKE OR HAZE
[NO. OF DAYS WITH] [WEATHER - DAYS WITH] 9 = BLOWING SNOW
X = TORNADO
MAX 32 OR BELOW: 0 0.01 INCH OR MORE: 10
MAX 90 OR ABOVE: 8 0.10 INCH OR MORE: 6
MIN 32 OR BELOW: 0 0.50 INCH OR MORE: 3
MIN 0 OR BELOW: 0 1.00 INCH OR MORE: 1
[HDD (BASE 65) ]
TOTAL THIS MO. 0 CLEAR (SCALE 0-3) 21
DPTR FM NORMAL -16 PTCLDY (SCALE 4-7) 9
TOTAL FM JUL 1 5755 CLOUDY (SCALE 8-10) 0
DPTR FM NORMAL -265
[CDD (BASE 65) ]
TOTAL THIS MO. 267
DPTR FM NORMAL 39 [PRESSURE DATA]
TOTAL FM JAN 1 426 HIGHEST SLP 30.28 ON 27
DPTR FM NORMAL 109 LOWEST SLP 29.62 ON 6
[REMARKS]
#FINAL-06-22#