000
CXUS51 KCAR 010700
CF6MLT
PRELIMINARY LOCAL CLIMATOLOGICAL DATA (WS FORM: F-6)
STATION: MILLINOCKET ME
MONTH: SEPTEMBER
YEAR: 2023
LATITUDE: 45 39 N
LONGITUDE: 68 41 W
TEMPERATURE IN F: :PCPN: SNOW: WIND :SUNSHINE: SKY :PK WND
================================================================================
1 2 3 4 5 6A 6B 7 8 9 10 11 12 13 14 15 16 17 18
12Z AVG MX 2MIN
DY MAX MIN AVG DEP HDD CDD WTR SNW DPTH SPD SPD DIR MIN PSBL S-S WX SPD DR
================================================================================
1 75 44 60 -4 5 0 0.00 M M 3.1 14 310 M M 0 22 280
2 77 49 63 0 2 0 0.00 M M 1.5 9 180 M M 0 18 180
3 81 57 69 6 0 4 0.00 M M 1.7 8 320 M M 2 1 13 270
4 86 57 72 9 0 7 0.00 M M 1.5 7 100 M M 3 12 12 220
5 90 63 77 15 0 12 0.00 M 0 3.0 13 60 M M 0 18 17 30
6 86 59 73 11 0 8 0.00 M M 2.1 10 50 M M 1 18 14 70
7 89 61 75 13 0 10 0.50 M M 2.3 16 310 M M 3 138 23 300
8 83 65 74 13 0 9 0.34 M M 1.9 9 290 M M 4 123 14 290
9 77 59 68 7 0 3 T M M 5.0 18 310 M M 5 1 29 310
10 66 53 60 -1 5 0 0.36 M M 1.5 8 330 M M 6 1 9 340
11 67 60 64 4 1 0 0.01 M M 3.9 9 360 M M 10 1 12 10
12 66 62 64 4 1 0 0.48 M M 5.6 9 90 M M 10 1 14 100
13 75 63 69 10 0 4 1.54 M M 2.8 15 150 M M 9 12 25 120
14 70 54 62 3 3 0 0.38 M M 5.9 15 300 M M 5 1 22 310
15 65 54 60 1 5 0 0.00 M M 5.9 12 60 M M 1 19 300
16 61 57 59 1 6 0 0.67 M M 15.2 30 350 M M 7 1 50 350
17 77 52 65 7 0 0 0.00 M M 8.2 20 300 M M 2 31 250
18 67 53 60 3 5 0 0.56 M M 2.5 10 60 M M 7 1 15 160
19 66 56 61 4 4 0 1.00 M M 8.7 20 300 M M 10 1 32 300
20 71 54 63 7 2 0 T M M 7.6 16 290 M M 4 31 280
21 69 46 58 2 7 0 0.00 M M 3.7 14 340 M M 2 20 330
22 70 42 56 0 9 0 0.00 M M 0.9 7 250 M M 2 12 13 230
23 74 47 61 6 4 0 0.00 M M 2.0 8 20 M M 1 12 270
24 72 50 61 6 4 0 0.00 M M 0.9 7 60 M M 2 10 220
25 64 45 55 1 10 0 0.00 M M 5.4 16 60 M M 3 22 60
26 67 37 52 -2 13 0 0.00 M M 2.8 13 40 M M 0 1 19 30
27 68 39 54 1 11 0 0.00 M M 0.9 7 110 M M 0 10 10
28 73 40 57 4 8 0 0.00 M M 0.3 7 120 M M 2 12 10 140
29 66 42 54 2 11 0 0.00 M M 0.1 6 180 M M 5 12 8 160
30 66 47 57 5 8 0 0.00 M M 0.9 6 90 M M 8 12 8 70
================================================================================
SM 2184 1567 124 57 5.84 M 107.8 M 114
================================================================================
AV 72.8 52.2 3.6 FASTST M M 4 MAX(MPH)
MISC ----> 30 350 50 350
================================================================================
NOTES:
# LAST OF SEVERAL OCCURRENCES
COLUMN 17 PEAK WIND IN M.P.H.
PRELIMINARY LOCAL CLIMATOLOGICAL DATA (WS FORM: F-6) , PAGE 2
STATION: MILLINOCKET ME
MONTH: SEPTEMBER
YEAR: 2023
LATITUDE: 45 39 N
LONGITUDE: 68 41 W
[TEMPERATURE DATA] [PRECIPITATION DATA] SYMBOLS USED IN COLUMN 16
AVERAGE MONTHLY: 62.5 TOTAL FOR MONTH: 5.84 1 = FOG OR MIST
DPTR FM NORMAL: 4.3 DPTR FM NORMAL: 2.23 2 = FOG REDUCING VISIBILITY
HIGHEST: 90 ON 5 GRTST 24HR 1.92 ON 13-14 TO 1/4 MILE OR LESS
LOWEST: 37 ON 26 3 = THUNDER
SNOW, ICE PELLETS, HAIL 4 = ICE PELLETS
TOTAL MONTH: M 5 = HAIL
GRTST 24HR M ON M 6 = FREEZING RAIN OR DRIZZLE
GRTST DEPTH: 0 7 = DUSTSTORM OR SANDSTORM:
VSBY 1/2 MILE OR LESS
8 = SMOKE OR HAZE
[NO. OF DAYS WITH] [WEATHER - DAYS WITH] 9 = BLOWING SNOW
X = TORNADO
MAX 32 OR BELOW: 0 0.01 INCH OR MORE: 10
MAX 90 OR ABOVE: 1 0.10 INCH OR MORE: 9
MIN 32 OR BELOW: 0 0.50 INCH OR MORE: 5
MIN 0 OR BELOW: 0 1.00 INCH OR MORE: 2
[HDD (BASE 65) ]
TOTAL THIS MO. 124 CLEAR (SCALE 0-3) 16
DPTR FM NORMAL -104 PTCLDY (SCALE 4-7) 9
TOTAL FM JUL 1 165 CLOUDY (SCALE 8-10) 5
DPTR FM NORMAL -132
[CDD (BASE 65) ]
TOTAL THIS MO. 57
DPTR FM NORMAL 33 [PRESSURE DATA]
TOTAL FM JAN 1 416 HIGHEST SLP 30.53 ON 26
DPTR FM NORMAL 124 LOWEST SLP 29.41 ON 16
[REMARKS]
#FINAL-09-23#