000
CXUS51 KCAR 032247
CLMMLT
CLIMATE REPORT
NATIONAL WEATHER SERVICE CARIBOU ME
647 PM EDT THU AUG 03 2023
...................................
...THE MILLINOCKET ME CLIMATE SUMMARY FOR THE MONTH OF JULY 2023...
CLIMATE NORMAL PERIOD: 1991 TO 2020
CLIMATE RECORD PERIOD: 1903 TO 2023
WEATHER OBSERVED NORMAL DEPART LAST YEAR`S
VALUE DATE(S) VALUE FROM VALUE DATE(S)
NORMAL
................................................................
TEMPERATURE (F)
RECORD
HIGH 100 07/07/1912
07/04/1912
LOW 37 07/03/1933
HIGHEST 92 07/06 MM MM 90 07/23
07/24
LOWEST 53 07/30 MM MM 47 07/07
AVG. MAXIMUM 81.5 78.9 2.6 82.0
AVG. MINIMUM 63.4 57.4 6.0 57.7
MEAN 72.4 68.2 4.2 69.9
DAYS MAX >= 90 3 1.5 1.5 2
DAYS MAX <= 32 0 0.0 0.0 0
DAYS MIN <= 32 0 0.0 0.0 0
DAYS MIN <= 0 0 0.0 0.0 0
PRECIPITATION (INCHES)
RECORD
MAXIMUM 5.23 2022
MINIMUM 3.95 2020
TOTALS 4.75 0.59
DAILY AVG. 0.15 0.13 0.02 0.17
DAYS >= .01 17 14.0 3.0 12
DAYS >= .10 9 7.6 1.4 9
DAYS >= .50 5 2.4 2.6 2
DAYS >= 1.00 0 0.7 -0.7 2
SNOWFALL (INCHES)
RECORDS
TOTAL MM MM
TOTALS MM MM MM MM
SINCE 7/1 MM MM MM MM
SNOWDEPTH AVG. MM MM
DAYS >= 1.0 MM MM MM MM
GREATEST
SNOW DEPTH MM MM MM
24 HR TOTAL MM MM
DEGREE DAYS
HEATING TOTAL 3 26 -23 10
SINCE 7/1 3 31 -28 MM
COOLING TOTAL 241 123 118 169
SINCE 1/1 304 178 126 MM
................................................................
WIND (MPH)
AVERAGE WIND SPEED 2.9
HIGHEST WIND SPEED/DIRECTION 20/310 DATE 07/12
HIGHEST GUST SPEED/DIRECTION 32/260 DATE 07/07
SKY COVER
POSSIBLE SUNSHINE (PERCENT) MM
AVERAGE SKY COVER 0.45
NUMBER OF DAYS FAIR 13
NUMBER OF DAYS PC 13
NUMBER OF DAYS CLOUDY 5
AVERAGE RH (PERCENT) 77
WEATHER CONDITIONS. NUMBER OF DAYS WITH
THUNDERSTORM 5 MIXED PRECIP 0
HEAVY RAIN 8 RAIN 9
LIGHT RAIN 18 FREEZING RAIN 0
LT FREEZING RAIN 0 HAIL 0
HEAVY SNOW 0 SNOW 0
LIGHT SNOW 0 SLEET 0
FOG 23 FOG W/VIS <= 1/4 MILE 8
HAZE 3
- INDICATES NEGATIVE NUMBERS.
* INDICATES RECORD WAS SET OR TIED.
MM INDICATES DATA IS MISSING.
T INDICATES TRACE AMOUNT.
$$