000
CXUS54 KSHV 011500
CF6MLU
PRELIMINARY LOCAL CLIMATOLOGICAL DATA (WS FORM: F-6)
STATION: MONROE
MONTH: AUGUST
YEAR: 2020
LATITUDE: 32 30 N
LONGITUDE: 92 2 W
TEMPERATURE IN F: :PCPN: SNOW: WIND :SUNSHINE: SKY :PK WND
================================================================================
1 2 3 4 5 6A 6B 7 8 9 10 11 12 13 14 15 16 17 18
12Z AVG MX 2MIN
DY MAX MIN AVG DEP HDD CDD WTR SNW DPTH SPD SPD DIR MIN PSBL S-S WX SPD DR
================================================================================
1 91 71 81 -2 0 16 0.00 0.0 0 5.7 15 270 M M 4 1 18 270
2 92 68 80 -3 0 15 0.00 0.0 0 1.7 10 330 M M 1 12 13 320
3 94 69 82 -1 0 17 0.00 0.0 0 3.8 13 330 M M 2 16 320
4 92 69 81 -2 0 16 0.00 0.0 0 5.1 14 20 M M 0 18 30
5 90 68 79 -4 0 14 0.00 0.0 0 4.3 9 50 M M 1 1 16 330
6 92 68 80 -3 0 15 0.00 0.0 0 4.7 12 330 M M 0 17 360
7 94 67 81 -2 0 16 0.00 0.0 0 2.4 10 20 M M 0 1 17 360
8 98 72 85 2 0 20 0.00 0.0 0 1.7 8 300 M M 0 11 320
9 97 74 86 3 0 21 0.00 0.0 0 3.8 10 210 M M 0 1 15 240
10 97 74 86 3 0 21 0.00 0.0 0 5.0 8 270 M M 1 16 250
11 97 76 87 4 0 22 0.00 0.0 0 6.7 15 220 M M 1 18 220
12 94 73 84 1 0 19 T 0.0 0 4.4 13 260 M M 3 3 17 220
13 92 72 82 -1 0 17 0.47 0.0 0 3.2 28 30 M M 2 13 40 40
14 87 74 81 -2 0 16 0.05 0.0 0 3.3 18 320 M M 5 13 25 350
15 97 75 86 3 0 21 0.01 0.0 0 2.7 10 30 M M 4 1 15 10
16 99 73 86 3 0 21 0.00 0.0 0 3.8 15 50 M M 1 12 20 60
17 93 68 81 -2 0 16 0.00 0.0 0 5.8 15 30 M M 0 21 330
18 96 68 82 -1 0 17 0.00 0.0 0 3.5 12 10 M M 1 15 10
19 92 69 81 -2 0 16 0.00 0.0 0 6.5 18 340 M M 1 22 330
20 90 66 78 -5 0 13 0.00 0.0 0 4.9 13 20 M M 2 1 17 330
21 93 67 80 -3 0 15 T 0.0 0 2.3 9 360 M M 3 12 90
22 95 67 81 -1 0 16 0.00 0.0 0 2.4 13 50 M M 0 1 17 50
23 95 68 82 0 0 17 0.00 0.0 0 4.1 14 30 M M 1 1 19 50
24 95 70 83 1 0 18 T 0.0 0 6.1 16 50 M M 1 8 23 40
25 90 74 82 0 0 17 0.04 0.0 0 7.0 15 50 M M 4 1 20 50
26 96 77 87 5 0 22 0.00 0.0 0 6.2 15 90 M M 2 23 110
27 80 M M M M M 2.54 0.0 0 M 44 160 M M 8 1 62 120
28 M M M M M M 0.00 0.0 0 9.4 14 250 M M 2 8 18 250
29 M M M M M M 0.00 0.0 0 3.5 7 250 M M 2 8 M M
30 95 78 87 6 0 22 0.00 0.0 0 4.8 15 280 M M 3 19 250
31 96 79 88 7 0 23 T 0.0 0 6.7 17 230 M M 3 38 22 230
================================================================================
SM 2709 1994 0 499 3.11 0.0 135.5 M 58
================================================================================
AV 93.4 71.2 4.5 FASTST M M 2 MAX(MPH)
MISC ----> # 44 160 # 62 120
================================================================================
NOTES:
# LAST OF SEVERAL OCCURRENCES
COLUMN 17 PEAK WIND IN M.P.H.
PRELIMINARY LOCAL CLIMATOLOGICAL DATA (WS FORM: F-6) , PAGE 2
STATION: MONROE
MONTH: AUGUST
YEAR: 2020
LATITUDE: 32 30 N
LONGITUDE: 92 2 W
[TEMPERATURE DATA] [PRECIPITATION DATA] SYMBOLS USED IN COLUMN 16
AVERAGE MONTHLY: 82.3 TOTAL FOR MONTH: 3.11 1 = FOG OR MIST
DPTR FM NORMAL: -0.3 DPTR FM NORMAL: -0.07 2 = FOG REDUCING VISIBILITY
HIGHEST: 99 ON 16 GRTST 24HR 2.54 ON 27-27 TO 1/4 MILE OR LESS
LOWEST: 66 ON 20 3 = THUNDER
SNOW, ICE PELLETS, HAIL 4 = ICE PELLETS
TOTAL MONTH: 0.0 INCH 5 = HAIL
GRTST 24HR 0.0 6 = FREEZING RAIN OR DRIZZLE
GRTST DEPTH: 0 7 = DUSTSTORM OR SANDSTORM:
VSBY 1/2 MILE OR LESS
8 = SMOKE OR HAZE
[NO. OF DAYS WITH] [WEATHER - DAYS WITH] 9 = BLOWING SNOW
X = TORNADO
MAX 32 OR BELOW: 0 0.01 INCH OR MORE: 5
MAX 90 OR ABOVE: 27 0.10 INCH OR MORE: 2
MIN 32 OR BELOW: 0 0.50 INCH OR MORE: 1
MIN 0 OR BELOW: 0 1.00 INCH OR MORE: 1
[HDD (BASE 65) ]
TOTAL THIS MO. 0 CLEAR (SCALE 0-3) 25
DPTR FM NORMAL 0 PTCLDY (SCALE 4-7) 6
TOTAL FM JUL 1 0 CLOUDY (SCALE 8-10) 0
DPTR FM NORMAL 0
[CDD (BASE 65) ]
TOTAL THIS MO. 499
DPTR FM NORMAL -48 [PRESSURE DATA]
TOTAL FM JAN 1 2008 HIGHEST SLP 30.15 ON 9
DPTR FM NORMAL 1 LOWEST SLP 29.43 ON 27
[REMARKS]
#FINAL-08-20#