000
CXUS51 KBTV 010700
CF6MPV
PRELIMINARY LOCAL CLIMATOLOGICAL DATA (WS FORM: F-6)
STATION: MONTPELIER VT
MONTH: JUNE
YEAR: 2020
LATITUDE: 44 12 N
LONGITUDE: 72 34 W
TEMPERATURE IN F: :PCPN: SNOW: WIND :SUNSHINE: SKY :PK WND
================================================================================
1 2 3 4 5 6A 6B 7 8 9 10 11 12 13 14 15 16 17 18
12Z AVG MX 2MIN
DY MAX MIN AVG DEP HDD CDD WTR SNW DPTH SPD SPD DIR MIN PSBL S-S WX SPD DR
================================================================================
1 56 35 46 -13 19 0 0.04 M M 4.5 18 300 M M 5 12 24 300
2 64 35 50 -9 15 0 0.03 M M 2.0 12 220 M M 9 12 17 210
3 63 51 57 -2 8 0 T M M 2.8 15 300 M M 9 20 320
4 79 48 64 4 1 0 0.00 M M 4.2 17 300 M M 4 1 23 310
5 84 55 70 10 0 5 0.02 M M 3.1 16 290 M M 5 25 300
6 76 53 65 5 0 0 0.20 M M 7.6 24 320 M M 5 123 39 310
7 64 47 56 -4 9 0 0.00 M M 7.3 20 360 M M 9 29 360
8 67 41 54 -7 11 0 0.00 M M 5.9 20 300 M M 2 26 290
9 64 50 57 -4 8 0 0.02 M M 2.1 8 340 M M 8 1 11 340
10 73 48 61 0 4 0 0.00 M M 10.5 25 170 M M 4 12 35 170
11 80 54 67 5 0 2 0.25 M M 9.2 21 180 M M 6 1 29 180
12 73 45 59 -3 6 0 0.00 M M 7.1 20 250 M M 4 8 30 270
13 52 43 48 -14 17 0 T M M 5.7 15 300 M M 9 20 320
14 64 37 51 -11 14 0 0.00 M M 2.7 9 30 M M 6 12 30
15 71 44 58 -5 7 0 0.00 M M 2.3 15 340 M M 4 28 30
16 79 41 60 -3 5 0 0.00 M M 2.0 9 150 M M 0 15 180
17 85 46 66 3 0 1 0.00 M M 1.7 7 330 M M 0 11 40
18 89 51 70 6 0 5 0.00 M M 2.3 12 290 M M 0 16 310
19 87 56 72 8 0 7 T M M 2.0 9 260 M M 2 13 310
20 90 58 74 10 0 9 0.00 M M 1.7 16 210 M M 1 3 22 200
21 87 60 74 10 0 9 0.35 M M 2.4 23 260 M M 6 1238 31 270
22 86 60 73 8 0 8 0.61 M M 3.7 21 270 M M 4 123 33 270
23 88 62 75 10 0 10 0.03 M M 6.6 26 180 M M 3 123 38 180
24 77 58 68 3 0 3 0.28 M M 7.3 15 230 M M 5 1 22 210
25 76 51 64 -1 1 0 0.00 M M 6.1 16 230 M M 3 27 190
26 78 53 66 1 0 1 0.00 M M 3.2 14 310 M M 4 21 320
27 78 53 66 0 0 1 0.00 M M 5.7 14 190 M M 2 21 170
28 80 57 69 3 0 4 0.33 M M 2.0 16 170 M M 5 13 20 170
29 69 62 66 0 0 1 0.24 M M 4.4 15 30 M M 9 12 21 30
30 75 60 68 2 0 3 1.07 M M 3.4 25 120 M M 9 13 33 120
================================================================================
SM 2254 1514 125 69 3.47 M 131.5 M 142
================================================================================
AV 75.1 50.5 4.4 FASTST M M 5 MAX(MPH)
MISC ----> 26 180 39 310
================================================================================
NOTES:
# LAST OF SEVERAL OCCURRENCES
COLUMN 17 PEAK WIND IN M.P.H.
PRELIMINARY LOCAL CLIMATOLOGICAL DATA (WS FORM: F-6) , PAGE 2
STATION: MONTPELIER VT
MONTH: JUNE
YEAR: 2020
LATITUDE: 44 12 N
LONGITUDE: 72 34 W
[TEMPERATURE DATA] [PRECIPITATION DATA] SYMBOLS USED IN COLUMN 16
AVERAGE MONTHLY: 62.8 TOTAL FOR MONTH: 3.47 1 = FOG OR MIST
DPTR FM NORMAL: 0.0 DPTR FM NORMAL: -0.33 2 = FOG REDUCING VISIBILITY
HIGHEST: 90 ON 20 GRTST 24HR 1.15 ON 29-30 TO 1/4 MILE OR LESS
LOWEST: 35 ON 2, 1 3 = THUNDER
SNOW, ICE PELLETS, HAIL 4 = ICE PELLETS
TOTAL MONTH: M 5 = HAIL
GRTST 24HR M ON M 6 = FREEZING RAIN OR DRIZZLE
GRTST DEPTH: M ON M 7 = DUSTSTORM OR SANDSTORM:
VSBY 1/2 MILE OR LESS
8 = SMOKE OR HAZE
[NO. OF DAYS WITH] [WEATHER - DAYS WITH] 9 = BLOWING SNOW
X = TORNADO
MAX 32 OR BELOW: 0 0.01 INCH OR MORE: 13
MAX 90 OR ABOVE: 1 0.10 INCH OR MORE: 8
MIN 32 OR BELOW: 0 0.50 INCH OR MORE: 2
MIN 0 OR BELOW: 0 1.00 INCH OR MORE: 1
[HDD (BASE 65) ]
TOTAL THIS MO. 125 CLEAR (SCALE 0-3) 8
DPTR FM NORMAL 4 PTCLDY (SCALE 4-7) 16
TOTAL FM JUL 1 8075 CLOUDY (SCALE 8-10) 6
DPTR FM NORMAL -105
[CDD (BASE 65) ]
TOTAL THIS MO. 69
DPTR FM NORMAL 16 [PRESSURE DATA]
TOTAL FM JAN 1 105 HIGHEST SLP M ON M
DPTR FM NORMAL 42 LOWEST SLP 29.57 ON 3
[REMARKS]
#FINAL-06-20#