000
CXUS53 KMPX 051758
CF6MPX
PRELIMINARY LOCAL CLIMATOLOGICAL DATA (WS FORM: F-6)
STATION: CHANHASSEN MN
MONTH: JULY
YEAR: 2021
LATITUDE: 44 50 N
LONGITUDE: 93 34 W
TEMPERATURE IN F: :PCPN: SNOW: WIND :SUNSHINE: SKY :PK WND
================================================================================
1 2 3 4 5 6A 6B 7 8 9 10 11 12 13 14 15 16 17 18
12Z AVG MX 2MIN
DY MAX MIN AVG DEP HDD CDD WTR SNW DPTH SPD SPD DIR MIN PSBL S-S WX SPD DR
================================================================================
1 86 63 75 4 0 10 0.00 0.0 0 M M M M M M M M
2 84 58 71 0 0 6 0.00 0.0 0 M M M M M M M M
3 85 60 73 2 0 8 0.00 0.0 0 M M M M M M M M
4 92 68 80 8 0 15 0.00 0.0 0 M M M M M M M M
5 92 71 82 10 0 17 0.00 0.0 0 M M M M M M M M
6 75 56 66 -6 0 1 0.71 0.0 0 M M M M M M M M
7 66 54 60 -12 5 0 T 0.0 0 M M M M M M M M
8 71 52 62 -10 3 0 0.01 0.0 0 M M M M M M M M
9 76 59 68 -4 0 3 0.00 0.0 0 M M M M M M M M
10 79 61 70 -2 0 5 0.00 0.0 0 M M M M M M M M
11 85 58 72 0 0 7 0.00 0.0 0 M M M M M M M M
12 80 55 68 -4 0 3 0.00 0.0 0 M M M M M M M M
13 85 56 71 -1 0 6 0.00 0.0 0 M M M M M M M M
14 71 60 66 -6 0 1 1.59 0.0 0 M M M M M M M M
15 81 60 71 -1 0 6 0.00 0.0 0 M M M M M M M M
16 82 57 70 -2 0 5 0.00 0.0 0 M M M M M M M M
17 83 58 71 -1 0 6 0.00 0.0 0 M M M M M M M M
18 84 59 72 0 0 7 0.00 0.0 0 M M M M M M M M
19 85 60 73 1 0 8 0.00 0.0 0 M M M M M M M M
20 86 65 76 4 0 11 0.00 0.0 0 M M M M M M M M
21 83 66 75 3 0 10 0.00 0.0 0 M M M M M M M M
22 84 70 77 5 0 12 0.03 0.0 0 M M M M M M M M
23 91 72 82 10 0 17 T 0.0 0 M M M M M M M M
24 88 64 76 4 0 11 0.04 0.0 0 M M M M M M M M
25 88 60 74 2 0 9 0.00 0.0 0 M M M M M M M M
26 87 68 78 6 0 13 0.06 0.0 0 M M M M M M M M
27 91 72 82 10 0 17 0.00 0.0 0 M M M M M M M M
28 89 67 78 6 0 13 0.27 0.0 0 M M M M M M M M
29 80 64 72 1 0 7 0.00 0.0 0 M M M M M M M M
30 76 61 69 -2 0 4 0.00 0.0 0 M M M M M M M M
31 84 57 71 0 0 6 0.00 0.0 0 M M M M M M M M
================================================================================
SM 2569 1911 8 244 2.71 0.0 M M M
================================================================================
AV 82.9 61.6 M FASTST M M M MAX(MPH)
MISC ----> M M M M
================================================================================
NOTES:
# LAST OF SEVERAL OCCURRENCES
COLUMN 17 PEAK WIND IN M.P.H.
PRELIMINARY LOCAL CLIMATOLOGICAL DATA (WS FORM: F-6) , PAGE 2
STATION: CHANHASSEN MN
MONTH: JULY
YEAR: 2021
LATITUDE: 44 50 N
LONGITUDE: 93 34 W
[TEMPERATURE DATA] [PRECIPITATION DATA] SYMBOLS USED IN COLUMN 16
AVERAGE MONTHLY: 72.3 TOTAL FOR MONTH: 2.71 1 = FOG OR MIST
DPTR FM NORMAL: 0.6 DPTR FM NORMAL: -1.16 2 = FOG REDUCING VISIBILITY
HIGHEST: 92 ON 5, 4 GRTST 24HR 1.59 ON 14-14 TO 1/4 MILE OR LESS
LOWEST: 52 ON 8 3 = THUNDER
SNOW, ICE PELLETS, HAIL 4 = ICE PELLETS
TOTAL MONTH: 0.0 INCH 5 = HAIL
GRTST 24HR 0.0 6 = FREEZING RAIN OR DRIZZLE
GRTST DEPTH: 0 7 = DUSTSTORM OR SANDSTORM:
VSBY 1/2 MILE OR LESS
8 = SMOKE OR HAZE
[NO. OF DAYS WITH] [WEATHER - DAYS WITH] 9 = BLOWING SNOW
X = TORNADO
MAX 32 OR BELOW: 0 0.01 INCH OR MORE: 7
MAX 90 OR ABOVE: 4 0.10 INCH OR MORE: 3
MIN 32 OR BELOW: 0 0.50 INCH OR MORE: 2
MIN 0 OR BELOW: 0 1.00 INCH OR MORE: 1
[HDD (BASE 65) ]
TOTAL THIS MO. 8 CLEAR (SCALE 0-3) 0
DPTR FM NORMAL 0 PTCLDY (SCALE 4-7) 0
TOTAL FM JUL 1 8 CLOUDY (SCALE 8-10) 31
DPTR FM NORMAL 8
[CDD (BASE 65) ]
TOTAL THIS MO. 244
DPTR FM NORMAL 26 [PRESSURE DATA]
TOTAL FM JAN 1 566 HIGHEST SLP M ON M
DPTR FM NORMAL 195 LOWEST SLP M ON M
[REMARKS]
#FINAL-07-21#
THE LOW TEMPERATURE ON JULY 21 AND JULY 22 IS FROM THE CO-LOCATED HENNEPIN WEST MESONET STATION.