000
CXUS53 KMQT 011000
CF6MQT
PRELIMINARY LOCAL CLIMATOLOGICAL DATA (WS FORM: F-6)
STATION: MARQUETTE MI
MONTH: FEBRUARY
YEAR: 2024
LATITUDE: 46 31 N
LONGITUDE: 87 33 W
TEMPERATURE IN F: :PCPN: SNOW: WIND :SUNSHINE: SKY :PK WND
================================================================================
1 2 3 4 5 6A 6B 7 8 9 10 11 12 13 14 15 16 17 18
12Z AVG MX 2MIN
DY MAX MIN AVG DEP HDD CDD WTR SNW DPTH SPD SPD DIR MIN PSBL S-S WX SPD DR
================================================================================
1 37 24 31 18 34 0 0.03 0.5 11 M M M M M M 4 21 315
2 42 18 30 16 35 0 0.00 0.0 11 M M M M M M 11 360
3 48 21 35 21 30 0 0.00 0.0 11 M M M M M M 11 225
4 36 13 25 11 40 0 0.00 0.0 11 M M M M M M 12 10 90
5 38 19 29 15 36 0 T 0.0 11 M M M M M M 12 5 45
6 45 34 40 26 25 0 0.00 0.0 11 M M M M M M 17 180
7 44 29 37 23 28 0 T 0.0 10 M M M M M M 1 19 225
8 47 34 41 27 24 0 0.01 0.0 9 M M M M M M 28 180
9 42 28 35 21 30 0 0.01 T 8 M M M M M M 32 225
10 28 22 25 11 40 0 0.04 0.7 7 M M M M M M 25 270
11 30 17 24 9 41 0 T T 7 M M M M M M 20 315
12 32 16 24 9 41 0 0.08 1.1 7 M M M M M M 19 315
13 23 3 13 -2 52 0 0.24 6.0 11 M M M M M M 15 360
14 32 7 20 5 45 0 T T 11 M M M M M M 20 180
15 27 18 23 7 42 0 0.19 4.9 11 M M M M M M 28 360
16 18 7 13 -3 52 0 0.09 2.6 11 M M M M M M 17 270
17 23 -3 10 -6 55 0 0.01 0.5 12 M M M M M M 25 225
18 24 13 19 3 46 0 0.07 2.1 11 M M M M M M 23 315
19 29 -1 14 -3 51 0 T T 12 M M M M M M 14 90
20 45 8 27 10 38 0 0.00 0.0 11 M M M M M M 1 21 225
21 47 26 37 20 28 0 T T 10 M M M M M M 1 12 270
22 47 23 35 17 30 0 0.00 0.0 9 M M M M M M 20 270
23 36 8 22 4 43 0 0.02 0.2 9 M M M M M M 28 45
24 32 0 16 -2 49 0 0.00 0.0 9 M M M M M M 33 180
25 43 26 35 17 30 0 0.00 0.0 9 M M M M M M 28 270
26 43 13 28 9 37 0 0.00 0.0 9 M M M M M M 34 180
27 57 15 36 17 29 0 0.01 0.1 8 M M M M M M 6 29 360
28 15 5 10 -10 55 0 0.27 4.1 9 M M M M M M 9 35 315
29 20 -2 9 -11 56 0 T T 8 M M M M M M 9 16 270
================================================================================
SM 1030 441 1142 0 1.07 22.8 M M M
================================================================================
AV 35.5 15.2 M FASTST M M M MAX(MPH)
MISC ----> M M 35 315
================================================================================
NOTES:
# LAST OF SEVERAL OCCURRENCES
COLUMN 17 PEAK WIND IN M.P.H.
PRELIMINARY LOCAL CLIMATOLOGICAL DATA (WS FORM: F-6) , PAGE 2
STATION: MARQUETTE MI
MONTH: FEBRUARY
YEAR: 2024
LATITUDE: 46 31 N
LONGITUDE: 87 33 W
[TEMPERATURE DATA] [PRECIPITATION DATA] SYMBOLS USED IN COLUMN 16
AVERAGE MONTHLY: 25.4 TOTAL FOR MONTH: 1.07 1 = FOG OR MIST
DPTR FM NORMAL: 9.6 DPTR FM NORMAL: -1.17 2 = FOG REDUCING VISIBILITY
HIGHEST: 57 ON 27 GRTST 24HR 0.27 ON 28-28 TO 1/4 MILE OR LESS
LOWEST: -3 ON 17 3 = THUNDER
SNOW, ICE PELLETS, HAIL 4 = ICE PELLETS
TOTAL MONTH: 22.8 INCHES 5 = HAIL
GRTST 24HR 6.0 ON 13-13 6 = FREEZING RAIN OR DRIZZLE
GRTST DEPTH: 13 ON M 7 = DUSTSTORM OR SANDSTORM:
VSBY 1/2 MILE OR LESS
8 = SMOKE OR HAZE
[NO. OF DAYS WITH] [WEATHER - DAYS WITH] 9 = BLOWING SNOW
X = TORNADO
MAX 32 OR BELOW: 13 0.01 INCH OR MORE: 13
MAX 90 OR ABOVE: 0 0.10 INCH OR MORE: 3
MIN 32 OR BELOW: 27 0.50 INCH OR MORE: 0
MIN 0 OR BELOW: 4 1.00 INCH OR MORE: 0
[HDD (BASE 65) ]
TOTAL THIS MO. 1142 CLEAR (SCALE 0-3) 0
DPTR FM NORMAL -234 PTCLDY (SCALE 4-7) 0
TOTAL FM JUL 1 5561 CLOUDY (SCALE 8-10) 29
DPTR FM NORMAL -1029
[CDD (BASE 65) ]
TOTAL THIS MO. 0
DPTR FM NORMAL 0 [PRESSURE DATA]
TOTAL FM JAN 1 0 HIGHEST SLP M ON M
DPTR FM NORMAL 0 LOWEST SLP M ON M
[REMARKS]
#FINAL-02-24#