000
CXUS54 KMAF 011110
CF6MRF
PRELIMINARY LOCAL CLIMATOLOGICAL DATA (WS FORM: F-6)
STATION: MARFA
MONTH: AUGUST
YEAR: 2021
LATITUDE: 30 22 N
LONGITUDE: 104 1 W
TEMPERATURE IN F: :PCPN: SNOW: WIND :SUNSHINE: SKY :PK WND
================================================================================
1 2 3 4 5 6A 6B 7 8 9 10 11 12 13 14 15 16 17 18
12Z AVG MX 2MIN
DY MAX MIN AVG DEP HDD CDD WTR SNW DPTH SPD SPD DIR MIN PSBL S-S WX SPD DR
================================================================================
1 85 63 74 M 0 9 0.06 M M 7.1 23 60 M M 4 3 37 70
2 78 63 71 M 0 6 0.02 M M 12.2 22 30 M M 7 30 20
3 83 60 72 M 0 7 M M M 6.6 14 70 M M 4 1 20 70
4 86 56 71 M 0 6 M M M 7.5 17 110 M M 1 16 50
5 84 57 71 M 0 6 M M M 7.0 15 50 M M 1 22 50
6 89 56 73 M 0 8 M M M 5.1 13 120 M M 2 M M
7 92 59 76 M 0 11 M M M 5.7 10 140 M M 1 17 190
8 95 62 79 M 0 14 M M M 6.9 23 120 M M 0 30 120
9 91 63 77 M 0 12 T M M 7.5 22 120 M M 1 3 32 120
10 90 61 76 M 0 11 M M M 8.0 21 10 M M 2 3 31 10
11 78 66 72 M 0 7 0.02 M M 5.3 9 200 M M 6 M M
12 84 63 74 M 0 9 0.04 M M 7.1 18 70 M M 5 26 120
13 86 61 74 M 0 9 M M M 6.6 20 130 M M 5 36 130
14 77 64 71 M 0 6 1.34 M M 8.8 24 100 M M 5 13 36 80
15 79 64 72 M 0 7 T M M 6.5 15 10 M M 3 M M
16 78 64 71 M 0 6 0.03 M M 5.8 17 270 M M 6 M M
17 80 63 72 M 0 7 0.10 M M 4.3 17 300 M M 6 M M
18 87 62 75 M 0 10 M M M 5.0 15 250 M M 4 12 18 260
19 86 65 76 M 0 11 1.80 M M 6.6 25 60 M M 4 3 45 60
20 69 62 66 M 0 1 T M M 3.8 9 170 M M 1 M M
21 M M M M M M M M M M M M M M M M M
22 M M M M M M M M M M M M M M M M M
23 M M M M M M M M M M M M M M M M M
24 M M M M M M M M M M M M M M M M M
25 88 58 73 M 0 8 M M M 10.2 14 110 M M 2 17 100
26 86 58 72 M 0 7 M M M 5.7 13 130 M M 2 16 110
27 86 59 73 M 0 8 M M M 4.8 12 110 M M 2 M M
28 84 58 71 M 0 6 T M M 5.1 15 120 M M 2 M M
29 84 58 71 M 0 6 M M M 6.3 15 80 M M 2 21 130
30 83 60 72 M 0 7 0.31 M M 4.7 21 110 M M 3 3 25 110
31 84 63 74 M 0 9 T M M 5.8 18 50 M M 4 16 260
================================================================================
SM 2272 1648 0 214 3.72 M 176.1 M 85
================================================================================
AV 84.1 61.0 6.5 FASTST M M 3 MAX(MPH)
MISC ----> 25 60 45 60
================================================================================
NOTES:
# LAST OF SEVERAL OCCURRENCES
COLUMN 17 PEAK WIND IN M.P.H.
PRELIMINARY LOCAL CLIMATOLOGICAL DATA (WS FORM: F-6) , PAGE 2
STATION: MARFA
MONTH: AUGUST
YEAR: 2021
LATITUDE: 30 22 N
LONGITUDE: 104 1 W
[TEMPERATURE DATA] [PRECIPITATION DATA] SYMBOLS USED IN COLUMN 16
AVERAGE MONTHLY: 72.6 TOTAL FOR MONTH: 3.72 1 = FOG OR MIST
DPTR FM NORMAL: 0.0 DPTR FM NORMAL: M 2 = FOG REDUCING VISIBILITY
HIGHEST: 95 ON 8 GRTST 24HR 1.80 ON 19-19 TO 1/4 MILE OR LESS
LOWEST: 56 ON 6, 4 3 = THUNDER
SNOW, ICE PELLETS, HAIL 4 = ICE PELLETS
TOTAL MONTH: M 5 = HAIL
GRTST 24HR M ON M 6 = FREEZING RAIN OR DRIZZLE
GRTST DEPTH: M ON M 7 = DUSTSTORM OR SANDSTORM:
VSBY 1/2 MILE OR LESS
8 = SMOKE OR HAZE
[NO. OF DAYS WITH] [WEATHER - DAYS WITH] 9 = BLOWING SNOW
X = TORNADO
MAX 32 OR BELOW: 0 0.01 INCH OR MORE: 9
MAX 90 OR ABOVE: 4 0.10 INCH OR MORE: 4
MIN 32 OR BELOW: 0 0.50 INCH OR MORE: 2
MIN 0 OR BELOW: 0 1.00 INCH OR MORE: 2
[HDD (BASE 65) ]
TOTAL THIS MO. 0 CLEAR (SCALE 0-3) 15
DPTR FM NORMAL M PTCLDY (SCALE 4-7) 12
TOTAL FM JUL 1 0 CLOUDY (SCALE 8-10) 4
DPTR FM NORMAL M
[CDD (BASE 65) ]
TOTAL THIS MO. 214
DPTR FM NORMAL M [PRESSURE DATA]
TOTAL FM JAN 1 931 HIGHEST SLP M ON M
DPTR FM NORMAL M LOWEST SLP M ON M
[REMARKS]
#FINAL-08-21#