000
CXUS54 KHUN 010910
CF6MSL
PRELIMINARY LOCAL CLIMATOLOGICAL DATA (WS FORM: F-6)
STATION: MUSCLE SHOALS
MONTH: NOVEMBER
YEAR: 2020
LATITUDE: 34 45 N
LONGITUDE: 87 37 W
TEMPERATURE IN F: :PCPN: SNOW: WIND :SUNSHINE: SKY :PK WND
================================================================================
1 2 3 4 5 6A 6B 7 8 9 10 11 12 13 14 15 16 17 18
12Z AVG MX 2MIN
DY MAX MIN AVG DEP HDD CDD WTR SNW DPTH SPD SPD DIR MIN PSBL S-S WX SPD DR
================================================================================
1 69 47 58 1 7 0 0.00 0.0 0 8.1 20 310 M M 1 27 310
2 58 37 48 -9 17 0 0.00 0.0 0 3.6 14 30 M M 0 8 19 40
3 69 35 52 -4 13 0 0.00 0.0 0 1.8 8 250 M M 0 8 10 260
4 75 39 57 1 8 0 0.00 0.0 0 2.2 8 130 M M 0 10 130
5 72 43 58 2 7 0 0.00 0.0 0 2.9 9 140 M M 0 14 140
6 76 44 60 5 5 0 0.00 0.0 0 1.9 9 70 M M 0 1 13 80
7 78 49 64 9 1 0 0.00 0.0 0 4.8 15 110 M M 4 18 19 120
8 82 59 71 16 0 6 0.00 0.0 0 8.8 21 140 M M 4 1 26 150
9 81 62 72 18 0 7 0.00 0.0 0 6.4 20 140 M M 4 24 140
10 75 63 69 15 0 4 0.12 0.0 0 6.1 15 140 M M 8 18 19 140
11 75 58 67 13 0 2 0.02 0.0 0 5.4 13 30 M M 10 18 17 20
12 71 49 60 7 5 0 0.00 0.0 0 3.9 10 20 M M 3 16 20
13 72 45 59 6 6 0 0.00 0.0 0 3.0 10 310 M M 2 24 30
14 78 43 61 8 4 0 0.00 0.0 0 6.3 17 150 M M 2 22 190
15 71 43 57 5 8 0 0.03 0.0 0 13.2 37 280 M M 4 8 48 260
16 66 35 51 -1 14 0 0.00 0.0 0 2.0 9 20 M M 0 11 350
17 65 38 52 0 13 0 0.00 0.0 0 6.4 20 350 M M 0 26 350
18 64 34 49 -2 16 0 0.00 0.0 0 4.7 10 100 M M 0 14 150
19 69 40 55 4 10 0 0.00 0.0 0 7.7 18 160 M M 0 8 23 170
20 73 42 58 7 7 0 0.00 0.0 0 3.4 10 190 M M 2 14 220
21 74 43 59 9 6 0 0.00 0.0 0 1.2 8 140 M M 1 12 11 140
22 70 47 59 9 6 0 0.02 0.0 0 7.1 17 320 M M 8 1 26 340
23 58 38 48 -2 17 0 0.00 0.0 0 6.2 13 60 M M 0 16 10
24 66 32 49 0 16 0 0.00 0.0 0 7.9 21 150 M M 0 1 30 160
25 70 51 61 12 4 0 0.32 0.0 0 11.7 26 160 M M 5 1 35 160
26 64 40 52 4 13 0 0.00 0.0 0 0.9 8 310 M M 1 12 13 260
27 65 38 52 4 13 0 0.25 0.0 0 3.1 24 260 M M 6 123 29 260
28 58 43 51 3 14 0 0.00 0.0 0 4.9 13 20 M M 3 18 17 20
29 53 41 47 -1 18 0 1.09 0.0 0 3.6 20 320 M M 6 18 29 350
30 45 30 38 -9 27 0 0.04 T 0 12.1 22 310 M M 8 1 30 300
================================================================================
SM 2062 1308 275 19 1.89 T 161.3 M 82
================================================================================
AV 68.7 43.6 5.4 FASTST M M 3 MAX(MPH)
MISC ----> 37 280 48 260
================================================================================
NOTES:
# LAST OF SEVERAL OCCURRENCES
COLUMN 17 PEAK WIND IN M.P.H.
PRELIMINARY LOCAL CLIMATOLOGICAL DATA (WS FORM: F-6) , PAGE 2
STATION: MUSCLE SHOALS
MONTH: NOVEMBER
YEAR: 2020
LATITUDE: 34 45 N
LONGITUDE: 87 37 W
[TEMPERATURE DATA] [PRECIPITATION DATA] SYMBOLS USED IN COLUMN 16
AVERAGE MONTHLY: 56.2 TOTAL FOR MONTH: 1.89 1 = FOG OR MIST
DPTR FM NORMAL: 4.1 DPTR FM NORMAL: -2.77 2 = FOG REDUCING VISIBILITY
HIGHEST: 82 ON 8 GRTST 24HR 1.13 ON 29-30 TO 1/4 MILE OR LESS
LOWEST: 30 ON 30 3 = THUNDER
SNOW, ICE PELLETS, HAIL 4 = ICE PELLETS
TOTAL MONTH: T 5 = HAIL
GRTST 24HR T ON 30-30 6 = FREEZING RAIN OR DRIZZLE
GRTST DEPTH: 0 7 = DUSTSTORM OR SANDSTORM:
VSBY 1/2 MILE OR LESS
8 = SMOKE OR HAZE
[NO. OF DAYS WITH] [WEATHER - DAYS WITH] 9 = BLOWING SNOW
X = TORNADO
MAX 32 OR BELOW: 0 0.01 INCH OR MORE: 8
MAX 90 OR ABOVE: 0 0.10 INCH OR MORE: 4
MIN 32 OR BELOW: 2 0.50 INCH OR MORE: 1
MIN 0 OR BELOW: 0 1.00 INCH OR MORE: 1
[HDD (BASE 65) ]
TOTAL THIS MO. 275 CLEAR (SCALE 0-3) 19
DPTR FM NORMAL -119 PTCLDY (SCALE 4-7) 9
TOTAL FM JUL 1 350 CLOUDY (SCALE 8-10) 2
DPTR FM NORMAL -215
[CDD (BASE 65) ]
TOTAL THIS MO. 19
DPTR FM NORMAL 12 [PRESSURE DATA]
TOTAL FM JAN 1 2148 HIGHEST SLP 30.59 ON 18
DPTR FM NORMAL 277 LOWEST SLP 29.81 ON 29
[REMARKS]
#FINAL-11-20#