000
CXUS53 KMKX 011832
CLSMSN
CLIMATE REPORT
NATIONAL WEATHER SERVICE MILWAUKEE/SULLIVAN WI
132 PM CDT FRI SEP 01 2023
...................................
...THE MADISON WI CLIMATE SUMMARY FOR THE SEASON, FROM
6/1/2023 TO 8/31/2023...
CLIMATE NORMAL PERIOD 1991 TO 2020
CLIMATE RECORD PERIOD 1871 TO 2023
WEATHER OBSERVED NORMAL DEPART LAST YEAR`S
VALUE DATE(S) VALUE FROM VALUE DATE(S)
NORMAL
................................................................
TEMPERATURE (F)
RECORD
HIGH 107 07/14/1936
LOW 31 06/10/1972
HIGHEST 96 08/23 94 2 96 06/14
LOWEST 38 06/12 43 -5 46 06/04
AVG. MAXIMUM 82.4 80.2 2.2 81.0
AVG. MINIMUM 59.0 59.5 -0.5 60.3
MEAN 70.7 69.9 0.8 70.7
DAYS MAX >= 90 11 7.6 3.4 8
DAYS MAX <= 32 0 0.0 0.0 0
DAYS MIN <= 32 0 0.0 0.0 0
DAYS MIN <= 0 0 0.0 0.0 0
PRECIPITATION (INCHES)
RECORD
MAXIMUM 22.69 2007
MINIMUM 3.88 1895
TOTALS 9.77 13.95 -4.18 15.20
DAILY AVG. 0.11 0.15 -0.04 0.17
DAYS >= .01 20 31.3 -11.3 33
DAYS >= .10 14 20.5 -6.5 22
DAYS >= .50 6 9.0 -3.0 10
DAYS >= 1.00 3 4.3 -1.3 5
GREATEST
24 HR. TOTAL 2.01 08/13 TO 08/14 2.02 08/24 TO 08/25
DEGREE DAYS
HEATING TOTAL 55 76 -21 38
SINCE 7/1 14 26 -12 5
COOLING TOTAL 605 524 81 584
SINCE 1/1 646 563 83 703
FREEZE DATES
RECORD
EARLIEST 09/12/1955
LATEST 05/31/1966
EARLIEST MM
LATEST 04/26
................................................................
WIND (MPH)
AVERAGE WIND SPEED 5.4
RESULTANT WIND SPEED/DIRECTION 1/060
HIGHEST WIND SPEED/DIRECTION 38/340 DATE 07/28
HIGHEST GUST SPEED/DIRECTION 58/340 DATE 07/28
SKY COVER
AVERAGE SKY COVER 0.46
NUMBER OF DAYS FAIR 30
NUMBER OF DAYS PC 52
NUMBER OF DAYS CLOUDY 10
AVERAGE RH (PERCENT) 66
WEATHER CONDITIONS. NUMBER OF DAYS WITH
THUNDERSTORM 19 MIXED PRECIP 0
HEAVY RAIN 11 RAIN 8
LIGHT RAIN 25 FREEZING RAIN 0
LT FREEZING RAIN 0 HAIL 1
HEAVY SNOW 0 SNOW 0
LIGHT SNOW 0 SLEET 0
FOG 42 FOG W/VIS <= 1/4 MILE 3
HAZE 23
- INDICATES NEGATIVE NUMBERS.
R INDICATES RECORD WAS SET OR TIED.
MM INDICATES DATA IS MISSING.
T INDICATES TRACE AMOUNT.
$$