000
CXUS53 KMPX 011335
CLMMSP
CLIMATE REPORT
NATIONAL WEATHER SERVICE TWIN CITIES/CHANHASSEN MN
835 AM CDT SAT JUL 01 2023
...................................
...THE TWIN CITIES MN CLIMATE SUMMARY FOR THE MONTH OF JUNE 2023...
CLIMATE NORMAL PERIOD 1991 TO 2020
CLIMATE RECORD PERIOD 1871 TO 2023
WEATHER OBSERVED NORMAL DEPART LAST YEAR`S
VALUE DATE(S) VALUE FROM VALUE DATE(S)
NORMAL
................................................................
TEMPERATURE (F)
RECORD
HIGH 104 06/27/1934
LOW 34 06/03/1945
HIGHEST 92 06/21 89 3 101 06/20
06/22
06/23
LOWEST 50 06/11 52 -2 51 06/01
AVG. MAXIMUM 85.5 79.0 6.5 83.1
AVG. MINIMUM 64.4 60.4 4.0 63.0
MEAN 74.9 69.7 5.3 73.0
DAYS MAX >= 90 9 2.9 6.1 8
DAYS MAX <= 32 0 0.0 0.0 0
DAYS MIN <= 32 0 0.0 0.0 0
DAYS MIN <= 0 0 0.0 0.0 0
PRECIPITATION (INCHES)
RECORD
MAXIMUM 11.36 2014
MINIMUM 0.22 1988
TOTALS 0.93 4.58 -3.65 1.13
DAILY AVG. 0.03 0.15 -0.12 0.04
DAYS >= .01 8 11.8 -3.8 10
DAYS >= .10 1 7.5 -6.5 6
DAYS >= .50 1 3.1 -2.1 0
DAYS >= 1.00 0 1.2 -1.2 0
GREATEST
24 HR. TOTAL 0.69 06/25 TO 06/25
SNOWFALL (INCHES)
RECORDS
TOTAL T 2017
TOTALS 0.0 0.0 0.0 0.0
SINCE 7/1 90.3 51.2 39.1 MM
SNOWDEPTH AVG. 0 0
DAYS >= 1.0 0 0.0 0.0 0
GREATEST
SNOW DEPTH 0 0 MM
24 HR TOTAL 0.0
DEGREE DAYS
HEATING TOTAL 4 34 -30 8
SINCE 7/1 7248 7397 -149 MM
COOLING TOTAL 310 175 135 256
SINCE 1/1 419 224 195 MM
................................................................
WIND (MPH)
AVERAGE WIND SPEED 8.1
HIGHEST WIND SPEED/DIRECTION 43/110 DATE 06/24
HIGHEST GUST SPEED/DIRECTION 54/120 DATE 06/24
SKY COVER
POSSIBLE SUNSHINE (PERCENT) MM
AVERAGE SKY COVER 0.46
NUMBER OF DAYS FAIR 12
NUMBER OF DAYS PC 14
NUMBER OF DAYS CLOUDY 4
AVERAGE RH (PERCENT) 55
WEATHER CONDITIONS. NUMBER OF DAYS WITH
THUNDERSTORM 7 MIXED PRECIP 0
HEAVY RAIN 1 RAIN 4
LIGHT RAIN 8 FREEZING RAIN 0
LT FREEZING RAIN 0 HAIL 0
HEAVY SNOW 0 SNOW 0
LIGHT SNOW 0 SLEET 0
FOG 7 FOG W/VIS <= 1/4 MILE 0
HAZE 16
- INDICATES NEGATIVE NUMBERS.
R INDICATES RECORD WAS SET OR TIED.
MM INDICATES DATA IS MISSING.
T INDICATES TRACE AMOUNT.
$$