000
CXUS51 KBTV 010800
CF6MSS
PRELIMINARY LOCAL CLIMATOLOGICAL DATA (WS FORM: F-6)
STATION: MASSENA NY
MONTH: FEBRUARY
YEAR: 2023
LATITUDE: 44 55 N
LONGITUDE: 74 51 W
TEMPERATURE IN F: :PCPN: SNOW: WIND :SUNSHINE: SKY :PK WND
================================================================================
1 2 3 4 5 6A 6B 7 8 9 10 11 12 13 14 15 16 17 18
12Z AVG MX 2MIN
DY MAX MIN AVG DEP HDD CDD WTR SNW DPTH SPD SPD DIR MIN PSBL S-S WX SPD DR
================================================================================
1 23 -17 3 -12 62 0 0.00 M M 7.3 23 220 M M 6 18 27 220
2 31 9 20 5 45 0 T M M 17.6 33 230 M M 10 1289 46 280
3 9 -18 -4 -19 69 0 T M M 15.8 25 300 M M 6 89 33 310
4 1 -28 -13 -28 78 0 0.00 M M 7.0 16 270 M M 4 23 250
5 42 1 22 7 43 0 T M M 8.2 23 220 M M 9 1 34 240
6 37 4 21 6 44 0 T M M 5.9 14 300 M M 5 1 17 310
7 41 -1 20 4 45 0 0.02 M M 5.8 21 270 M M 4 28 260
8 41 32 37 21 28 0 0.00 M M 11.5 23 220 M M 6 31 220
9 35 19 27 11 38 0 0.61 M M 6.4 17 60 M M 6 1268 22 60
10 44 31 38 22 27 0 0.04 M M 14.5 32 220 M M 10 1 47 220
11 32 21 27 11 38 0 0.02 M M 13.8 29 220 M M 5 18 35 210
12 44 22 33 16 32 0 0.00 M M 6.3 17 220 M M 2 22 220
13 42 14 28 11 37 0 0.00 M M 3.4 13 270 M M 4 1 M M
14 43 23 33 16 32 0 0.00 M M 6.4 14 260 M M 2 20 260
15 55 24 40 22 25 0 0.02 M M 9.5 23 200 M M 6 32 200
16 45 32 39 21 26 0 T M M 8.4 17 220 M M 9 24 250
17 32 11 22 4 43 0 0.30 M M 12.3 29 60 M M 10 1268 36 50
18 31 3 17 -1 48 0 T M M 10.4 24 210 M M 6 8 32 230
19 46 29 38 19 27 0 0.00 M M 6.8 20 210 M M 6 26 200
20 44 22 33 14 32 0 0.02 M M 9.3 26 300 M M 8 1 38 290
21 32 13 23 4 42 0 0.02 M M 10.1 20 70 M M 4 128 24 70
22 25 11 18 -2 47 0 T M M 8.5 21 60 M M 5 8 27 280
23 17 11 14 -6 51 0 0.05 M M 14.2 28 60 M M 10 128 35 30
24 13 -10 2 -18 63 0 T M M 8.0 17 280 M M 5 18 22 280
25 10 -16 -3 -24 68 0 0.01 M M 1.7 9 80 M M 4 18 11 60
26 28 -8 10 -11 55 0 T M M 4.5 14 320 M M 7 18 19 310
27 26 1 14 -8 51 0 0.00 M M 8.7 20 60 M M 2 24 60
28 34 20 27 5 38 0 0.21 M M 11.8 25 210 M M 10 12 32 210
================================================================================
SM 903 255 1234 0 1.32 M 254.1 M 171
================================================================================
AV 32.3 9.1 9.1 FASTST M M 6 MAX(MPH)
MISC ----> 33 230 47 220
================================================================================
NOTES:
# LAST OF SEVERAL OCCURRENCES
COLUMN 17 PEAK WIND IN M.P.H.
PRELIMINARY LOCAL CLIMATOLOGICAL DATA (WS FORM: F-6) , PAGE 2
STATION: MASSENA NY
MONTH: FEBRUARY
YEAR: 2023
LATITUDE: 44 55 N
LONGITUDE: 74 51 W
[TEMPERATURE DATA] [PRECIPITATION DATA] SYMBOLS USED IN COLUMN 16
AVERAGE MONTHLY: 20.7 TOTAL FOR MONTH: 1.32 1 = FOG OR MIST
DPTR FM NORMAL: 2.9 DPTR FM NORMAL: -0.26 2 = FOG REDUCING VISIBILITY
HIGHEST: 55 ON 15 GRTST 24HR 0.63 ON 9-10 TO 1/4 MILE OR LESS
LOWEST: -28 ON 4 3 = THUNDER
SNOW, ICE PELLETS, HAIL 4 = ICE PELLETS
TOTAL MONTH: M 5 = HAIL
GRTST 24HR M ON M 6 = FREEZING RAIN OR DRIZZLE
GRTST DEPTH: M ON M 7 = DUSTSTORM OR SANDSTORM:
VSBY 1/2 MILE OR LESS
8 = SMOKE OR HAZE
[NO. OF DAYS WITH] [WEATHER - DAYS WITH] 9 = BLOWING SNOW
X = TORNADO
MAX 32 OR BELOW: 14 0.01 INCH OR MORE: 11
MAX 90 OR ABOVE: 0 0.10 INCH OR MORE: 3
MIN 32 OR BELOW: 28 0.50 INCH OR MORE: 1
MIN 0 OR BELOW: 7 1.00 INCH OR MORE: 0
[HDD (BASE 65) ]
TOTAL THIS MO. 1234 CLEAR (SCALE 0-3) 3
DPTR FM NORMAL -89 PTCLDY (SCALE 4-7) 17
TOTAL FM JUL 1 5179 CLOUDY (SCALE 8-10) 8
DPTR FM NORMAL -627
[CDD (BASE 65) ]
TOTAL THIS MO. 0
DPTR FM NORMAL 0 [PRESSURE DATA]
TOTAL FM JAN 1 0 HIGHEST SLP 30.68 ON 25
DPTR FM NORMAL 0 LOWEST SLP 29.45 ON 21
[REMARKS]
#FINAL-02-23#