000
CXUS51 KBTV 010800
CF6MSS
PRELIMINARY LOCAL CLIMATOLOGICAL DATA (WS FORM: F-6)
STATION: MASSENA NY
MONTH: OCTOBER
YEAR: 2020
LATITUDE: 44 55 N
LONGITUDE: 74 51 W
TEMPERATURE IN F: :PCPN: SNOW: WIND :SUNSHINE: SKY :PK WND
================================================================================
1 2 3 4 5 6A 6B 7 8 9 10 11 12 13 14 15 16 17 18
12Z AVG MX 2MIN
DY MAX MIN AVG DEP HDD CDD WTR SNW DPTH SPD SPD DIR MIN PSBL S-S WX SPD DR
================================================================================
1 65 41 53 1 12 0 0.13 M M 9.9 22 260 M M 7 123 28 270
2 56 39 48 -4 17 0 0.03 M M 3.3 14 220 M M 7 128 16 220
3 53 36 45 -6 20 0 0.01 M M 1.4 10 300 M M 7 12 13 310
4 62 38 50 -1 15 0 0.00 M M 1.5 9 250 M M 7 13 240
5 61 40 51 1 14 0 T M M 3.1 16 280 M M 6 1 20 260
6 64 35 50 0 15 0 T M M 7.1 24 220 M M 5 1 31 210
7 62 47 55 5 10 0 0.75 M M 14.9 31 290 M M 9 13 42 290
8 51 38 45 -4 20 0 T M M 10.4 23 280 M M 7 31 270
9 62 27 45 -4 20 0 T M M 6.5 18 250 M M 2 26 220
10 73 47 60 12 5 0 0.35 M M 18.2 32 220 M M 4 13 44 210
11 51 37 44 -4 21 0 0.00 M M 8.4 15 40 M M 0 19 350
12 61 34 48 0 17 0 0.00 M M 6.9 15 60 M M 3 19 60
13 58 44 51 4 14 0 0.36 M M 3.4 12 210 M M 10 12 14 220
14 61 38 50 3 15 0 T M M 5.2 21 260 M M 3 12 27 270
15 74 39 57 11 8 0 0.14 M M 10.7 29 210 M M 4 1 40 200
16 51 34 43 -3 22 0 0.23 M M 6.5 15 210 M M 7 1 19 210
17 57 32 45 -1 20 0 0.00 M M 4.2 20 230 M M 1 1 24 220
18 60 30 45 0 20 0 0.00 M M 6.1 20 180 M M 3 25 170
19 59 45 52 7 13 0 0.33 M M 6.5 23 210 M M 10 1 28 210
20 50 38 44 -1 21 0 0.64 M M 5.8 13 70 M M 8 1 16 70
21 69 40 55 11 10 0 0.23 M M 11.3 26 220 M M 8 1 37 190
22 56 36 46 2 19 0 0.02 M M 2.2 8 70 M M 7 1 11 70
23 79 45 62 18 3 0 0.00 M M 9.9 24 210 M M 5 32 220
24 71 38 55 12 10 0 0.17 M M 11.9 25 210 M M 10 1 39 280
25 43 32 38 -5 27 0 0.00 M M 8.4 14 60 M M 2 18 50
26 43 34 39 -4 26 0 0.29 M M 5.5 14 60 M M 10 16 17 60
27 38 32 35 -7 30 0 T M M 4.4 10 350 M M 9 13 10
28 48 33 41 -1 24 0 0.01 M M 9.2 21 210 M M 9 1 26 210
29 44 33 39 -3 26 0 T M M 7.8 23 40 M M 9 1 27 30
30 38 19 29 -12 36 0 0.00 M M 8.1 21 50 M M 2 25 40
31 44 15 30 -11 35 0 0.00 M M 3.4 14 220 M M 0 17 220
================================================================================
SM 1764 1116 565 0 3.69 M 222.1 M 181
================================================================================
AV 56.9 36.0 7.2 FASTST M M 6 MAX(MPH)
MISC ----> 32 220 44 210
================================================================================
NOTES:
# LAST OF SEVERAL OCCURRENCES
COLUMN 17 PEAK WIND IN M.P.H.
PRELIMINARY LOCAL CLIMATOLOGICAL DATA (WS FORM: F-6) , PAGE 2
STATION: MASSENA NY
MONTH: OCTOBER
YEAR: 2020
LATITUDE: 44 55 N
LONGITUDE: 74 51 W
[TEMPERATURE DATA] [PRECIPITATION DATA] SYMBOLS USED IN COLUMN 16
AVERAGE MONTHLY: 46.5 TOTAL FOR MONTH: 3.69 1 = FOG OR MIST
DPTR FM NORMAL: 0.2 DPTR FM NORMAL: 0.38 2 = FOG REDUCING VISIBILITY
HIGHEST: 79 ON 23 GRTST 24HR 0.97 ON 19-20 TO 1/4 MILE OR LESS
LOWEST: 15 ON 31 3 = THUNDER
SNOW, ICE PELLETS, HAIL 4 = ICE PELLETS
TOTAL MONTH: M 5 = HAIL
GRTST 24HR M ON M 6 = FREEZING RAIN OR DRIZZLE
GRTST DEPTH: M ON M 7 = DUSTSTORM OR SANDSTORM:
VSBY 1/2 MILE OR LESS
8 = SMOKE OR HAZE
[NO. OF DAYS WITH] [WEATHER - DAYS WITH] 9 = BLOWING SNOW
X = TORNADO
MAX 32 OR BELOW: 0 0.01 INCH OR MORE: 15
MAX 90 OR ABOVE: 0 0.10 INCH OR MORE: 11
MIN 32 OR BELOW: 7 0.50 INCH OR MORE: 2
MIN 0 OR BELOW: 0 1.00 INCH OR MORE: 0
[HDD (BASE 65) ]
TOTAL THIS MO. 565 CLEAR (SCALE 0-3) 7
DPTR FM NORMAL -16 PTCLDY (SCALE 4-7) 15
TOTAL FM JUL 1 849 CLOUDY (SCALE 8-10) 9
DPTR FM NORMAL -34
[CDD (BASE 65) ]
TOTAL THIS MO. 0
DPTR FM NORMAL -2 [PRESSURE DATA]
TOTAL FM JAN 1 583 HIGHEST SLP 30.53 ON 31
DPTR FM NORMAL 220 LOWEST SLP 29.35 ON 7
[REMARKS]
#FINAL-10-20#