000
CXUS53 KILX 011748
CLAMTO
CLIMATE REPORT
NATIONAL WEATHER SERVICE LINCOLN IL
1219 PM CST SUN JAN 01 2023
...................................
...THE MATTOON IL AIRPORT CLIMATE SUMMARY FOR THE YEAR OF 2022...
CLIMATE NORMAL PERIOD 1991 TO 2020
CLIMATE RECORD PERIOD 9999 TO 9999
WEATHER OBSERVED NORMAL DEPART LAST YEAR`S
VALUE DATE(S) VALUE FROM VALUE
NORMAL
..............................................................
TEMPERATURE (F)
RECORD
HIGH MM MM
LOW MM MM
HIGHEST 98 07/05 MM MM 96
LOWEST -9 12/23 MM MM -7
AVG. MAXIMUM 63.1 62.8 0.3 64.0
AVG. MINIMUM 43.6 44.0 -0.4 45.7
MEAN 53.4 53.4 -0.0 54.8
DAYS MAX >= 90 22 20.1 1.9 12
DAYS MAX <= 32 33 29.6 3.4 23
DAYS MIN <= 32 102 106.3 -4.3 99
DAYS MIN <= 0 5 3.9 1.1 5
PRECIPITATION (INCHES)
RECORD
MAXIMUM MM MM
MINIMUM MM MM
TOTALS 33.93 36.00 -2.07 49.20
DAILY AVG. 0.10 0.14
DAYS >= .01 107 107.9 -0.9 118
DAYS >= .10 62 61.6 0.4 78
DAYS >= .50 23 23.9 -0.9 32
DAYS >= 1.00 9 8.1 0.9 11
GREATEST
24 HR. TOTAL 3.19 07/07 TO 07/08 3.38
DEGREE DAYS
HEATING TOTAL 5365 5297 68 4890
COOLING TOTAL 1255 1116 139 1338
FREEZE DATES
RECORD
EARLIEST MM
LATEST MM
EARLIEST 10/18
LATEST 04/19
..............................................................
SKY COVER
POSSIBLE SUNSHINE (PERCENT) MM
- INDICATES NEGATIVE NUMBERS.
R INDICATES RECORD WAS SET OR TIED.
MM INDICATES DATA IS MISSING.
T INDICATES TRACE AMOUNT.
$$
GEELHART