000
CXUS55 KBOI 011002
CF6MUO
PRELIMINARY LOCAL CLIMATOLOGICAL DATA (WS FORM: F-6)
STATION: MOUNTAIN HOME AFB
MONTH: APRIL
YEAR: 2023
LATITUDE: 43 2 N
LONGITUDE: 115 52 W
TEMPERATURE IN F: :PCPN: SNOW: WIND :SUNSHINE: SKY :PK WND
================================================================================
1 2 3 4 5 6A 6B 7 8 9 10 11 12 13 14 15 16 17 18
12Z AVG MX 2MIN
DY MAX MIN AVG DEP HDD CDD WTR SNW DPTH SPD SPD DIR MIN PSBL S-S WX SPD DR
================================================================================
1 54 35 45 -1 20 0 0.02 M M 8.8 36 290 M M 10 41 310
2 49 33 41 -6 24 0 0.01 M M 5.2 16 90 M M 9 M M
3 43 29 36 -11 29 0 T M M 19.1 28 300 M M 6 39 280
4 45 27 36 -11 29 0 T M M 25.3 37 300 M M 5 46 300
5 46 20 33 -14 32 0 0.00 M M 10.0 38 99 M M 2 22 300
6 54 26 40 -7 25 0 0.00 M M 19.2 25 100 M M 1 38 90
7 51 34 43 -4 22 0 0.01 M M 18.8 29 110 M M 4 40 100
8 61 30 46 -2 19 0 0.00 M M 7.0 12 90 M M 4 M M
9 71 34 53 5 12 0 0.00 M M 11.8 20 100 M M 1 20 120
10 78 44 61 13 4 0 0.00 M M 20.8 29 90 M M 0 39 80
11 71 41 56 8 9 0 0.00 M M 13.2 31 320 M M 4 44 310
12 51 30 41 -8 24 0 0.00 M M 16.6 28 320 M M 6 44 330
13 49 30 40 -9 25 0 T M M 15.9 25 290 M M 4 36 300
14 54 22 38 -11 27 0 0.00 M M 5.9 15 310 M M 3 8 20 310
15 63 25 44 -5 21 0 0.00 M M 13.4 23 100 M M 1 30 110
16 73 39 56 7 9 0 0.00 M M 18.1 27 110 M M 1 36 110
17 59 33 46 -4 19 0 0.00 M M 7.0 22 240 M M 6 32 240
18 46 24 35 -15 30 0 0.03 M M 14.9 25 260 M M 7 1 37 270
19 49 17 33 -17 32 0 T M M 6.1 20 320 M M 3 35 310
20 51 22 37 -13 28 0 0.00 M M 7.2 16 320 M M 3 25 280
21 53 35 44 -7 21 0 0.05 M M 12.0 27 310 M M 8 36 310
22 58 37 48 -3 17 0 0.00 M M 8.9 16 320 M M 6 23 300
23 61 32 47 -4 18 0 0.02 M M 8.2 18 100 M M 4 24 100
24 56 38 47 -5 18 0 0.00 M M 15.5 31 300 M M 5 40 310
25 63 35 49 -3 16 0 0.00 M M 15.7 24 290 M M 0 33 300
26 72 31 52 0 13 0 0.00 M M 7.1 15 310 M M 0 21 310
27 73 38 56 4 9 0 0.00 M M 13.8 27 310 M M 2 36 300
28 74 40 57 4 8 0 0.00 M M 11.0 25 80 M M 0 30 100
29 84 40 62 9 3 0 0.00 M M 5.6 10 90 M M 0 M M
30 87 47 67 14 0 2 0.00 M M 9.0 16 120 M M 1 36 200
================================================================================
SM 1799 968 563 2 0.14 M 371.1 M 106
================================================================================
AV 60.0 32.3 12.4 FASTST M M 4 MAX(MPH)
MISC ----> 38 99 46 300
================================================================================
NOTES:
# LAST OF SEVERAL OCCURRENCES
COLUMN 17 PEAK WIND IN M.P.H.
PRELIMINARY LOCAL CLIMATOLOGICAL DATA (WS FORM: F-6) , PAGE 2
STATION: MOUNTAIN HOME AFB
MONTH: APRIL
YEAR: 2023
LATITUDE: 43 2 N
LONGITUDE: 115 52 W
[TEMPERATURE DATA] [PRECIPITATION DATA] SYMBOLS USED IN COLUMN 16
AVERAGE MONTHLY: 46.1 TOTAL FOR MONTH: 0.14 1 = FOG OR MIST
DPTR FM NORMAL: -3.3 DPTR FM NORMAL: -0.89 2 = FOG REDUCING VISIBILITY
HIGHEST: 87 ON 30 GRTST 24HR 0.05 ON 21-21 TO 1/4 MILE OR LESS
LOWEST: 17 ON 19 3 = THUNDER
SNOW, ICE PELLETS, HAIL 4 = ICE PELLETS
TOTAL MONTH: M 5 = HAIL
GRTST 24HR M ON M 6 = FREEZING RAIN OR DRIZZLE
GRTST DEPTH: M ON M 7 = DUSTSTORM OR SANDSTORM:
VSBY 1/2 MILE OR LESS
8 = SMOKE OR HAZE
[NO. OF DAYS WITH] [WEATHER - DAYS WITH] 9 = BLOWING SNOW
X = TORNADO
MAX 32 OR BELOW: 0 0.01 INCH OR MORE: 6
MAX 90 OR ABOVE: 0 0.10 INCH OR MORE: 0
MIN 32 OR BELOW: 14 0.50 INCH OR MORE: 0
MIN 0 OR BELOW: 0 1.00 INCH OR MORE: 0
[HDD (BASE 65) ]
TOTAL THIS MO. 563 CLEAR (SCALE 0-3) 14
DPTR FM NORMAL 86 PTCLDY (SCALE 4-7) 13
TOTAL FM JUL 1 6009 CLOUDY (SCALE 8-10) 3
DPTR FM NORMAL 499
[CDD (BASE 65) ]
TOTAL THIS MO. 2
DPTR FM NORMAL 2 [PRESSURE DATA]
TOTAL FM JAN 1 2 HIGHEST SLP M ON M
DPTR FM NORMAL 2 LOWEST SLP M ON M
[REMARKS]
#FINAL-04-23#