000
CXUS55 KBOI 011002
CF6MUO
PRELIMINARY LOCAL CLIMATOLOGICAL DATA (WS FORM: F-6)
STATION: MOUNTAIN HOME AFB
MONTH: DECEMBER
YEAR: 2022
LATITUDE: 43 2 N
LONGITUDE: 115 52 W
TEMPERATURE IN F: :PCPN: SNOW: WIND :SUNSHINE: SKY :PK WND
================================================================================
1 2 3 4 5 6A 6B 7 8 9 10 11 12 13 14 15 16 17 18
12Z AVG MX 2MIN
DY MAX MIN AVG DEP HDD CDD WTR SNW DPTH SPD SPD DIR MIN PSBL S-S WX SPD DR
================================================================================
1 47 26 37 5 28 0 T M M 12.2 35 300 M M 9 44 300
2 34 21 28 -4 37 0 0.00 M M 8.2 13 130 M M 3 M M
3 37 18 28 -4 37 0 0.00 M M 14.1 17 130 M M 1 M M
4 36 26 31 -1 34 0 T M M 7.7 18 130 M M 10 126 M M
5 30 22 26 -5 39 0 T M M 2.6 6 350 M M 9 126 M M
6 32 26 29 -2 36 0 T M M 2.5 7 230 M M 9 12 M M
7 31 24 28 -3 37 0 T M M 3.9 8 180 M M 7 12 M M
8 38 17 28 -3 37 0 0.00 M M 14.4 24 90 M M 4 1 32 100
9 34 20 27 -3 38 0 0.16 M 2 11.3 23 80 M M 6 12 30 80
10 43 30 37 7 28 0 T M M 21.7 29 90 M M 7 38 110
11 43 33 38 8 27 0 T M M 12.5 24 80 M M 8 35 90
12 34 29 32 2 33 0 M M M 4.6 9 300 M M 10 1 M M
13 34 22 28 -2 37 0 T M M 7.5 15 330 M M 9 M M
14 30 20 25 -4 40 0 0.10 M M 7.9 14 290 M M 9 1 M M
15 28 10 19 -10 46 0 0.00 M M 7.9 21 320 M M 2 1 M M
16 27 20 24 -5 41 0 0.00 M M 4.7 12 340 M M 10 M M
17 26 7 17 -12 48 0 0.00 M M 6.3 13 90 M M 7 M M
18 22 3 13 -16 52 0 0.00 M M 7.7 10 110 M M 0 M M
19 20 3 12 -17 53 0 0.00 M M 4.8 12 110 M M 6 1 M M
20 30 15 23 -6 42 0 T M M 5.0 12 80 M M 7 M M
21 38 17 28 -1 37 0 T M M 11.7 20 270 M M 7 33 280
22 18 5 12 -17 53 0 0.00 M M 16.9 26 290 M M 3 37 110
23 24 12 18 -11 47 0 T M M 13.2 23 120 M M 10 189 M M
24 34 21 28 -1 37 0 T M M 4.3 12 320 M M 7 1 M M
25 30 23 27 -2 38 0 T M M 3.6 10 280 M M 9 126 M M
26 42 28 35 6 30 0 T M M 15.7 21 110 M M 8 12 M M
27 57 38 48 19 17 0 T M M 12.8 26 210 M M 6 40 210
28 43 28 36 7 29 0 0.00 M M 9.6 23 310 M M 7 24 300
29 36 23 30 1 35 0 0.00 M M 11.7 20 120 M M 6 M M
30 35 31 33 4 32 0 0.10 M 1 16.2 27 90 M M 9 32 100
31 38 30 34 5 31 0 T M M 8.1 15 310 M M 8 12 M M
================================================================================
SM 1051 648 1156 0 0.36 M 291.4 M 213
================================================================================
AV 33.9 20.9 9.4 FASTST M M 7 MAX(MPH)
MISC ----> 35 300 44 300
================================================================================
NOTES:
# LAST OF SEVERAL OCCURRENCES
COLUMN 17 PEAK WIND IN M.P.H.
PRELIMINARY LOCAL CLIMATOLOGICAL DATA (WS FORM: F-6) , PAGE 2
STATION: MOUNTAIN HOME AFB
MONTH: DECEMBER
YEAR: 2022
LATITUDE: 43 2 N
LONGITUDE: 115 52 W
[TEMPERATURE DATA] [PRECIPITATION DATA] SYMBOLS USED IN COLUMN 16
AVERAGE MONTHLY: 27.4 TOTAL FOR MONTH: 0.36 1 = FOG OR MIST
DPTR FM NORMAL: -2.3 DPTR FM NORMAL: -1.20 2 = FOG REDUCING VISIBILITY
HIGHEST: 57 ON 27 GRTST 24HR 0.16 ON 9- 9 TO 1/4 MILE OR LESS
LOWEST: 3 ON 19,18 3 = THUNDER
SNOW, ICE PELLETS, HAIL 4 = ICE PELLETS
TOTAL MONTH: M 5 = HAIL
GRTST 24HR M ON M 6 = FREEZING RAIN OR DRIZZLE
GRTST DEPTH: 2 ON 9 7 = DUSTSTORM OR SANDSTORM:
VSBY 1/2 MILE OR LESS
8 = SMOKE OR HAZE
[NO. OF DAYS WITH] [WEATHER - DAYS WITH] 9 = BLOWING SNOW
X = TORNADO
MAX 32 OR BELOW: 13 0.01 INCH OR MORE: 3
MAX 90 OR ABOVE: 0 0.10 INCH OR MORE: 3
MIN 32 OR BELOW: 29 0.50 INCH OR MORE: 0
MIN 0 OR BELOW: 0 1.00 INCH OR MORE: 0
[HDD (BASE 65) ]
TOTAL THIS MO. 1156 CLEAR (SCALE 0-3) 5
DPTR FM NORMAL 67 PTCLDY (SCALE 4-7) 15
TOTAL FM JUL 1 2577 CLOUDY (SCALE 8-10) 11
DPTR FM NORMAL 153
[CDD (BASE 65) ]
TOTAL THIS MO. 0
DPTR FM NORMAL 0 [PRESSURE DATA]
TOTAL FM JAN 1 1126 HIGHEST SLP M ON M
DPTR FM NORMAL 213 LOWEST SLP M ON M
[REMARKS]
#FINAL-12-22#