000
CXUS51 KBTV 010800
CF6MVL
PRELIMINARY LOCAL CLIMATOLOGICAL DATA (WS FORM: F-6)
STATION: MORRISVILLE VT
MONTH: OCTOBER
YEAR: 2020
LATITUDE: 44 31 N
LONGITUDE: 72 37 W
TEMPERATURE IN F: :PCPN: SNOW: WIND :SUNSHINE: SKY :PK WND
================================================================================
1 2 3 4 5 6A 6B 7 8 9 10 11 12 13 14 15 16 17 18
12Z AVG MX 2MIN
DY MAX MIN AVG DEP HDD CDD WTR SNW DPTH SPD SPD DIR MIN PSBL S-S WX SPD DR
================================================================================
1 67 42 55 4 10 0 T M M 5.8 16 210 M M 4 1 22 210
2 54 42 48 -3 17 0 0.36 M M 1.0 13 230 M M 9 12 18 230
3 58 43 51 1 14 0 0.03 M M 2.8 14 20 M M 9 1 16 20
4 61 36 49 -1 16 0 0.00 M M 2.3 12 210 M M 5 1 15 210
5 65 37 51 1 14 0 0.00 M M 3.3 12 220 M M 8 1 15 220
6 66 40 53 4 12 0 0.00 M M 6.5 23 210 M M 9 1 32 210
7 63 48 56 7 9 0 M M M 6.5 18 190 M M 8 138 35 330
8 50 31 41 -7 24 0 T M M 7.4 16 310 M M 9 18 28 310
9 57 26 42 -6 23 0 0.00 M M 2.7 14 200 M M 2 19 220
10 74 44 59 11 6 0 0.72 M M 10.8 28 350 M M 4 13 38 340
11 53 28 41 -6 24 0 0.00 M M 5.3 17 10 M M 3 22 340
12 58 26 42 -5 23 0 0.00 M M 5.5 17 160 M M 1 22 170
13 50 44 47 1 18 0 0.27 M M 4.5 16 170 M M 9 1 21 190
14 65 35 50 4 15 0 T M M 3.8 16 310 M M 3 1 23 230
15 74 36 55 9 10 0 0.01 M M 7.7 26 170 M M 2 36 180
16 54 44 49 3 16 0 0.89 M M 2.3 9 350 M M 10 1 12 350
17 54 30 42 -3 23 0 0.26 M M 3.6 17 330 M M 5 1 24 270
18 59 27 43 -2 22 0 0.00 M M 7.7 23 170 M M 1 1 30 170
19 57 40 49 5 16 0 0.11 M M 2.4 14 180 M M 9 1 17 170
20 59 46 53 9 12 0 0.20 M M 3.4 15 10 M M 10 1 21 350
21 65 47 56 12 9 0 0.18 M M 5.9 18 180 M M 9 1 27 180
22 59 40 50 6 15 0 0.00 M M 2.2 8 10 M M 6 1 11 340
23 70 48 59 16 6 0 T M M 7.3 20 170 M M 7 27 170
24 65 41 53 10 12 0 0.04 M M 7.7 18 350 M M 8 1 25 340
25 45 29 37 -6 28 0 0.00 M M 4.7 16 10 M M 6 19 340
26 45 31 38 -4 27 0 0.29 M M 4.6 15 340 M M 10 1 22 340
27 42 30 36 -6 29 0 0.02 M M 5.1 13 10 M M 9 1 18 350
28 50 32 41 -1 24 0 T M M 2.9 10 190 M M 10 1 13 190
29 46 33 40 -1 25 0 0.19 M M 3.1 13 50 M M 9 1 16 70
30 39 20 30 -11 35 0 0.00 M M 6.1 14 10 M M 1 1 17 360
31 44 15 30 -11 35 0 0.00 M M 1.7 12 190 M M 0 15 220
================================================================================
SM 1768 1111 569 0 3.57 M 146.6 M 195
================================================================================
AV 57.0 35.8 4.7 FASTST M M 6 MAX(MPH)
MISC ----> 28 350 38 340
================================================================================
NOTES:
# LAST OF SEVERAL OCCURRENCES
COLUMN 17 PEAK WIND IN M.P.H.
PRELIMINARY LOCAL CLIMATOLOGICAL DATA (WS FORM: F-6) , PAGE 2
STATION: MORRISVILLE VT
MONTH: OCTOBER
YEAR: 2020
LATITUDE: 44 31 N
LONGITUDE: 72 37 W
[TEMPERATURE DATA] [PRECIPITATION DATA] SYMBOLS USED IN COLUMN 16
AVERAGE MONTHLY: 46.4 TOTAL FOR MONTH: 3.57 1 = FOG OR MIST
DPTR FM NORMAL: 0.7 DPTR FM NORMAL: 0.46 2 = FOG REDUCING VISIBILITY
HIGHEST: 74 ON 15,10 GRTST 24HR 0.89 ON 15-16 TO 1/4 MILE OR LESS
LOWEST: 15 ON 31 3 = THUNDER
SNOW, ICE PELLETS, HAIL 4 = ICE PELLETS
TOTAL MONTH: M 5 = HAIL
GRTST 24HR M ON M 6 = FREEZING RAIN OR DRIZZLE
GRTST DEPTH: M ON M 7 = DUSTSTORM OR SANDSTORM:
VSBY 1/2 MILE OR LESS
8 = SMOKE OR HAZE
[NO. OF DAYS WITH] [WEATHER - DAYS WITH] 9 = BLOWING SNOW
X = TORNADO
MAX 32 OR BELOW: 0 0.01 INCH OR MORE: 14
MAX 90 OR ABOVE: 0 0.10 INCH OR MORE: 10
MIN 32 OR BELOW: 12 0.50 INCH OR MORE: 2
MIN 0 OR BELOW: 0 1.00 INCH OR MORE: 0
[HDD (BASE 65) ]
TOTAL THIS MO. 569 CLEAR (SCALE 0-3) 7
DPTR FM NORMAL -30 PTCLDY (SCALE 4-7) 10
TOTAL FM JUL 1 855 CLOUDY (SCALE 8-10) 14
DPTR FM NORMAL -75
[CDD (BASE 65) ]
TOTAL THIS MO. 0
DPTR FM NORMAL 0 [PRESSURE DATA]
TOTAL FM JAN 1 455 HIGHEST SLP 30.54 ON 31
DPTR FM NORMAL 190 LOWEST SLP 29.35 ON 7
[REMARKS]
#FINAL-10-20#