541
CXUS56 KOTX 011010
CF6MWH
PRELIMINARY LOCAL CLIMATOLOGICAL DATA (WS FORM: F-6)
STATION: MOSES LAKE WA AIRPORT
MONTH: DECEMBER
YEAR: 2020
LATITUDE: 47 12 N
LONGITUDE: 119 19 W
TEMPERATURE IN F: :PCPN: SNOW: WIND :SUNSHINE: SKY :PK WND
================================================================================
1 2 3 4 5 6A 6B 7 8 9 10 11 12 13 14 15 16 17 18
12Z AVG MX 2MIN
DY MAX MIN AVG DEP HDD CDD WTR SNW DPTH SPD SPD DIR MIN PSBL S-S WX SPD DR
================================================================================
1 46 24 35 3 30 0 0.00 M M 4.6 10 100 M M 0 12 100
2 45 26 36 5 29 0 0.00 M M 8.8 14 20 M M 0 22 50
3 42 23 33 2 32 0 0.00 M M 4.2 8 360 M M 1 M M
4 41 22 32 1 33 0 T M M 2.8 9 360 M M 5 128 10 220
5 33 20 27 -3 38 0 0.00 M M 3.8 10 210 M M 4 12 12 360
6 30 28 29 -1 36 0 T M M 2.8 9 20 M M 10 12 10 360
7 33 29 31 1 34 0 0.00 M M 2.3 8 160 M M 10 1 9 160
8 34 31 33 3 32 0 0.00 M M 4.0 10 170 M M 9 12 12 160
9 35 31 33 4 32 0 0.01 M M 6.0 12 140 M M 9 12 13 140
10 41 34 38 9 27 0 0.00 M M 6.1 17 10 M M 10 1 19 10
11 38 32 35 6 30 0 0.05 M M 2.6 7 360 M M 10 18 9 350
12 36 29 33 4 32 0 0.00 M M 5.6 10 60 M M 8 1 13 70
13 36 29 33 5 32 0 0.04 M M 2.5 14 50 M M 9 18 16 50
14 35 29 32 4 33 0 0.00 M M 3.5 7 260 M M 9 1 8 360
15 41 30 36 8 29 0 T M M 2.8 9 130 M M 7 12 10 120
16 42 28 35 7 30 0 0.16 M M 5.4 12 120 M M 4 1 15 60
17 50 33 42 14 23 0 0.00 M M 7.4 17 220 M M 4 12 21 230
18 47 35 41 13 24 0 0.00 M M 7.3 16 180 M M 5 21 180
19 51 41 46 18 19 0 0.04 M M 10.6 21 190 M M 4 28 190
20 54 45 50 22 15 0 0.00 M M 10.7 26 240 M M 2 35 240
21 58 41 50 22 15 0 0.04 M M 9.6 25 190 M M 8 12 34 190
22 47 29 38 10 27 0 0.00 M M 8.9 22 340 M M 1 25 340
23 40 21 31 3 34 0 0.00 M M 2.6 9 350 M M 0 10 350
24 40 22 31 3 34 0 0.00 M M 5.4 13 350 M M 0 18 320
25 37 26 32 4 33 0 0.10 M M 6.3 9 350 M M 6 1 11 360
26 34 31 33 5 32 0 T M M 5.2 15 170 M M 10 12 17 160
27 40 27 34 6 31 0 0.00 M M 8.0 13 350 M M 5 1 16 350
28 32 22 27 -1 38 0 T M M 3.8 10 90 M M 6 1 11 90
29 34 31 33 5 32 0 0.01 M M 4.3 8 150 M M 10 1 10 180
30 33 31 32 4 33 0 0.35 M M 2.3 9 290 M M 10 12 24 80
31 35 28 32 4 33 0 0.00 M M 2.1 8 40 M M 10 1 10 320
================================================================================
SM 1240 908 932 0 0.80 M 162.3 M 186
================================================================================
AV 40.0 29.3 5.2 FASTST M M 6 MAX(MPH)
MISC ----> 26 240 35 240
================================================================================
NOTES:
# LAST OF SEVERAL OCCURRENCES
COLUMN 17 PEAK WIND IN M.P.H.
PRELIMINARY LOCAL CLIMATOLOGICAL DATA (WS FORM: F-6) , PAGE 2
STATION: MOSES LAKE WA AIRPORT
MONTH: DECEMBER
YEAR: 2020
LATITUDE: 47 12 N
LONGITUDE: 119 19 W
[TEMPERATURE DATA] [PRECIPITATION DATA] SYMBOLS USED IN COLUMN 16
AVERAGE MONTHLY: 34.6 TOTAL FOR MONTH: 0.80 1 = FOG OR MIST
DPTR FM NORMAL: 6.0 DPTR FM NORMAL: -0.64 2 = FOG REDUCING VISIBILITY
HIGHEST: 58 ON 21 GRTST 24HR 0.36 ON 29-30 TO 1/4 MILE OR LESS
LOWEST: 20 ON 5 3 = THUNDER
SNOW, ICE PELLETS, HAIL 4 = ICE PELLETS
TOTAL MONTH: M 5 = HAIL
GRTST 24HR M ON M 6 = FREEZING RAIN OR DRIZZLE
GRTST DEPTH: M ON M 7 = DUSTSTORM OR SANDSTORM:
VSBY 1/2 MILE OR LESS
8 = SMOKE OR HAZE
[NO. OF DAYS WITH] [WEATHER - DAYS WITH] 9 = BLOWING SNOW
X = TORNADO
MAX 32 OR BELOW: 2 0.01 INCH OR MORE: 9
MAX 90 OR ABOVE: 0 0.10 INCH OR MORE: 3
MIN 32 OR BELOW: 25 0.50 INCH OR MORE: 0
MIN 0 OR BELOW: 0 1.00 INCH OR MORE: 0
[HDD (BASE 65) ]
TOTAL THIS MO. 932 CLEAR (SCALE 0-3) 7
DPTR FM NORMAL -194 PTCLDY (SCALE 4-7) 11
TOTAL FM JUL 1 2113 CLOUDY (SCALE 8-10) 13
DPTR FM NORMAL -471
[CDD (BASE 65) ]
TOTAL THIS MO. 0
DPTR FM NORMAL 0 [PRESSURE DATA]
TOTAL FM JAN 1 917 HIGHEST SLP M ON M
DPTR FM NORMAL 302 LOWEST SLP 29.41 ON 21
[REMARKS]
#FINAL-12-20#