000
CXUS54 KLZK 011130
CF6MWT
PRELIMINARY LOCAL CLIMATOLOGICAL DATA (WS FORM: F-6)
STATION: Mount Ida
MONTH: MAY
YEAR: 2020
LATITUDE: 34 32 N
LONGITUDE: 93 35 W
TEMPERATURE IN F: :PCPN: SNOW: WIND :SUNSHINE: SKY :PK WND
================================================================================
1 2 3 4 5 6A 6B 7 8 9 10 11 12 13 14 15 16 17 18
12Z AVG MX 2MIN
DY MAX MIN AVG DEP HDD CDD WTR SNW DPTH SPD SPD DIR MIN PSBL S-S WX SPD DR
================================================================================
1 83 45 64 -1 1 0 0.00 0.0 0 2.6 10 180 M M 0 18 160
2 84 66 75 10 0 10 0.00 0.0 0 4.5 10 180 M M 0 18 130
3 82 69 76 11 0 11 0.00 0.0 0 1.6 8 260 M M 9 18 240
4 84 66 75 10 0 10 0.00 0.0 0 2.3 13 150 M M 5 1 18 140
5 75 51 63 -3 2 0 T 0.0 0 4.3 10 350 M M 3 19 330
6 77 46 62 -4 3 0 0.00 0.0 0 2.1 10 340 M M 0 19 300
7 70 44 57 -9 8 0 T M 0 3.5 12 130 M M 2 19 130
8 71 45 58 -8 7 0 1.17 M 0 3.8 14 140 M M 7 22 330
9 72 39 56 -11 9 0 0.00 0.0 0 1.4 10 140 M M 0 14 140
10 77 42 60 -7 5 0 0.00 0.0 0 1.8 9 310 M M 3 15 290
11 67 53 60 -7 5 0 0.00 0.0 0 1.5 10 140 M M 8 14 150
12 55 50 53 -14 12 0 0.69 0.0 0 2.4 8 110 M M 10 14 140
13 81 53 67 -1 0 2 0.00 0.0 0 2.9 13 140 M M 8 21 140
14 82 69 76 8 0 11 0.00 0.0 0 5.6 14 140 M M 6 21 140
15 81 62 72 4 0 7 0.00 0.0 0 3.6 16 340 M M 8 28 250
16 77 61 69 1 0 4 2.47 0.0 0 1.3 13 140 M M 9 3 19 150
17 82 57 70 1 0 5 0.14 0.0 0 3.4 13 330 M M 6 22 340
18 81 52 67 -2 0 2 0.00 0.0 0 3.7 14 310 M M 0 22 330
19 78 51 65 -4 0 0 0.00 0.0 0 1.7 8 120 M M 2 13 140
20 80 51 66 -3 0 1 0.00 0.0 0 1.2 8 70 M M 2 13 60
21 78 57 68 -2 0 3 0.00 0.0 0 2.3 12 130 M M 6 18 140
22 83 64 74 4 0 9 0.71 0.0 0 1.7 15 140 M M 5 1 22 70
23 81 63 72 2 0 7 2.86 0.0 0 3.2 13 130 M M 3 19 140
24 83 64 74 4 0 9 0.18 0.0 0 3.8 16 270 M M 5 32 280
25 84 64 74 3 0 9 0.74 0.0 0 4.6 16 140 M M 5 30 190
26 76 65 71 0 0 6 0.04 0.0 0 2.5 10 150 M M 7 25 120
27 77 62 70 -1 0 5 0.16 0.0 0 1.1 9 130 M M 5 1 13 120
28 78 63 71 0 0 6 0.24 0.0 0 1.3 13 270 M M 6 19 280
29 85 59 72 0 0 7 0.00 0.0 0 2.2 9 330 M M 0 19 300
30 84 54 69 -3 0 4 0.00 0.0 0 1.6 8 140 M M 0 14 100
31 83 54 69 -3 0 4 0.00 0.0 0 2.0 10 140 M M 0 13 130
================================================================================
SM 2431 1741 52 132 9.40 0.0 81.5 M 130
================================================================================
AV 78.4 56.2 2.6 FASTST M M 4 MAX(MPH)
MISC ----> # 16 340 # 32 280
================================================================================
NOTES:
# LAST OF SEVERAL OCCURRENCES
COLUMN 17 PEAK WIND IN M.P.H.
PRELIMINARY LOCAL CLIMATOLOGICAL DATA (WS FORM: F-6) , PAGE 2
STATION: Mount Ida
MONTH: MAY
YEAR: 2020
LATITUDE: 34 32 N
LONGITUDE: 93 35 W
[TEMPERATURE DATA] [PRECIPITATION DATA] SYMBOLS USED IN COLUMN 16
AVERAGE MONTHLY: 67.3 TOTAL FOR MONTH: 9.40 1 = FOG OR MIST
DPTR FM NORMAL: -1.1 DPTR FM NORMAL: 3.28 2 = FOG REDUCING VISIBILITY
HIGHEST: 85 ON 29 GRTST 24HR 2.86 ON 23-23 TO 1/4 MILE OR LESS
LOWEST: 39 ON 9 3 = THUNDER
SNOW, ICE PELLETS, HAIL 4 = ICE PELLETS
TOTAL MONTH: 0.0 INCH 5 = HAIL
GRTST 24HR 0.0 6 = FREEZING RAIN OR DRIZZLE
GRTST DEPTH: 0 7 = DUSTSTORM OR SANDSTORM:
VSBY 1/2 MILE OR LESS
8 = SMOKE OR HAZE
[NO. OF DAYS WITH] [WEATHER - DAYS WITH] 9 = BLOWING SNOW
X = TORNADO
MAX 32 OR BELOW: 0 0.01 INCH OR MORE: 11
MAX 90 OR ABOVE: 0 0.10 INCH OR MORE: 10
MIN 32 OR BELOW: 0 0.50 INCH OR MORE: 6
MIN 0 OR BELOW: 0 1.00 INCH OR MORE: 3
[HDD (BASE 65) ]
TOTAL THIS MO. 52 CLEAR (SCALE 0-3) 14
DPTR FM NORMAL 14 PTCLDY (SCALE 4-7) 14
TOTAL FM JUL 1 2899 CLOUDY (SCALE 8-10) 3
DPTR FM NORMAL -392
[CDD (BASE 65) ]
TOTAL THIS MO. 132
DPTR FM NORMAL -12 [PRESSURE DATA]
TOTAL FM JAN 1 193 HIGHEST SLP 30.32 ON 11
DPTR FM NORMAL -2 LOWEST SLP 29.63 ON 17
[REMARKS]
ALL SNOWFALL DATA IS FROM THE MT IDA 4 S COOPERATIVE OBSERVER SITE
#FINAL-05-20#