000
CXUS55 KBOI 011002
CF6MYL
PRELIMINARY LOCAL CLIMATOLOGICAL DATA (WS FORM: F-6)
STATION: MCCALL ID
MONTH: AUGUST
YEAR: 2021
LATITUDE: 44 52 N
LONGITUDE: 116 6 W
TEMPERATURE IN F: :PCPN: SNOW: WIND :SUNSHINE: SKY :PK WND
================================================================================
1 2 3 4 5 6A 6B 7 8 9 10 11 12 13 14 15 16 17 18
12Z AVG MX 2MIN
DY MAX MIN AVG DEP HDD CDD WTR SNW DPTH SPD SPD DIR MIN PSBL S-S WX SPD DR
================================================================================
1 73 61 67 1 0 2 0.11 M M 3.8 14 280 M M 8 3 20 240
2 84 61 73 7 0 8 0.19 M M 2.9 10 350 M M 4 1 16 30
3 88 54 71 5 0 6 0.00 M M 4.1 20 320 M M 0 32 290
4 91 53 72 7 0 7 0.00 M M 5.4 20 190 M M 0 25 200
5 87 58 73 8 0 8 0.02 M M 5.5 23 10 M M 1 3 36 10
6 77 54 66 1 0 1 0.09 M M 5.6 24 270 M M 2 3 35 280
7 81 48 65 0 0 0 0.00 M M 5.7 18 190 M M 1 27 190
8 74 51 63 -2 2 0 0.00 M M 6.6 20 220 M M 2 33 250
9 76 40 58 -7 7 0 0.00 M M 4.0 14 360 M M 0 22 360
10 83 44 64 0 1 0 0.00 M M 3.1 12 310 M M 0 18 340
11 91 51 71 7 0 6 0.00 M M 6.2 14 340 M M 0 23 350
12 M M M M M M 0.00 M M M M M M M M M M
13 93 53 73 9 0 8 0.00 M M 4.4 12 10 M M 3 8 20 330
14 89 50 70 6 0 5 0.00 M M 4.5 13 290 M M 7 8 22 290
15 92 50 71 8 0 6 0.00 M M 2.9 10 280 M M 0 8 M M
16 87 54 71 8 0 6 0.00 M M 4.3 15 180 M M 1 8 M M
17 69 53 61 -2 4 0 T M M 8.7 17 300 M M 2 30 10
18 66 47 57 -6 8 0 0.00 M M 11.6 21 10 M M 3 34 10
19 70 39 55 -7 10 0 0.00 M M 8.8 20 340 M M 0 30 350
20 74 40 57 -5 8 0 0.05 M M 4.4 22 290 M M 2 1 37 310
21 63 45 54 -8 11 0 0.17 M M 4.5 15 340 M M 5 13 20 350
22 70 40 55 -7 10 0 0.00 M M 4.8 20 190 M M 4 12 25 190
23 72 38 55 -7 10 0 0.00 M M 4.6 17 300 M M 0 23 290
24 75 36 56 -5 9 0 0.00 M M 2.1 12 250 M M 0 17 250
25 78 40 59 -2 6 0 0.00 M M 4.0 17 190 M M 0 23 190
26 73 45 59 -2 6 0 0.00 M M 3.8 15 210 M M 4 20 250
27 72 44 58 -2 7 0 0.00 M M 4.5 15 260 M M 2 22 300
28 76 40 58 -2 7 0 0.00 M M 4.4 10 270 M M 0 17 270
29 81 38 60 0 5 0 0.00 M M 2.7 13 190 M M 0 18 180
30 80 41 61 1 4 0 0.00 M M 4.5 20 190 M M 0 31 190
31 73 40 57 -2 8 0 0.00 M M 2.5 16 290 M M 0 23 290
================================================================================
SM 2358 1408 123 63 0.63 M 144.9 M 51
================================================================================
AV 78.6 46.9 4.8 FASTST M M 2 MAX(MPH)
MISC ----> 24 270 37 310
================================================================================
NOTES:
# LAST OF SEVERAL OCCURRENCES
COLUMN 17 PEAK WIND IN M.P.H.
PRELIMINARY LOCAL CLIMATOLOGICAL DATA (WS FORM: F-6) , PAGE 2
STATION: MCCALL ID
MONTH: AUGUST
YEAR: 2021
LATITUDE: 44 52 N
LONGITUDE: 116 6 W
[TEMPERATURE DATA] [PRECIPITATION DATA] SYMBOLS USED IN COLUMN 16
AVERAGE MONTHLY: 62.8 TOTAL FOR MONTH: 0.63 1 = FOG OR MIST
DPTR FM NORMAL: -0.1 DPTR FM NORMAL: 0.09 2 = FOG REDUCING VISIBILITY
HIGHEST: 93 ON 13 GRTST 24HR 0.22 ON 20-21 TO 1/4 MILE OR LESS
LOWEST: 36 ON 24 3 = THUNDER
SNOW, ICE PELLETS, HAIL 4 = ICE PELLETS
TOTAL MONTH: M 5 = HAIL
GRTST 24HR M ON M 6 = FREEZING RAIN OR DRIZZLE
GRTST DEPTH: M ON M 7 = DUSTSTORM OR SANDSTORM:
VSBY 1/2 MILE OR LESS
8 = SMOKE OR HAZE
[NO. OF DAYS WITH] [WEATHER - DAYS WITH] 9 = BLOWING SNOW
X = TORNADO
MAX 32 OR BELOW: 0 0.01 INCH OR MORE: 6
MAX 90 OR ABOVE: 4 0.10 INCH OR MORE: 3
MIN 32 OR BELOW: 0 0.50 INCH OR MORE: 0
MIN 0 OR BELOW: 0 1.00 INCH OR MORE: 0
[HDD (BASE 65) ]
TOTAL THIS MO. 123 CLEAR (SCALE 0-3) 24
DPTR FM NORMAL 16 PTCLDY (SCALE 4-7) 6
TOTAL FM JUL 1 123 CLOUDY (SCALE 8-10) 1
DPTR FM NORMAL -67
[CDD (BASE 65) ]
TOTAL THIS MO. 63
DPTR FM NORMAL 20 [PRESSURE DATA]
TOTAL FM JAN 1 322 HIGHEST SLP 30.21 ON 2
DPTR FM NORMAL 216 LOWEST SLP 29.61 ON 17
[REMARKS]
#FINAL-08-21#