000
CXUS51 KOKX 010910
CF6NYC
PRELIMINARY LOCAL CLIMATOLOGICAL DATA (WS FORM: F-6)
STATION: CENTRAL PARK NY
MONTH: AUGUST
YEAR: 2021
LATITUDE: 40 46 N
LONGITUDE: 73 58 W
TEMPERATURE IN F: :PCPN: SNOW: WIND :SUNSHINE: SKY :PK WND
================================================================================
1 2 3 4 5 6A 6B 7 8 9 10 11 12 13 14 15 16 17 18
12Z AVG MX 2MIN
DY MAX MIN AVG DEP HDD CDD WTR SNW DPTH SPD SPD DIR MIN PSBL S-S WX SPD DR
================================================================================
1 77 66 72 -6 0 7 0.04 0.0 0 2.1 8 120 M M 5 1 15 200
2 80 63 72 -5 0 7 0.00 0.0 0 4.7 13 300 M M 4 19 320
3 79 65 72 -5 0 7 0.00 0.0 0 1.4 7 50 M M 1 9 290
4 76 67 72 -5 0 7 0.00 0.0 0 5.0 12 70 M M 3 18 70
5 81 69 75 -2 0 10 0.00 0.0 0 3.9 13 20 M M 7 18 30
6 88 70 79 2 0 14 0.00 0.0 0 3.4 9 240 M M 0 15 190
7 87 73 80 3 0 15 0.00 0.0 0 4.4 10 240 M M 1 16 230
8 77 66 72 -5 0 7 0.21 0.0 0 6.6 17 60 M M 8 1 22 40
9 81 69 75 -2 0 10 T 0.0 0 4.7 12 60 M M 8 1 15 50
10 84 71 78 1 0 13 0.83 0.0 0 2.6 14 240 M M 6 128 28 240
11 89 73 81 4 0 16 0.18 0.0 0 3.4 13 280 M M 3 13 23 300
12 93 74 84 7 0 19 T 0.0 0 3.8 17 240 M M 1 30 300
13 94 78 86 9 0 21 T 0.0 0 2.3 10 280 M M 0 17 280
14 88 76 82 6 0 17 0.00 0.0 0 3.7 12 30 M M 3 19 30
15 83 70 77 1 0 12 0.00 0.0 0 3.3 13 50 M M 2 17 10
16 83 69 76 0 0 11 0.00 0.0 0 2.9 8 130 M M 4 13 130
17 81 73 77 1 0 12 T 0.0 0 2.7 9 200 M M 7 16 130
18 83 74 79 3 0 14 0.00 0.0 0 2.4 12 140 M M 9 20 170
19 85 75 80 4 0 15 0.20 0.0 0 3.9 15 240 M M 7 13 23 270
20 82 75 79 3 0 14 T 0.0 0 2.5 8 20 M M 4 12 290
21 82 73 78 2 0 13 4.45 0.0 0 2.9 14 60 M M 5 123 19 70
22 76 70 73 -3 0 8 2.67 0.0 0 5.1 14 60 M M 9 12 21 60
23 83 71 77 2 0 12 1.07 0.0 0 4.3 14 240 M M 7 1 21 230
24 89 72 81 6 0 16 0.00 0.0 0 2.8 10 270 M M 0 15 260
25 91 72 82 7 0 17 0.00 0.0 0 1.8 7 250 M M 1 10 180
26 91 78 85 10 0 20 0.00 0.0 0 3.2 9 260 M M 0 14 230
27 93 75 84 9 0 19 0.67 0.0 0 2.3 15 300 M M 1 123 23 300
28 80 68 74 -1 0 9 T 0.0 0 7.0 20 60 M M 9 29 60
29 76 67 72 -2 0 7 0.00 0.0 0 3.0 10 60 M M 10 14 60
30 85 73 79 5 0 14 T 0.0 0 2.1 8 210 M M 6 18 14 210
31 83 73 78 4 0 13 0.00 0.0 0 3.0 12 300 M M 1 17 320
================================================================================
SM 2600 2208 0 396 10.32 0.0 107.2 M 132
================================================================================
AV 83.9 71.2 3.5 FASTST M M 4 MAX(MPH)
MISC ----> 20 60 30 300
================================================================================
NOTES:
# LAST OF SEVERAL OCCURRENCES
COLUMN 17 PEAK WIND IN M.P.H.
PRELIMINARY LOCAL CLIMATOLOGICAL DATA (WS FORM: F-6) , PAGE 2
STATION: CENTRAL PARK NY
MONTH: AUGUST
YEAR: 2021
LATITUDE: 40 46 N
LONGITUDE: 73 58 W
[TEMPERATURE DATA] [PRECIPITATION DATA] SYMBOLS USED IN COLUMN 16
AVERAGE MONTHLY: 77.5 TOTAL FOR MONTH: 10.32 1 = FOG OR MIST
DPTR FM NORMAL: 1.4 DPTR FM NORMAL: 5.76 2 = FOG REDUCING VISIBILITY
HIGHEST: 94 ON 13 GRTST 24HR 7.05 ON 21-22 TO 1/4 MILE OR LESS
LOWEST: 63 ON 2 3 = THUNDER
SNOW, ICE PELLETS, HAIL 4 = ICE PELLETS
TOTAL MONTH: 0.0 INCH 5 = HAIL
GRTST 24HR 0.0 6 = FREEZING RAIN OR DRIZZLE
GRTST DEPTH: 0 7 = DUSTSTORM OR SANDSTORM:
VSBY 1/2 MILE OR LESS
8 = SMOKE OR HAZE
[NO. OF DAYS WITH] [WEATHER - DAYS WITH] 9 = BLOWING SNOW
X = TORNADO
MAX 32 OR BELOW: 0 0.01 INCH OR MORE: 9
MAX 90 OR ABOVE: 5 0.10 INCH OR MORE: 8
MIN 32 OR BELOW: 0 0.50 INCH OR MORE: 5
MIN 0 OR BELOW: 0 1.00 INCH OR MORE: 3
[HDD (BASE 65) ]
TOTAL THIS MO. 0 CLEAR (SCALE 0-3) 13
DPTR FM NORMAL -1 PTCLDY (SCALE 4-7) 14
TOTAL FM JUL 1 2 CLOUDY (SCALE 8-10) 4
DPTR FM NORMAL 2
[CDD (BASE 65) ]
TOTAL THIS MO. 396
DPTR FM NORMAL 51 [PRESSURE DATA]
TOTAL FM JAN 1 1122 HIGHEST SLP M ON M
DPTR FM NORMAL 82 LOWEST SLP 29.65 ON 31
[REMARKS]
#FINAL-08-21#