000
CXUS55 KPSR 011005
CF6NYL
PRELIMINARY LOCAL CLIMATOLOGICAL DATA (WS FORM: F-6)
STATION: YUMA AZ
MONTH: DECEMBER
YEAR: 2021
LATITUDE: 32 39 N
LONGITUDE: 114 37 W
TEMPERATURE IN F: :PCPN: SNOW: WIND :SUNSHINE: SKY :PK WND
================================================================================
1 2 3 4 5 6A 6B 7 8 9 10 11 12 13 14 15 16 17 18
12Z AVG MX 2MIN
DY MAX MIN AVG DEP HDD CDD WTR SNW DPTH SPD SPD DIR MIN PSBL S-S WX SPD DR
================================================================================
1 85 56 71 11 0 6 0.00 M M 7.7 16 30 M M 2 19 40
2 84 57 71 11 0 6 0.00 M M 2.3 9 30 M M 2 10 20
3 80 53 67 8 0 2 0.00 M M 2.1 8 160 M M 1 9 290
4 83 53 68 9 0 3 0.00 M M 2.7 10 350 M M 0 13 330
5 82 49 66 7 0 1 0.00 M M 3.4 16 350 M M 0 21 10
6 80 49 65 7 0 0 0.00 M M 4.6 12 20 M M 3 14 20
7 76 55 66 8 0 1 0.00 M M 6.5 17 340 M M 5 23 350
8 74 57 66 8 0 1 0.00 M M 2.1 10 150 M M 4 8 10 150
9 71 55 63 5 2 0 0.01 M M 6.3 20 290 M M 6 12 24 280
10 67 49 58 1 7 0 0.00 M M 8.6 21 300 M M 3 27 300
11 66 48 57 0 8 0 0.00 M M 10.4 20 360 M M 0 25 10
12 68 44 56 -1 9 0 0.00 M M 4.7 13 40 M M 0 16 40
13 67 43 55 -2 10 0 0.00 M M 3.5 9 280 M M 4 10 310
14 72 53 63 6 2 0 0.02 M M 10.9 28 310 M M 5 1 37 310
15 62 41 52 -5 13 0 0.00 M M 7.0 25 290 M M 1 34 270
16 64 40 52 -5 13 0 0.00 M M 3.7 10 290 M M 1 13 300
17 66 43 55 -2 10 0 0.00 M M 10.0 21 350 M M 1 25 350
18 65 47 56 0 9 0 0.00 M M 10.4 22 340 M M 0 27 350
19 70 42 56 0 9 0 0.00 M M 6.0 14 20 M M 0 17 30
20 71 44 58 2 7 0 0.00 M M 6.8 16 40 M M 3 18 30
21 68 50 59 3 6 0 0.00 M M 6.0 14 360 M M 5 19 10
22 73 53 63 7 2 0 0.00 M M 4.6 12 30 M M 5 15 20
23 77 54 66 10 0 1 0.00 M M 4.6 15 140 M M 5 16 140
24 69 52 61 5 4 0 0.11 M M 9.9 23 300 M M 5 31 300
25 64 46 55 -2 10 0 0.00 M M 1.5 10 80 M M 0 12 80
26 67 49 58 1 7 0 0.00 M M 4.3 10 320 M M 1 14 320
27 58 46 52 -5 13 0 0.00 M M 6.5 18 280 M M 0 22 280
28 64 43 54 -3 11 0 0.00 0.0 M 8.7 18 300 M M 4 23 300
29 63 40 52 -5 13 0 0.00 0.0 M 3.7 12 160 M M 2 14 160
30 66 46 56 -1 9 0 T 0.0 M 8.2 18 130 M M 7 22 130
31 63 52 58 1 7 0 0.11 M M 6.5 13 200 M M 7 1 16 350
================================================================================
SM 2185 1509 181 21 0.25 0.0 184.2 M 82
================================================================================
AV 70.5 48.7 5.9 FASTST M M 3 MAX(MPH)
MISC ----> 28 310 37 310
================================================================================
NOTES:
# LAST OF SEVERAL OCCURRENCES
COLUMN 17 PEAK WIND IN M.P.H.
PRELIMINARY LOCAL CLIMATOLOGICAL DATA (WS FORM: F-6) , PAGE 2
STATION: YUMA AZ
MONTH: DECEMBER
YEAR: 2021
LATITUDE: 32 39 N
LONGITUDE: 114 37 W
[TEMPERATURE DATA] [PRECIPITATION DATA] SYMBOLS USED IN COLUMN 16
AVERAGE MONTHLY: 59.6 TOTAL FOR MONTH: 0.25 1 = FOG OR MIST
DPTR FM NORMAL: 2.3 DPTR FM NORMAL: -0.18 2 = FOG REDUCING VISIBILITY
HIGHEST: 85 ON 1 GRTST 24HR 0.11 ON 30-31 TO 1/4 MILE OR LESS
LOWEST: 40 ON 29,16 3 = THUNDER
SNOW, ICE PELLETS, HAIL 4 = ICE PELLETS
TOTAL MONTH: 0.0 INCH 5 = HAIL
GRTST 24HR 0.0 6 = FREEZING RAIN OR DRIZZLE
GRTST DEPTH: M ON M 7 = DUSTSTORM OR SANDSTORM:
VSBY 1/2 MILE OR LESS
8 = SMOKE OR HAZE
[NO. OF DAYS WITH] [WEATHER - DAYS WITH] 9 = BLOWING SNOW
X = TORNADO
MAX 32 OR BELOW: 0 0.01 INCH OR MORE: 4
MAX 90 OR ABOVE: 0 0.10 INCH OR MORE: 2
MIN 32 OR BELOW: 0 0.50 INCH OR MORE: 0
MIN 0 OR BELOW: 0 1.00 INCH OR MORE: 0
[HDD (BASE 65) ]
TOTAL THIS MO. 181 CLEAR (SCALE 0-3) 18
DPTR FM NORMAL -60 PTCLDY (SCALE 4-7) 13
TOTAL FM JUL 1 181 CLOUDY (SCALE 8-10) 0
DPTR FM NORMAL -125
[CDD (BASE 65) ]
TOTAL THIS MO. 21
DPTR FM NORMAL 19 [PRESSURE DATA]
TOTAL FM JAN 1 4859 HIGHEST SLP 30.25 ON 11
DPTR FM NORMAL 155 LOWEST SLP 29.59 ON 31
[REMARKS]
#FINAL-12-21#