000
CXUS55 KPSR 221504
CF6NYL
PRELIMINARY LOCAL CLIMATOLOGICAL DATA (WS FORM: F-6)
STATION: YUMA AZ
MONTH: JANUARY
YEAR: 2021
LATITUDE: 32 39 N
LONGITUDE: 114 37 W
TEMPERATURE IN F: :PCPN: SNOW: WIND :SUNSHINE: SKY :PK WND
================================================================================
1 2 3 4 5 6A 6B 7 8 9 10 11 12 13 14 15 16 17 18
12Z AVG MX 2MIN
DY MAX MIN AVG DEP HDD CDD WTR SNW DPTH SPD SPD DIR MIN PSBL S-S WX SPD DR
================================================================================
1 68 45 57 0 8 0 0.00 M M 6.9 20 350 M M 0 23 350
2 68 41 55 -2 10 0 0.00 M M 3.2 9 70 M M 0 12 30
3 69 43 56 -1 9 0 0.00 M M 4.5 10 10 M M 0 13 40
4 70 45 58 0 7 0 0.00 M M 5.5 16 30 M M 1 18 30
5 72 41 57 -1 8 0 0.00 M M 6.5 18 10 M M 0 24 360
6 72 46 59 1 6 0 0.00 M M 7.0 15 40 M M 3 19 50
7 72 46 59 1 6 0 0.00 M M 6.4 16 350 M M 2 20 360
8 71 46 59 1 6 0 0.00 M M 7.2 16 350 M M 4 21 350
9 71 42 57 -1 8 0 0.00 M M 9.1 26 20 M M 0 8 35 20
10 69 50 60 2 5 0 0.00 M M 8.3 20 30 M M 0 23 10
11 68 45 57 -1 8 0 0.00 M M 8.7 17 340 M M 1 20 350
12 70 44 57 -1 8 0 0.00 M M 6.5 13 30 M M 2 15 40
13 72 43 58 -1 7 0 0.00 M M 6.1 16 360 M M 2 22 10
14 81 49 65 6 0 0 0.00 M M 10.9 22 350 M M 1 27 360
15 81 57 69 10 0 4 0.00 M M 10.8 22 350 M M 1 26 350
16 84 52 68 9 0 3 0.00 M M 8.2 24 350 M M 0 29 360
17 80 53 67 8 0 2 0.00 M M 7.5 18 30 M M 0 21 30
18 79 49 64 5 1 0 0.00 M M 5.8 16 360 M M 0 21 360
19 68 56 62 3 3 0 0.01 M M 9.1 23 70 M M 6 27 70
20 61 54 58 -1 7 0 1.12 M M 12.7 20 30 M M 10 13 25 110
21 69 52 61 2 4 0 0.04 M M 5.5 15 40 M M 4 18 40
22 65 54 60 0 5 0 0.02 M M 9.7 20 170 M M 4 18 22 170
23 64 50 57 -3 8 0 0.00 M M 4.4 21 290 M M 2 27 300
24 60 46 53 -7 12 0 0.00 M M 6.8 16 260 M M 2 20 270
25 57 44 51 -9 14 0 0.13 M M 13.8 30 260 M M 6 3 39 250
26 58 40 49 -11 16 0 0.00 M M 8.2 14 280 M M 2 M M
27 62 41 52 -8 13 0 0.00 M M 6.5 16 60 M M 1 18 80
28 66 46 56 -4 9 0 0.00 M M 5.0 10 160 M M 5 12 160
29 64 49 57 -3 8 0 T M M 5.7 15 310 M M 4 22 320
30 65 42 54 -6 11 0 0.00 M M 3.8 10 350 M M 0 12 20
31 71 47 59 -1 6 0 0.00 M M 7.3 14 350 M M 0 17 340
================================================================================
SM 2147 1458 213 9 1.32 M 227.6 M 63
================================================================================
AV 69.3 47.0 7.3 FASTST M M 2 MAX(MPH)
MISC ----> 30 260 39 250
================================================================================
NOTES:
# LAST OF SEVERAL OCCURRENCES
COLUMN 17 PEAK WIND IN M.P.H.
PRELIMINARY LOCAL CLIMATOLOGICAL DATA (WS FORM: F-6) , PAGE 2
STATION: YUMA AZ
MONTH: JANUARY
YEAR: 2021
LATITUDE: 32 39 N
LONGITUDE: 114 37 W
[TEMPERATURE DATA] [PRECIPITATION DATA] SYMBOLS USED IN COLUMN 16
AVERAGE MONTHLY: 58.1 TOTAL FOR MONTH: 1.32 1 = FOG OR MIST
DPTR FM NORMAL: -0.7 DPTR FM NORMAL: 0.93 2 = FOG REDUCING VISIBILITY
HIGHEST: 84 ON 16 GRTST 24HR 1.12 ON 20-20 TO 1/4 MILE OR LESS
LOWEST: 40 ON 26 3 = THUNDER
SNOW, ICE PELLETS, HAIL 4 = ICE PELLETS
TOTAL MONTH: M 5 = HAIL
GRTST 24HR M ON M 6 = FREEZING RAIN OR DRIZZLE
GRTST DEPTH: M ON M 7 = DUSTSTORM OR SANDSTORM:
VSBY 1/2 MILE OR LESS
8 = SMOKE OR HAZE
[NO. OF DAYS WITH] [WEATHER - DAYS WITH] 9 = BLOWING SNOW
X = TORNADO
MAX 32 OR BELOW: 0 0.01 INCH OR MORE: 5
MAX 90 OR ABOVE: 0 0.10 INCH OR MORE: 2
MIN 32 OR BELOW: 0 0.50 INCH OR MORE: 1
MIN 0 OR BELOW: 0 1.00 INCH OR MORE: 1
[HDD (BASE 65) ]
TOTAL THIS MO. 213 CLEAR (SCALE 0-3) 22
DPTR FM NORMAL 18 PTCLDY (SCALE 4-7) 8
TOTAL FM JUL 1 504 CLOUDY (SCALE 8-10) 1
DPTR FM NORMAL 1
[CDD (BASE 65) ]
TOTAL THIS MO. 9
DPTR FM NORMAL 4 [PRESSURE DATA]
TOTAL FM JAN 1 9 HIGHEST SLP 30.35 ON 12
DPTR FM NORMAL 4 LOWEST SLP 29.70 ON 19
[REMARKS]
#FINAL-01-21#