000
CXUS55 KPSR 011003
CLMNYL
CLIMATE REPORT
NATIONAL WEATHER SERVICE PHOENIX AZ
303 AM MST WED NOV 01 2023
...................................
...THE YUMA AZ CLIMATE SUMMARY FOR THE MONTH OF OCTOBER 2023...
CLIMATE NORMAL PERIOD 1991 TO 2020
CLIMATE RECORD PERIOD 1876 TO 2023
WEATHER OBSERVED NORMAL DEPART LAST YEAR`S
VALUE DATE(S) VALUE FROM VALUE
NORMAL
..............................................................
TEMPERATURE (F)
RECORD
HIGH 112 10/02/1980
LOW 35 10/30/1971
HIGHEST 105 10/20 102 3
LOWEST 57 10/31 54 3
AVG. MAXIMUM 91.9 90.2 1.7
AVG. MINIMUM 65.9 65.7 0.2
MEAN 78.9 78.0 0.9
DAYS MAX >= 90 17 18.5 -1.5
DAYS MAX >= 100 9
DAYS MAX >= 110 0
DAYS MIN <= 32 0 0.0 0.0
DAYS MIN >= 90 0
PRECIPITATION (INCHES)
RECORD
MAXIMUM 3.39 1932
MINIMUM 0.00 2020
TOTALS 0.00R 0.13 -0.13
DAYS >= .01 0 1.0 -1.0
DAYS >= .10 0 0.4 -0.4
DAYS >= .50 0 0.0 0.0
DAYS >= 1.00 0 0.0 0.0
GREATEST
24 HR. TOTAL 0.00 09/30 TO 09/30
DEGREE DAYS
HEATING TOTAL 0 2 -2
SINCE 7/1 0 0 0
COOLING TOTAL 437 404 33
SINCE 1/1 4416 4607 -191
..............................................................
WIND (MPH)
AVERAGE WIND SPEED 6.0
HIGHEST GUST SPEED/DIRECTION 45/360 DATE 10/29
AVERAGE RH (PERCENT) 34
WEATHER CONDITIONS. NUMBER OF DAYS WITH
THUNDERSTORM 0 HEAVY RAIN 0
RAIN 0 LIGHT RAIN 0
FOG W/VIS <= 1/4 MILE 0
- INDICATES NEGATIVE NUMBERS.
R INDICATES RECORD WAS SET OR TIED.
MM INDICATES DATA IS MISSING.
T INDICATES TRACE AMOUNT.
$$