000
CXUS56 KMTR 042012
CF6OAK
PRELIMINARY LOCAL CLIMATOLOGICAL DATA (WS FORM: F-6)
STATION: OAKLAND AIRPORT
MONTH: AUGUST
YEAR: 2020
LATITUDE: 37 43 N
LONGITUDE: 122 13 W
TEMPERATURE IN F: :PCPN: SNOW: WIND :SUNSHINE: SKY :PK WND
================================================================================
1 2 3 4 5 6A 6B 7 8 9 10 11 12 13 14 15 16 17 18
12Z AVG MX 2MIN
DY MAX MIN AVG DEP HDD CDD WTR SNW DPTH SPD SPD DIR MIN PSBL S-S WX SPD DR
================================================================================
1 72 60 66 3 0 1 0.00 M M 9.4 18 290 M M 5 22 220
2 73 59 66 3 0 1 0.00 M M 8.7 22 280 M M 6 26 290
3 76 57 67 4 0 2 0.00 M M 9.4 21 270 M M 4 24 260
4 69 60 65 2 0 0 0.00 M M 11.8 21 270 M M 8 24 250
5 69 60 65 2 0 0 T M M 15.7 24 260 M M 10 32 260
6 75 60 68 5 0 3 0.00 M M 11.2 20 260 M M 5 23 270
7 77 61 69 6 0 4 0.00 M M 9.4 20 300 M M 2 22 300
8 76 59 68 5 0 3 0.00 M M 9.1 18 310 M M 4 23 300
9 77 60 69 6 0 4 0.00 M M 8.7 20 300 M M 3 1 22 310
10 73 60 67 3 0 2 0.00 M M 11.6 23 310 M M 4 29 310
11 74 61 68 4 0 3 0.00 M M 11.5 21 290 M M 5 24 300
12 75 60 68 4 0 3 0.00 M M 8.6 17 310 M M 5 20 300
13 90 56 73 9 0 8 0.00 M M 6.2 16 310 M M 5 1 21 310
14 101 69 85 21 0 20 0.00 M M 6.6 17 290 M M 5 19 290
15 96 67 82 18 0 17 0.00 M M 7.1 16 300 M M 3 20 310
16 92 68 80 16 0 15 0.04 M M 9.4 29 190 M M 7 38 34 180
17 88 68 78 14 0 13 0.00 M M 7.6 23 280 M M 7 27 280
18 86 65 76 12 0 11 0.00 M M 6.5 18 290 M M 6 20 290
19 81 63 72 8 0 7 0.00 M M 8.4 18 290 M M 6 8 21 290
20 77 59 68 4 0 3 0.00 M M 9.0 20 270 M M 6 21 270
21 81 64 73 8 0 8 0.00 M M 6.9 20 280 M M 7 8 22 280
22 82 60 71 6 0 6 0.00 M M 7.3 17 290 M M 6 18 20 290
23 79 61 70 5 0 5 0.00 M M 7.6 20 330 M M 8 8 24 310
24 80 63 72 7 0 7 0.00 M M 9.4 21 310 M M 8 8 24 310
25 73 61 67 2 0 2 0.00 M M 10.3 21 300 M M 7 18 24 300
26 68 57 63 -2 2 0 0.00 M M 9.9 20 280 M M 9 24 290
27 70 57 64 -1 1 0 T M M 9.7 17 300 M M 6 22 290
28 70 60 65 0 0 0 0.00 M M 8.7 20 300 M M 7 8 23 300
29 M M M M M M 0.00 M M 9.8 20 310 M M 8 8 24 310
30 70 60 65 0 0 0 0.00 M M 8.8 18 300 M M 8 18 22 290
31 71 60 66 1 0 1 0.00 M M 8.2 21 300 M M 7 8 23 300
================================================================================
SM 2341 1835 3 149 0.04 M 282.5 M 187
================================================================================
AV 78.0 61.2 9.1 FASTST M M 6 MAX(MPH)
MISC ----> 29 190 34 180
================================================================================
NOTES:
# LAST OF SEVERAL OCCURRENCES
COLUMN 17 PEAK WIND IN M.P.H.
PRELIMINARY LOCAL CLIMATOLOGICAL DATA (WS FORM: F-6) , PAGE 2
STATION: OAKLAND AIRPORT
MONTH: AUGUST
YEAR: 2020
LATITUDE: 37 43 N
LONGITUDE: 122 13 W
[TEMPERATURE DATA] [PRECIPITATION DATA] SYMBOLS USED IN COLUMN 16
AVERAGE MONTHLY: 69.6 TOTAL FOR MONTH: 0.04 1 = FOG OR MIST
DPTR FM NORMAL: 5.5 DPTR FM NORMAL: -0.01 2 = FOG REDUCING VISIBILITY
HIGHEST: 101 ON 14 GRTST 24HR 0.04 ON 16-16 TO 1/4 MILE OR LESS
LOWEST: 56 ON 13 3 = THUNDER
SNOW, ICE PELLETS, HAIL 4 = ICE PELLETS
TOTAL MONTH: M 5 = HAIL
GRTST 24HR M ON M 6 = FREEZING RAIN OR DRIZZLE
GRTST DEPTH: M ON M 7 = DUSTSTORM OR SANDSTORM:
VSBY 1/2 MILE OR LESS
8 = SMOKE OR HAZE
[NO. OF DAYS WITH] [WEATHER - DAYS WITH] 9 = BLOWING SNOW
X = TORNADO
MAX 32 OR BELOW: 0 0.01 INCH OR MORE: 1
MAX 90 OR ABOVE: 4 0.10 INCH OR MORE: 0
MIN 32 OR BELOW: 0 0.50 INCH OR MORE: 0
MIN 0 OR BELOW: 0 1.00 INCH OR MORE: 0
[HDD (BASE 65) ]
TOTAL THIS MO. 3 CLEAR (SCALE 0-3) 2
DPTR FM NORMAL -54 PTCLDY (SCALE 4-7) 26
TOTAL FM JUL 1 7 CLOUDY (SCALE 8-10) 3
DPTR FM NORMAL -138
[CDD (BASE 65) ]
TOTAL THIS MO. 149
DPTR FM NORMAL 121 [PRESSURE DATA]
TOTAL FM JAN 1 311 HIGHEST SLP 30.06 ON 2
DPTR FM NORMAL 231 LOWEST SLP 29.77 ON 23
[REMARKS]
#FINAL-08-20#