000
CXUS54 KMAF 011952
CF6ODO
PRELIMINARY LOCAL CLIMATOLOGICAL DATA (WS FORM: F-6)
STATION: ODESSA SCHLEYMEYER
MONTH: JULY
YEAR: 2022
LATITUDE: 31 55 N
LONGITUDE: 102 23 W
TEMPERATURE IN F: :PCPN: SNOW: WIND :SUNSHINE: SKY :PK WND
================================================================================
1 2 3 4 5 6A 6B 7 8 9 10 11 12 13 14 15 16 17 18
12Z AVG MX 2MIN
DY MAX MIN AVG DEP HDD CDD WTR SNW DPTH SPD SPD DIR MIN PSBL S-S WX SPD DR
================================================================================
1 99 77 88 5 0 23 0.00 0.0 0 11.1 20 160 M M 1 24 110
2 100 76 88 5 0 23 0.00 0.0 0 12.6 30 130 M M 1 35 130
3 95 75 85 2 0 20 0.00 0.0 0 15.0 25 170 M M 1 30 150
4 99 76 88 5 0 23 0.00 0.0 0 12.7 29 220 M M 1 38 37 220
5 99 78 89 6 0 24 0.11 0.0 0 11.6 35 220 M M 1 38 42 230
6 100 76 88 5 0 23 0.00 0.0 0 10.4 20 200 M M 0 23 200
7 102 79 91 8 0 26 0.00 0.0 0 11.2 20 190 M M 0 26 160
8 102 76 89 6 0 24 0.00 0.0 0 6.5 25 40 M M 0 8 31 40
9 100 80 90 7 0 25 0.00 0.0 0 9.0 22 100 M M 1 8 29 90
10 103 78 91 8 0 26 0.00 0.0 0 6.9 17 90 M M 0 22 80
11 106 75 91 8 0 26 0.00 0.0 0 7.4 17 50 M M 0 24 90
12 101 77 89 6 0 24 0.00 0.0 0 13.1 25 50 M M 0 8 32 60
13 100 76 88 5 0 23 0.04 0.0 0 7.8 25 250 M M 1 38 30 240
14 99 72 86 3 0 21 T 0.0 0 8.9 43 120 M M 1 38 51 120
15 97 71 84 1 0 19 0.00 0.0 0 9.1 20 130 M M 0 25 150
16 98 76 87 4 0 22 0.00 0.0 0 9.3 18 100 M M 0 27 100
17 99 79 89 6 0 24 0.00 0.0 0 9.9 17 140 M M 0 23 180
18 102 75 89 5 0 24 0.00 0.0 0 8.7 21 200 M M 0 26 200
19 105 80 93 9 0 28 0.00 0.0 0 12.4 22 190 M M 0 29 190
20 105 82 94 10 0 29 0.00 0.0 0 11.6 21 140 M M 0 27 190
21 97 80 89 5 0 24 0.01 0.0 0 11.0 22 120 M M 1 8 28 80
22 100 80 90 6 0 25 0.00 0.0 0 11.5 22 140 M M 1 27 140
23 99 78 89 5 0 24 0.00 0.0 0 14.3 23 160 M M 0 29 170
24 98 77 88 4 0 23 0.00 0.0 0 13.6 21 140 M M 0 31 140
25 99 78 89 5 0 24 0.00 0.0 0 13.8 23 150 M M 0 29 150
26 100 76 88 4 0 23 0.00 0.0 0 13.4 21 170 M M 0 27 200
27 101 78 90 6 0 25 0.00 0.0 0 12.1 21 160 M M 0 27 160
28 98 77 88 4 0 23 0.00 0.0 0 12.5 21 150 M M 1 27 140
29 98 78 88 4 0 23 0.00 0.0 0 12.7 23 140 M M 1 29 150
30 99 78 89 5 0 24 0.00 0.0 0 12.7 21 170 M M 0 36 190
31 99 78 89 5 0 24 0.00 0.0 0 13.7 22 180 M M 0 26 170
================================================================================
SM 3099 2392 0 739 0.16 0.0 346.5 M 12
================================================================================
AV100.0 77.2 11.2 FASTST M M 0 MAX(MPH)
MISC ----> 43 120 51 120
================================================================================
NOTES:
# LAST OF SEVERAL OCCURRENCES
COLUMN 17 PEAK WIND IN M.P.H.
PRELIMINARY LOCAL CLIMATOLOGICAL DATA (WS FORM: F-6) , PAGE 2
STATION: ODESSA SCHLEYMEYER
MONTH: JULY
YEAR: 2022
LATITUDE: 31 55 N
LONGITUDE: 102 23 W
[TEMPERATURE DATA] [PRECIPITATION DATA] SYMBOLS USED IN COLUMN 16
AVERAGE MONTHLY: 88.6 TOTAL FOR MONTH: 0.16 1 = FOG OR MIST
DPTR FM NORMAL: 5.2 DPTR FM NORMAL: -1.37 2 = FOG REDUCING VISIBILITY
HIGHEST: 106 ON 11 GRTST 24HR 0.11 ON 5- 5 TO 1/4 MILE OR LESS
LOWEST: 71 ON 15 3 = THUNDER
SNOW, ICE PELLETS, HAIL 4 = ICE PELLETS
TOTAL MONTH: 0.0 INCH 5 = HAIL
GRTST 24HR 0.0 6 = FREEZING RAIN OR DRIZZLE
GRTST DEPTH: 0 7 = DUSTSTORM OR SANDSTORM:
VSBY 1/2 MILE OR LESS
8 = SMOKE OR HAZE
[NO. OF DAYS WITH] [WEATHER - DAYS WITH] 9 = BLOWING SNOW
X = TORNADO
MAX 32 OR BELOW: 0 0.01 INCH OR MORE: 3
MAX 90 OR ABOVE: 31 0.10 INCH OR MORE: 1
MIN 32 OR BELOW: 0 0.50 INCH OR MORE: 0
MIN 0 OR BELOW: 0 1.00 INCH OR MORE: 0
[HDD (BASE 65) ]
TOTAL THIS MO. 0 CLEAR (SCALE 0-3) 31
DPTR FM NORMAL 0 PTCLDY (SCALE 4-7) 0
TOTAL FM JUL 1 0 CLOUDY (SCALE 8-10) 0
DPTR FM NORMAL 0
[CDD (BASE 65) ]
TOTAL THIS MO. 739
DPTR FM NORMAL 169 [PRESSURE DATA]
TOTAL FM JAN 1 2085 HIGHEST SLP 30.05 ON 9
DPTR FM NORMAL 574 LOWEST SLP 29.72 ON 20
[REMARKS]
#FINAL-07-22#