000
CXUS53 KOAX 011917
CLAOFK
CLIMATE REPORT
NATIONAL WEATHER SERVICE OMAHA/VALLEY NE
152 PM CST SUN JAN 01 2023
...................................
...THE NORFOLK NE CLIMATE SUMMARY FOR THE YEAR OF 2022...
CLIMATE NORMAL PERIOD 1991 TO 2020
CLIMATE RECORD PERIOD 1888 TO 2022
WEATHER OBSERVED NORMAL DEPART
VALUE DATE(S) VALUE FROM
NORMAL
................................................
TEMPERATURE (F)
HIGHEST 102 06/13
08/02
LOWEST -18 12/22
AVG. MAXIMUM 63.9 60.9 3.0
AVG. MINIMUM 37.0 37.6 -0.6
MEAN 50.5 49.2 1.3
DAYS MAX >= 90 62
DAYS MAX <= 32 44
DAYS MIN <= 32 166 149.9 16.1
DAYS MIN <= 0 19
PRECIPITATION (INCHES)
TOTALS 13.27R 27.01 -13.74
DAYS >= .01 65
DAYS >= .10 31
DAYS >= .50 9
DAYS >= 1.00 0
GREATEST
24 HR. TOTAL 0.94 07/03 TO 07/04
STORM TOTAL 0.93
(MM/DD(HH))
SNOWFALL (INCHES)
TOTALS 7.1 29.9 -22.8
DAYS >= TRACE 32
DAYS >= 1.0 3
GREATEST
SNOW DEPTH 2 12/30
12/31
11/30
24 HR TOTAL 2.0 12/29 TO 12/29
11/29 TO 11/29
STORM TOTAL 2.0
(MM/DD(HH))
DEGREE DAYS
HEATING TOTAL 6507 6623 -116
COOLING TOTAL 1334 907 427
................................................
WIND (MPH)
HIGHEST WIND SPEED/DIRECTION 47/250 DATE 04/12
HIGHEST GUST SPEED/DIRECTION 68/200 DATE 04/23
WEATHER CONDITIONS. NUMBER OF DAYS WITH
THUNDERSTORM 36 MIXED PRECIP 0
HEAVY RAIN 13 RAIN 27
LIGHT RAIN 74 FREEZING RAIN 0
LT FREEZING RAIN 5 HAIL 0
HEAVY SNOW 1 SNOW 3
LIGHT SNOW 36 SLEET 0
FOG 84 FOG W/VIS <= 1/4 MILE 10
HAZE 43
- INDICATES NEGATIVE NUMBERS.
R INDICATES RECORD WAS SET OR TIED.
MM INDICATES DATA IS MISSING.
T INDICATES TRACE AMOUNT.
&&
2022 IN NORFOLK WAS WARMER AND MUCH DRIER THAN NORMAL. THE YEAR
ENDED UP 1.3 DEGREES ABOVE NORMAL FOR AVERAGE TEMPERATURE AND 13.74
INCHES BELOW NORMAL FOR PRECIPITATION. SNOWFALL FOR THE YEAR
MEASURED 7.1 INCHES AND WAS 22.4 INCHES BELOW NORMAL. THE YEAR
RANKED AS BOTH THE DRIEST AND LEAST SNOWIEST YEAR ON RECORD. IN
FACT, EVERY MONTH OF THE YEAR RECORDED BELOW NORMAL PRECIPITATION. A
PEAK WIND GUST OF 68 MPH WAS RECORDED ON APRIL 23. THE HOTTEST DAY
OF THE YEAR WAS 102 AND THE COLDEST WAS -18.
TEMPERATURES PRECIPITATION
AVG. DEPART MAX MIN TOTAL DEPART SNOW/SLEET DEPART TSTORM PEAK
DAYS WIND
JAN23.9 1.6 62 -12 0.04 -0.57 1.1 -5.4 0 58
FEB26.6 0.3 70 -6 0.13 -0.67 0.2 -5.9 0 53
MAR38.2 0.4 79 -1 0.46 -0.98 0.2 -4.3 2 59
APR48.1 -0.8 90 19 1.07 -1.66 T -2.3 3 68
MAY60.1 2.2 94 33 3.90 -0.10 0.0 0.0 6 66
JUN74.1 3.7 102 37 1.57 -2.80 0.0 0.0 5 49
JUL77.5 2.7 101 50 2.05 -0.93 0.0 0.0 9 59
AUG75.9 3.5 102 51 0.94 -2.56 0.0 0.0 7 42
SEP69.2 4.8 100 39 1.49 -0.88 0.0 0.0 3 43
OCT52.6 1.8 89 15 0.65 -1.50 0.0 -0.8 1 52
NOV35.2 -1.6 78 7 0.30 -0.92 2.2 -1.0 0 47
DEC22.1 -3.6 51 -18 0.67 -0.17 3.4 -2.7 0 52
YEAR 50.5 1.3 102 -18 13.27 -13.74 7.1 -22.4 36 68
DAILY RECORDS
DATE RECORD TYPE READINGPREVIOUS RECORD
JANUARY 18 MAXIMUM TEMPERATURE 62 61 IN 1951
FEBRUARY 20 MAXIMUM TEMPERATURE 66 66 IN 1930
APRIL 12 MAXIMUM TEMPERATURE 90 85 IN 1908
APRIL 26 MINIMUM TEMPERATURE 21 25 IN 1907
JUNE 2 MINIMUM TEMPERATURE 37 38 IN 1910
JUNE 13 MAXIMUM TEMPERATURE 102 102 IN 1952
JUNE 19 MAX MINIMUM TEMP 76 76 IN 2012
JUNE 20MAX MINIMUM TEMP 79 74 IN 1989
JUNE 27 MINIMUM TEMPERATURE 46 46 IN 2017
SEPTEMBER 17 PRECIPITATION 0.79 0.60 IN 1960
SEPTEMBER 20 MAXIMUM TEMPERATURE 100 100 IN 1895
OCTOBER 18 MINIMUM TEMPERATURE 15 18 IN 1972
OCTOBER 23 MAXIMUM TEMPERATURE 89 87 IN 1927
MONTHLY RANKINGS
TEMPERATURE PRECIPITATION SNOWFALL
JAN -- DRIEST EVER 11TH DRIEST
FEB -- 10TH DRIEST 5TH DRIEST
MAR -- 14TH DRIEST 9TH DRIEST
APR -- -- 17TH DRIEST
MAY -- -- --
JUN16TH WARMEST 12TH DRIEST --
JUL -- -- --
AUG -- -- --
SEP 9TH WARMEST -- --
OCT -- -- --
NOV -- -- --
DEC -- -- --
SEASONAL RANKINGS
4TH DRIEST DEC-JAN-FEB FOR PRECIPITATION
4TH DRIEST DEC-JAN-FEB FOR SNOWFALL
15TH WARMEST DEC-JAN-FEB
6TH DRIEST MAY-APR-MAY FOR SNOWFALL
4TH DRIEST JUN-JUL-AUG FOR PRECIPITATION
16TH DRIEST FOR SEP-OCT-NOV FOR PRECIPITATION
YEARLY RANKINGS
DRIEST YEAR ON RECORD FOR PRECIPITATION
LEAST SNOWIEST YEAR ON RECORD
$$
DEWALD