000
CXUS52 KCAE 011500
CF6OGB
PRELIMINARY LOCAL CLIMATOLOGICAL DATA (WS FORM: F-6)
STATION: ORANGEBURG AIRPORT SC
MONTH: JANUARY
YEAR: 2023
LATITUDE: 33 27 N
LONGITUDE: 80 51 W
TEMPERATURE IN F: :PCPN: SNOW: WIND :SUNSHINE: SKY :PK WND
================================================================================
1 2 3 4 5 6A 6B 7 8 9 10 11 12 13 14 15 16 17 18
12Z AVG MX 2MIN
DY MAX MIN AVG DEP HDD CDD WTR SNW DPTH SPD SPD DIR MIN PSBL S-S WX SPD DR
================================================================================
1 70 50 60 12 5 0 0.00 M M 4.6 13 240 M M 6 12 16 240
2 73 45 59 11 6 0 0.00 M M 2.2 8 240 M M 4 12 11 230
3 76 47 62 15 3 0 0.34 M M 6.0 23 210 M M 4 123 30 210
4 71 63 67 20 0 2 0.42 M M 8.6 23 220 M M 9 1 30 230
5 68 48 58 11 7 0 0.00 M M 5.9 17 230 M M 1 12 21 230
6 61 37 49 2 16 0 0.00 M M 4.7 13 280 M M 0 17 290
7 63 36 50 3 15 0 0.00 M M 1.9 12 280 M M 0 14 260
8 66 39 53 6 12 0 T M M 3.1 14 180 M M 5 17 180
9 60 40 50 3 15 0 0.03 M M 6.0 15 340 M M 5 1 23 10
10 63 36 50 3 15 0 0.00 M M 3.2 15 220 M M 0 1 20 220
11 68 35 52 5 13 0 0.00 M M 3.3 12 180 M M 1 1 15 180
12 69 50 60 13 5 0 0.59 M M 9.1 29 280 M M 6 1 39 280
13 58 45 52 5 13 0 0.01 M M 10.5 21 340 M M 7 28 310
14 50 35 43 -4 22 0 0.00 M M 9.1 21 350 M M 1 31 10
15 56 28 42 -5 23 0 0.00 M M 3.3 12 300 M M 0 16 300
16 63 29 46 -1 19 0 0.00 M M 2.7 13 240 M M 0 20 230
17 69 44 57 10 8 0 0.08 M M 7.0 20 230 M M 5 1 24 220
18 68 52 60 13 5 0 0.00 M M 4.7 13 250 M M 7 12 16 250
19 74 55 65 18 0 0 0.00 M M 10.5 25 220 M M 5 12 35 240
20 68 43 56 9 9 0 0.00 M M 7.7 20 280 M M 0 30 280
21 53 45 49 2 16 0 T M M 6.0 12 30 M M 2 16 50
22 50 42 46 -1 19 0 2.65 M M 5.5 16 40 M M 10 13 23 10
23 57 37 47 0 18 0 T M M 10.8 22 270 M M 3 1 29 260
24 57 30 44 -4 21 0 0.00 M M 3.2 13 170 M M 0 16 170
25 68 43 56 8 9 0 0.95 M M 10.1 20 250 M M 8 1 27 220
26 58 38 48 0 17 0 0.00 M M 10.5 22 250 M M 1 29 270
27 53 31 42 -6 23 0 0.00 M M 5.6 16 260 M M 0 23 250
28 59 29 44 -4 21 0 0.00 M M 2.1 9 180 M M 0 12 190
29 57 35 46 -2 19 0 0.41 M M 1.6 7 330 M M 6 1 10 90
30 59 50 55 7 10 0 0.74 M M 2.3 9 330 M M 10 1 12 320
31 66 55 61 13 4 0 T M M 3.8 12 250 M M 9 12 13 250
================================================================================
SM 1951 1292 388 2 6.22 M 175.6 M 115
================================================================================
AV 62.9 41.7 5.7 FASTST M M 4 MAX(MPH)
MISC ----> 29 280 39 280
================================================================================
NOTES:
# LAST OF SEVERAL OCCURRENCES
COLUMN 17 PEAK WIND IN M.P.H.
PRELIMINARY LOCAL CLIMATOLOGICAL DATA (WS FORM: F-6) , PAGE 2
STATION: ORANGEBURG AIRPORT SC
MONTH: JANUARY
YEAR: 2023
LATITUDE: 33 27 N
LONGITUDE: 80 51 W
[TEMPERATURE DATA] [PRECIPITATION DATA] SYMBOLS USED IN COLUMN 16
AVERAGE MONTHLY: 52.3 TOTAL FOR MONTH: 6.22 1 = FOG OR MIST
DPTR FM NORMAL: 5.0 DPTR FM NORMAL: 2.59 2 = FOG REDUCING VISIBILITY
HIGHEST: 76 ON 3 GRTST 24HR 2.65 ON 22-22 TO 1/4 MILE OR LESS
LOWEST: 28 ON 15 3 = THUNDER
SNOW, ICE PELLETS, HAIL 4 = ICE PELLETS
TOTAL MONTH: M 5 = HAIL
GRTST 24HR M ON M 6 = FREEZING RAIN OR DRIZZLE
GRTST DEPTH: M ON M 7 = DUSTSTORM OR SANDSTORM:
VSBY 1/2 MILE OR LESS
8 = SMOKE OR HAZE
[NO. OF DAYS WITH] [WEATHER - DAYS WITH] 9 = BLOWING SNOW
X = TORNADO
MAX 32 OR BELOW: 0 0.01 INCH OR MORE: 10
MAX 90 OR ABOVE: 0 0.10 INCH OR MORE: 7
MIN 32 OR BELOW: 5 0.50 INCH OR MORE: 4
MIN 0 OR BELOW: 0 1.00 INCH OR MORE: 1
[HDD (BASE 65) ]
TOTAL THIS MO. 388 CLEAR (SCALE 0-3) 15
DPTR FM NORMAL -163 PTCLDY (SCALE 4-7) 11
TOTAL FM JUL 1 1227 CLOUDY (SCALE 8-10) 5
DPTR FM NORMAL -181
[CDD (BASE 65) ]
TOTAL THIS MO. 2
DPTR FM NORMAL -2 [PRESSURE DATA]
TOTAL FM JAN 1 2 HIGHEST SLP 30.47 ON 28
DPTR FM NORMAL -2 LOWEST SLP 29.73 ON 13
[REMARKS]
#FINAL-01-23#