000
CXUS55 KEAX 041832
CF6OJC
PRELIMINARY LOCAL CLIMATOLOGICAL DATA (WS FORM: F-6)
STATION: JOHNSON COUNTY EXECUTIVE KS
MONTH: SEPTEMBER
YEAR: 2020
LATITUDE: 38 50 N
LONGITUDE: 94 44 W
TEMPERATURE IN F: :PCPN: SNOW: WIND :SUNSHINE: SKY :PK WND
================================================================================
1 2 3 4 5 6A 6B 7 8 9 10 11 12 13 14 15 16 17 18
12Z AVG MX 2MIN
DY MAX MIN AVG DEP HDD CDD WTR SNW DPTH SPD SPD DIR MIN PSBL S-S WX SPD DR
================================================================================
1 83 67 75 1 0 10 0.05 M M 5.6 15 200 M M 6 18 20 190
2 84 65 75 1 0 10 0.00 M M 3.3 10 140 M M 2 12 15 140
3 85 65 75 1 0 10 0.00 M M 8.0 17 360 M M 4 1 23 350
4 82 54 68 -5 0 3 0.00 M M 4.6 9 130 M M 0 17 110
5 89 65 77 4 0 12 0.00 M M 5.7 13 200 M M 2 17 210
6 91 73 82 10 0 17 0.00 M M 12.8 23 200 M M 0 36 210
7 92 72 82 10 0 17 0.00 M M 8.3 20 180 M M 1 30 190
8 74 51 63 -9 2 0 T M M 12.9 21 30 M M 10 13 31 30
9 56 50 53 -18 12 0 0.02 M M 10.4 16 40 M M 10 1 24 30
10 56 53 55 -16 10 0 0.72 M M 8.6 14 10 M M 10 1 19 20
11 62 54 58 -12 7 0 0.06 M M 2.5 8 210 M M 10 1 10 200
12 76 61 69 -1 0 4 0.00 M M 5.5 14 200 M M 7 19 160
13 78 55 67 -3 0 2 0.00 M M 5.1 12 30 M M 0 15 10
14 78 56 67 -2 0 2 0.00 M M 5.8 14 90 M M 0 18 90
15 78 58 68 -1 0 3 0.00 M M 4.2 8 160 M M 0 13 180
16 83 58 71 3 0 6 0.00 M M 2.0 12 20 M M 1 1 19 30
17 73 58 66 -2 0 1 0.00 M M 8.1 14 40 M M 0 20 30
18 73 53 63 -5 2 0 0.00 M M 6.1 14 60 M M 0 20 90
19 70 52 61 -6 4 0 0.00 M M 7.5 16 170 M M 0 21 180
20 74 50 62 -5 3 0 0.00 M M 7.5 14 140 M M 0 21 150
21 77 54 66 0 0 1 0.00 M M 5.9 12 190 M M 0 16 200
22 74 18 46 -20 19 0 0.00 M M 4.8 13 200 M M 1 16 200
23 76 18 47 -19 18 0 0.00 M M 4.0 10 160 M M 7 8 15 170
24 80 53 67 2 0 2 0.00 M M 5.9 15 200 M M 0 1 22 250
25 85 59 72 7 0 7 0.00 M M 10.4 18 180 M M 0 30 180
26 88 63 76 12 0 11 0.00 M M 11.9 21 200 M M 1 1 32 190
27 70 52 61 -3 4 0 1.40 M M 9.6 33 320 M M 8 13 56 320
28 68 48 58 -6 7 0 0.00 M M 8.6 22 320 M M 2 35 320
29 72 45 59 -4 6 0 0.00 M M 6.9 16 270 M M 1 26 270
30 76 54 65 2 0 0 0.00 M M 9.9 25 340 M M 0 36 340
================================================================================
SM 2303 1634 94 118 2.25 M 212.4 M 83
================================================================================
AV 76.8 54.5 7.1 FASTST M M 3 MAX(MPH)
MISC ----> 33 320 56 320
================================================================================
NOTES:
# LAST OF SEVERAL OCCURRENCES
COLUMN 17 PEAK WIND IN M.P.H.
PRELIMINARY LOCAL CLIMATOLOGICAL DATA (WS FORM: F-6) , PAGE 2
STATION: JOHNSON COUNTY EXECUTIVE KS
MONTH: SEPTEMBER
YEAR: 2020
LATITUDE: 38 50 N
LONGITUDE: 94 44 W
[TEMPERATURE DATA] [PRECIPITATION DATA] SYMBOLS USED IN COLUMN 16
AVERAGE MONTHLY: 65.6 TOTAL FOR MONTH: 2.25 1 = FOG OR MIST
DPTR FM NORMAL: -3.0 DPTR FM NORMAL: -2.26 2 = FOG REDUCING VISIBILITY
HIGHEST: 92 ON 7 GRTST 24HR 1.40 ON 27-27 TO 1/4 MILE OR LESS
LOWEST: 18 ON 23,22 3 = THUNDER
SNOW, ICE PELLETS, HAIL 4 = ICE PELLETS
TOTAL MONTH: M 5 = HAIL
GRTST 24HR M ON M 6 = FREEZING RAIN OR DRIZZLE
GRTST DEPTH: M ON M 7 = DUSTSTORM OR SANDSTORM:
VSBY 1/2 MILE OR LESS
8 = SMOKE OR HAZE
[NO. OF DAYS WITH] [WEATHER - DAYS WITH] 9 = BLOWING SNOW
X = TORNADO
MAX 32 OR BELOW: 0 0.01 INCH OR MORE: 5
MAX 90 OR ABOVE: 2 0.10 INCH OR MORE: 2
MIN 32 OR BELOW: 2 0.50 INCH OR MORE: 2
MIN 0 OR BELOW: 0 1.00 INCH OR MORE: 1
[HDD (BASE 65) ]
TOTAL THIS MO. 57 CLEAR (SCALE 0-3) 21
DPTR FM NORMAL 9 PTCLDY (SCALE 4-7) 4
TOTAL FM JUL 1 57 CLOUDY (SCALE 8-10) 5
DPTR FM NORMAL 10
[CDD (BASE 65) ]
TOTAL THIS MO. 123
DPTR FM NORMAL -33 [PRESSURE DATA]
TOTAL FM JAN 1 1279 HIGHEST SLP 30.32 ON 18
DPTR FM NORMAL -42 LOWEST SLP 29.63 ON 7
[REMARKS]
#FINAL-09-20#