000
CXUS55 KEAX 010736
CF6OJC
PRELIMINARY LOCAL CLIMATOLOGICAL DATA (WS FORM: F-6)
STATION: JOHNSON COUNTY EXECUTIVE KS
MONTH: JULY
YEAR: 2020
LATITUDE: 38 50 N
LONGITUDE: 94 44 W
TEMPERATURE IN F: :PCPN: SNOW: WIND :SUNSHINE: SKY :PK WND
================================================================================
1 2 3 4 5 6A 6B 7 8 9 10 11 12 13 14 15 16 17 18
12Z AVG MX 2MIN
DY MAX MIN AVG DEP HDD CDD WTR SNW DPTH SPD SPD DIR MIN PSBL S-S WX SPD DR
================================================================================
1 85 69 77 0 0 12 0.09 M M 7.2 23 20 M M 6 13 32 350
2 88 71 80 3 0 15 0.00 M M 5.3 14 60 M M 1 19 70
3 88 68 78 1 0 13 2.12 M M 5.1 28 270 M M 3 123 44 280
4 84 72 78 1 0 13 0.00 M M 6.1 14 70 M M 5 13 19 80
5 87 71 79 2 0 14 0.00 M M 5.7 13 170 M M 1 18 17 160
6 90 71 81 4 0 16 0.00 M M 2.6 10 140 M M 1 15 150
7 91 71 81 3 0 16 T M M 3.5 8 200 M M 1 1 12 200
8 90 72 81 3 0 16 0.00 M M 6.4 15 170 M M 1 20 170
9 87 66 77 -1 0 12 0.07 M M 8.8 28 350 M M 1 13 46 190
10 88 66 77 -1 0 12 0.00 M M 4.0 13 150 M M 0 17 170
11 91 70 81 3 0 16 0.00 M M 6.0 13 360 M M 0 19 20
12 87 65 76 -2 0 11 0.00 M M 6.9 17 20 M M 0 34 360
13 88 66 77 -1 0 12 0.00 M M 7.7 14 170 M M 0 22 150
14 90 70 80 2 0 15 T M M 7.5 15 120 M M 2 24 170
15 84 67 76 -2 0 11 0.65 M M 7.6 26 60 M M 4 13 36 50
16 83 65 74 -4 0 9 0.00 M M 5.1 15 60 M M 0 20 60
17 91 72 82 4 0 17 0.00 M M 9.2 16 170 M M 0 23 190
18 93 76 85 6 0 20 0.00 M M 12.3 23 190 M M 0 36 180
19 91 71 81 2 0 16 T M M 7.8 22 360 M M 3 3 30 360
20 79 68 74 -5 0 9 0.16 M M 7.2 20 350 M M 5 13 33 340
21 83 68 76 -3 0 11 0.40 M M 3.9 14 260 M M 6 13 21 270
22 88 66 77 -2 0 12 0.00 M M 2.7 7 340 M M 4 128 11 320
23 91 72 82 3 0 17 T M M 5.3 13 150 M M 1 16 160
24 91 72 82 3 0 17 0.00 M M 7.1 14 150 M M 1 20 160
25 91 73 82 3 0 17 0.00 M M 7.0 15 200 M M 1 22 210
26 93 73 83 4 0 18 0.00 M M 7.5 15 230 M M 2 3 23 220
27 84 67 76 -3 0 11 0.47 M M 6.4 22 20 M M 7 13 27 30
28 86 72 79 0 0 14 0.04 M M 6.4 16 150 M M 5 21 190
29 83 69 76 -3 0 11 1.70 M M 6.2 17 170 M M 8 13 25 90
30 76 68 72 -7 0 7 0.50 M M 6.9 17 10 M M 9 1 23 10
31 80 65 73 -6 0 8 0.31 M M 8.1 17 70 M M 7 1 27 70
================================================================================
SM 2701 2152 0 418 6.51 M 199.5 M 85
================================================================================
AV 87.1 69.4 6.4 FASTST M M 3 MAX(MPH)
MISC ----> # 28 270 46 190
================================================================================
NOTES:
# LAST OF SEVERAL OCCURRENCES
COLUMN 17 PEAK WIND IN M.P.H.
PRELIMINARY LOCAL CLIMATOLOGICAL DATA (WS FORM: F-6) , PAGE 2
STATION: JOHNSON COUNTY EXECUTIVE KS
MONTH: JULY
YEAR: 2020
LATITUDE: 38 50 N
LONGITUDE: 94 44 W
[TEMPERATURE DATA] [PRECIPITATION DATA] SYMBOLS USED IN COLUMN 16
AVERAGE MONTHLY: 78.3 TOTAL FOR MONTH: 6.51 1 = FOG OR MIST
DPTR FM NORMAL: 0.0 DPTR FM NORMAL: 2.79 2 = FOG REDUCING VISIBILITY
HIGHEST: 93 ON 26,18 GRTST 24HR 2.12 ON 3- 3 TO 1/4 MILE OR LESS
LOWEST: 65 ON 31,16 3 = THUNDER
SNOW, ICE PELLETS, HAIL 4 = ICE PELLETS
TOTAL MONTH: M 5 = HAIL
GRTST 24HR M ON M 6 = FREEZING RAIN OR DRIZZLE
GRTST DEPTH: M ON M 7 = DUSTSTORM OR SANDSTORM:
VSBY 1/2 MILE OR LESS
8 = SMOKE OR HAZE
[NO. OF DAYS WITH] [WEATHER - DAYS WITH] 9 = BLOWING SNOW
X = TORNADO
MAX 32 OR BELOW: 0 0.01 INCH OR MORE: 11
MAX 90 OR ABOVE: 12 0.10 INCH OR MORE: 8
MIN 32 OR BELOW: 0 0.50 INCH OR MORE: 4
MIN 0 OR BELOW: 0 1.00 INCH OR MORE: 2
[HDD (BASE 65) ]
TOTAL THIS MO. 0 CLEAR (SCALE 0-3) 19
DPTR FM NORMAL 0 PTCLDY (SCALE 4-7) 11
TOTAL FM JUL 1 0 CLOUDY (SCALE 8-10) 1
DPTR FM NORMAL 0
[CDD (BASE 65) ]
TOTAL THIS MO. 418
DPTR FM NORMAL 7 [PRESSURE DATA]
TOTAL FM JAN 1 841 HIGHEST SLP M ON M
DPTR FM NORMAL 69 LOWEST SLP 29.66 ON 9
[REMARKS]
#FINAL-07-20#