522
CXUS53 KARX 010930
CF6OLZ
PRELIMINARY LOCAL CLIMATOLOGICAL DATA (WS FORM: F-6)
STATION: OELWEIN IA
MONTH: APRIL
YEAR: 2020
LATITUDE: 42 40 N
LONGITUDE: 91 58 W
TEMPERATURE IN F: :PCPN: SNOW: WIND :SUNSHINE: SKY :PK WND
================================================================================
1 2 3 4 5 6A 6B 7 8 9 10 11 12 13 14 15 16 17 18
12Z AVG MX 2MIN
DY MAX MIN AVG DEP HDD CDD WTR SNW DPTH SPD SPD DIR MIN PSBL S-S WX SPD DR
================================================================================
1 52 28 40 M 25 0 0.12 0.0 0 11.2 20 130 M M 3 1 M M
2 63 43 53 M 12 0 0.00 0.0 0 17.8 24 140 M M 6 30 150
3 54 28 41 M 24 0 M M M 16.2 23 330 M M 10 1 30 330
4 48 25 37 M 28 0 0.00 0.0 M 11.0 17 340 M M 4 25 340
5 59 28 44 M 21 0 0.00 0.0 0 8.5 17 140 M M 1 14 99
6 55 41 48 M 17 0 0.00 0.0 0 10.8 14 140 M M 10 1 M M
7 75 52 64 M 1 0 0.00 0.0 0 10.2 17 280 M M 5 12 23 270
8 59 39 49 M 16 0 M M 0 11.7 22 10 M M 5 12 28 10
9 43 28 36 M 29 0 M M 0 19.8 37 320 M M 2 1 48 320
10 50 25 38 M 27 0 0.00 0.0 0 10.4 17 330 M M 3 23 330
11 59 36 48 M 17 0 M 0.0 0 9.2 16 170 M M 7 18 17 160
12 46 30 38 M 27 0 M M M 16.7 30 340 M M 10 12 41 340
13 37 25 31 M 34 0 0.00 0.0 M 21.4 29 340 M M 3 8 39 340
14 34 23 29 M 36 0 0.00 0.0 M 12.7 24 270 M M 6 37 260
15 37 18 28 M 37 0 0.00 0.0 M 10.5 21 310 M M 2 31 320
16 41 19 30 M 35 0 0.00 0.0 0 5.8 10 310 M M 2 16 310
17 48 32 40 M 25 0 0.00 0.0 0 9.9 16 300 M M 5 23 310
18 63 30 47 M 18 0 0.00 0.0 0 18.5 31 220 M M 2 46 220
19 55 37 46 M 19 0 0.00 0.0 0 10.7 18 350 M M 1 24 360
20 66 27 47 M 18 0 0.00 0.0 0 15.9 33 250 M M 3 41 250
21 54 27 41 M 24 0 0.00 0.0 0 13.8 25 320 M M 3 32 320
22 77 37 57 M 8 0 0.02 0.0 0 17.2 33 220 M M 5 8 43 220
23 63 46 55 M 10 0 0.00 0.0 0 9.0 13 60 M M 5 1 M M
24 61 43 52 M 13 0 0.00 0.0 0 9.3 13 80 M M 5 1 16 80
25 64 43 54 M 11 0 0.00 0.0 0 9.2 16 30 M M 1 23 30
26 68 37 53 M 12 0 0.00 0.0 0 8.2 16 190 M M 2 23 200
27 77 48 63 M 2 0 0.00 0.0 0 13.8 31 210 M M 5 30 200
28 68 48 58 M 7 0 0.00 0.0 0 15.2 31 320 M M 6 39 320
29 59 45 52 M 13 0 0.00 0.0 0 23.3 32 360 M M 7 1 43 360
30 70 39 55 M 10 0 0.00 0.0 0 12.4 20 350 M M 0 30 340
================================================================================
SM 1705 1027 576 0 0.14 0.0 390.3 M 129
================================================================================
AV 56.8 34.2 13.0 FASTST M M 4 MAX(MPH)
MISC ----> # 37 320 # 48 320
================================================================================
NOTES:
# LAST OF SEVERAL OCCURRENCES
COLUMN 17 PEAK WIND IN M.P.H.
PRELIMINARY LOCAL CLIMATOLOGICAL DATA (WS FORM: F-6) , PAGE 2
STATION: OELWEIN IA
MONTH: APRIL
YEAR: 2020
LATITUDE: 42 40 N
LONGITUDE: 91 58 W
[TEMPERATURE DATA] [PRECIPITATION DATA] SYMBOLS USED IN COLUMN 16
AVERAGE MONTHLY: 45.5 TOTAL FOR MONTH: 0.14 1 = FOG OR MIST
DPTR FM NORMAL: M DPTR FM NORMAL: M 2 = FOG REDUCING VISIBILITY
HIGHEST: 77 ON 27,22 GRTST 24HR 0.12 ON 1- 1 TO 1/4 MILE OR LESS
LOWEST: 18 ON 15 3 = THUNDER
SNOW, ICE PELLETS, HAIL 4 = ICE PELLETS
TOTAL MONTH: 0.0 INCH 5 = HAIL
GRTST 24HR 0.0 6 = FREEZING RAIN OR DRIZZLE
GRTST DEPTH: 0 7 = DUSTSTORM OR SANDSTORM:
VSBY 1/2 MILE OR LESS
8 = SMOKE OR HAZE
[NO. OF DAYS WITH] [WEATHER - DAYS WITH] 9 = BLOWING SNOW
X = TORNADO
MAX 32 OR BELOW: 0 0.01 INCH OR MORE: 2
MAX 90 OR ABOVE: 0 0.10 INCH OR MORE: 1
MIN 32 OR BELOW: 15 0.50 INCH OR MORE: 0
MIN 0 OR BELOW: 0 1.00 INCH OR MORE: 0
[HDD (BASE 65) ]
TOTAL THIS MO. 576 CLEAR (SCALE 0-3) 13
DPTR FM NORMAL M PTCLDY (SCALE 4-7) 14
TOTAL FM JUL 1 6849 CLOUDY (SCALE 8-10) 3
DPTR FM NORMAL M
[CDD (BASE 65) ]
TOTAL THIS MO. 0
DPTR FM NORMAL M [PRESSURE DATA]
TOTAL FM JAN 1 0 HIGHEST SLP M ON M
DPTR FM NORMAL M LOWEST SLP M ON M
[REMARKS]
#FINAL-04-20#