000
CXUS53 KARX 010900
CF6ONA
PRELIMINARY LOCAL CLIMATOLOGICAL DATA (WS FORM: F-6)
STATION: WINONA_MUNI_(AWOS) MN
MONTH: SEPTEMBER
YEAR: 2022
LATITUDE: 44 4 N
LONGITUDE: 91 42 W
TEMPERATURE IN F: :PCPN: SNOW: WIND :SUNSHINE: SKY :PK WND
================================================================================
1 2 3 4 5 6A 6B 7 8 9 10 11 12 13 14 15 16 17 18
12Z AVG MX 2MIN
DY MAX MIN AVG DEP HDD CDD WTR SNW DPTH SPD SPD DIR MIN PSBL S-S WX SPD DR
================================================================================
1 84 61 73 M 0 8 0.00 0.0 0 2.9 9 220 M M 1 1 16 220
2 86 68 77 M 0 12 0.41 0.0 0 3.7 8 230 M M 1 3 25 230
3 77 61 69 M 0 4 0.00 0.0 0 4.7 9 20 M M 1 8 M M
4 72 55 64 M 1 0 0.00 0.0 0 3.2 7 130 M M 2 M M
5 73 57 65 M 0 0 0.00 0.0 0 2.8 7 140 M M 3 M M
6 79 59 69 M 0 4 0.00 0.0 0 2.5 6 120 M M 5 M M
7 84 63 74 M 0 9 0.00 0.0 0 1.1 6 350 M M 4 M M
8 82 61 72 M 0 7 0.00 0.0 0 4.0 8 200 M M 1 1 21 210
9 79 61 70 M 0 5 0.25 0.0 0 4.8 12 320 M M 4 3 23 350
10 63 55 59 M 6 0 0.11 0.0 0 2.3 7 310 M M 7 1 M M
11 64 52 58 M 7 0 0.00 0.0 0 3.7 8 330 M M 4 1 M M
12 73 50 62 M 3 0 0.00 0.0 0 4.4 10 330 M M 3 17 10
13 77 46 62 M 3 0 0.00 0.0 0 1.2 5 280 M M 0 1 M M
14 75 52 64 M 1 0 0.00 0.0 0 4.2 9 110 M M 2 12 M M
15 82 59 71 M 0 6 0.00 0.0 0 4.7 10 220 M M 0 17 220
16 81 61 71 M 0 6 0.00 0.0 0 1.6 8 140 M M 4 M M
17 79 63 71 M 0 6 0.00 0.0 0 3.8 10 220 M M 2 20 220
18 77 61 69 M 0 4 0.01 0.0 0 3.7 13 310 M M 5 18 310
19 79 59 69 M 0 4 0.01 0.0 0 1.9 8 110 M M 4 12 M M
20 88 64 76 M 0 11 0.00 0.0 0 3.7 9 130 M M 2 17 130
21 70 52 61 M 4 0 0.00 0.0 0 10.5 17 330 M M 2 24 320
22 63 45 54 M 11 0 0.03 0.0 0 4.2 10 30 M M 0 16 30
23 59 45 52 M 13 0 T 0.0 0 3.3 9 140 M M 6 M M
24 68 52 60 M 5 0 0.01 0.0 0 4.8 15 320 M M 10 25 320
25 70 55 63 M 2 0 0.00 0.0 0 11.4 17 320 M M 6 31 330
26 63 41 52 M 13 0 0.00 0.0 0 9.5 18 320 M M 1 28 330
27 57 36 47 M 18 0 0.00 0.0 0 3.7 10 20 M M 0 20 350
28 59 34 47 M 18 0 0.00 0.0 0 1.1 5 110 M M 3 12 M M
29 68 37 53 M 12 0 0.00 0.0 0 2.6 9 150 M M 0 1 M M
30 70 43 57 M 8 0 0.00 0.0 0 3.3 9 130 M M 0 M M
================================================================================
SM 2201 1608 125 86 0.83 0.0 119.3 M 83
================================================================================
AV 73.4 53.6 4.0 FASTST M M 3 MAX(MPH)
MISC ----> 18 320 31 330
================================================================================
NOTES:
# LAST OF SEVERAL OCCURRENCES
COLUMN 17 PEAK WIND IN M.P.H.
PRELIMINARY LOCAL CLIMATOLOGICAL DATA (WS FORM: F-6) , PAGE 2
STATION: WINONA_MUNI_(AWOS) MN
MONTH: SEPTEMBER
YEAR: 2022
LATITUDE: 44 4 N
LONGITUDE: 91 42 W
[TEMPERATURE DATA] [PRECIPITATION DATA] SYMBOLS USED IN COLUMN 16
AVERAGE MONTHLY: 63.5 TOTAL FOR MONTH: 0.83 1 = FOG OR MIST
DPTR FM NORMAL: 0.0 DPTR FM NORMAL: M 2 = FOG REDUCING VISIBILITY
HIGHEST: 88 ON 20 GRTST 24HR 0.41 ON 2- 2 TO 1/4 MILE OR LESS
LOWEST: 34 ON 28 3 = THUNDER
SNOW, ICE PELLETS, HAIL 4 = ICE PELLETS
TOTAL MONTH: 0.0 INCH 5 = HAIL
GRTST 24HR 0.0 6 = FREEZING RAIN OR DRIZZLE
GRTST DEPTH: 0 7 = DUSTSTORM OR SANDSTORM:
VSBY 1/2 MILE OR LESS
8 = SMOKE OR HAZE
[NO. OF DAYS WITH] [WEATHER - DAYS WITH] 9 = BLOWING SNOW
X = TORNADO
MAX 32 OR BELOW: 0 0.01 INCH OR MORE: 7
MAX 90 OR ABOVE: 0 0.10 INCH OR MORE: 3
MIN 32 OR BELOW: 0 0.50 INCH OR MORE: 0
MIN 0 OR BELOW: 0 1.00 INCH OR MORE: 0
[HDD (BASE 65) ]
TOTAL THIS MO. 125 CLEAR (SCALE 0-3) 19
DPTR FM NORMAL M PTCLDY (SCALE 4-7) 10
TOTAL FM JUL 1 128 CLOUDY (SCALE 8-10) 1
DPTR FM NORMAL M
[CDD (BASE 65) ]
TOTAL THIS MO. 86
DPTR FM NORMAL M [PRESSURE DATA]
TOTAL FM JAN 1 685 HIGHEST SLP M ON M
DPTR FM NORMAL M LOWEST SLP M ON M
[REMARKS]
#FINAL-09-22#