000
CXUS53 KARX 010900
CF6ONA
PRELIMINARY LOCAL CLIMATOLOGICAL DATA (WS FORM: F-6)
STATION: WINONA_MUNI_(AWOS) MN
MONTH: SEPTEMBER
YEAR: 2021
LATITUDE: 44 4 N
LONGITUDE: 91 42 W
TEMPERATURE IN F: :PCPN: SNOW: WIND :SUNSHINE: SKY :PK WND
================================================================================
1 2 3 4 5 6A 6B 7 8 9 10 11 12 13 14 15 16 17 18
12Z AVG MX 2MIN
DY MAX MIN AVG DEP HDD CDD WTR SNW DPTH SPD SPD DIR MIN PSBL S-S WX SPD DR
================================================================================
1 77 57 67 M 0 2 0.00 0.0 0 1.9 7 120 M M 4 M M
2 70 55 63 M 2 0 0.00 0.0 0 3.5 8 130 M M 1 1 M M
3 64 61 63 M 2 0 0.89 0.0 0 5.3 10 120 M M 10 1 M M
4 75 59 67 M 0 2 0.02 0.0 0 3.6 9 290 M M 6 1 17 330
5 79 52 66 M 0 1 0.00 0.0 0 3.1 12 290 M M 1 17 290
6 77 50 64 M 1 0 0.00 0.0 0 0.9 5 150 M M 0 M M
7 79 59 69 M 0 4 0.00 0.0 0 7.1 20 320 M M 1 25 320
8 73 54 64 M 1 0 T 0.0 0 5.9 20 330 M M 3 24 330
9 73 50 62 M 3 0 0.00 0.0 0 2.4 8 20 M M 0 M M
10 79 52 66 M 0 1 0.00 0.0 0 2.1 6 200 M M 2 12 M M
11 82 63 73 M 0 8 0.00 0.0 0 2.2 7 320 M M 1 8 M M
12 70 54 62 M 3 0 T 0.0 0 2.6 9 340 M M 4 16 0
13 72 52 62 M 3 0 0.00 0.0 0 5.4 13 120 M M 7 12 18 120
14 72 54 63 M 2 0 0.00 0.0 0 7.5 18 320 M M 5 23 300
15 77 46 62 M 3 0 0.00 0.0 0 1.9 6 140 M M 0 M M
16 82 55 69 M 0 4 0.00 0.0 0 5.7 9 170 M M 2 22 190
17 72 46 59 M 6 0 0.00 0.0 0 5.1 14 320 M M 2 23 250
18 77 43 60 M 5 0 0.00 0.0 0 1.8 8 120 M M 2 12 M M
19 88 59 74 M 0 9 0.00 0.0 0 3.7 10 150 M M 0 20 200
20 79 61 70 M 0 5 1.16 0.0 0 6.7 13 290 M M 6 3 24 290
21 70 52 61 M 4 0 0.00 0.0 0 8.1 18 330 M M 3 27 330
22 68 45 57 M 8 0 0.00 0.0 0 2.9 8 320 M M 0 M M
23 72 45 59 M 6 0 0.00 0.0 0 1.2 6 350 M M 2 128 M M
24 68 46 57 M 8 0 0.03 0.0 0 3.8 16 320 M M 2 1 28 350
25 66 41 54 M 11 0 0.00 0.0 0 2.0 8 300 M M 0 M M
26 81 45 63 M 2 0 0.00 0.0 0 1.0 6 210 M M 0 M M
27 79 52 66 M 0 1 0.00 0.0 0 0.3 5 40 M M 0 M M
28 75 50 63 M 2 0 0.00 0.0 0 3.0 9 110 M M 0 1 M M
29 81 54 68 M 0 3 0.00 0.0 0 2.7 9 110 M M 0 M M
30 82 59 71 M 0 6 0.00 0.0 0 2.6 7 120 M M 0 M M
================================================================================
SM 2259 1571 72 46 2.10 0.0 106.0 M 64
================================================================================
AV 75.3 52.4 3.5 FASTST M M 2 MAX(MPH)
MISC ----> # 20 320 28 350
================================================================================
NOTES:
# LAST OF SEVERAL OCCURRENCES
COLUMN 17 PEAK WIND IN M.P.H.
PRELIMINARY LOCAL CLIMATOLOGICAL DATA (WS FORM: F-6) , PAGE 2
STATION: WINONA_MUNI_(AWOS) MN
MONTH: SEPTEMBER
YEAR: 2021
LATITUDE: 44 4 N
LONGITUDE: 91 42 W
[TEMPERATURE DATA] [PRECIPITATION DATA] SYMBOLS USED IN COLUMN 16
AVERAGE MONTHLY: 63.8 TOTAL FOR MONTH: 2.10 1 = FOG OR MIST
DPTR FM NORMAL: 0.0 DPTR FM NORMAL: M 2 = FOG REDUCING VISIBILITY
HIGHEST: 88 ON 19 GRTST 24HR 1.16 ON 20-20 TO 1/4 MILE OR LESS
LOWEST: 41 ON 25 3 = THUNDER
SNOW, ICE PELLETS, HAIL 4 = ICE PELLETS
TOTAL MONTH: 0.0 INCH 5 = HAIL
GRTST 24HR 0.0 6 = FREEZING RAIN OR DRIZZLE
GRTST DEPTH: 0 7 = DUSTSTORM OR SANDSTORM:
VSBY 1/2 MILE OR LESS
8 = SMOKE OR HAZE
[NO. OF DAYS WITH] [WEATHER - DAYS WITH] 9 = BLOWING SNOW
X = TORNADO
MAX 32 OR BELOW: 0 0.01 INCH OR MORE: 4
MAX 90 OR ABOVE: 0 0.10 INCH OR MORE: 2
MIN 32 OR BELOW: 0 0.50 INCH OR MORE: 2
MIN 0 OR BELOW: 0 1.00 INCH OR MORE: 1
[HDD (BASE 65) ]
TOTAL THIS MO. 72 CLEAR (SCALE 0-3) 23
DPTR FM NORMAL M PTCLDY (SCALE 4-7) 6
TOTAL FM JUL 1 76 CLOUDY (SCALE 8-10) 1
DPTR FM NORMAL M
[CDD (BASE 65) ]
TOTAL THIS MO. 46
DPTR FM NORMAL M [PRESSURE DATA]
TOTAL FM JAN 1 788 HIGHEST SLP M ON M
DPTR FM NORMAL M LOWEST SLP M ON M
[REMARKS]
#FINAL-09-21#