000
CXUS56 KSGX 011245
CF6ONT
PRELIMINARY LOCAL CLIMATOLOGICAL DATA (WS FORM: F-6)
STATION: ONTARIO INTL AIRPORT CA
MONTH: MARCH
YEAR: 2020
LATITUDE: 34 2 N
LONGITUDE: 117 37 W
TEMPERATURE IN F: :PCPN: SNOW: WIND :SUNSHINE: SKY :PK WND
================================================================================
1 2 3 4 5 6A 6B 7 8 9 10 11 12 13 14 15 16 17 18
12Z AVG MX 2MIN
DY MAX MIN AVG DEP HDD CDD WTR SNW DPTH SPD SPD DIR MIN PSBL S-S WX SPD DR
================================================================================
1 60 48 54 -3 11 0 0.01 M 0 7.8 21 230 M M 9 26 230
2 69 42 56 -1 9 0 0.00 0.0 0 11.9 32 10 M M 4 1 43 30
3 79 51 65 8 0 0 0.00 0.0 0 8.9 35 40 M M 1 45 40
4 77 48 63 6 2 0 0.00 0.0 0 4.4 16 220 M M 4 21 260
5 82 49 66 8 0 1 0.00 0.0 0 3.3 15 270 M M 8 128 18 270
6 76 51 64 6 1 0 0.00 0.0 0 6.0 18 260 M M 7 18 23 270
7 65 52 59 1 6 0 0.00 0.0 0 8.5 17 230 M M 8 23 270
8 65 49 57 -1 8 0 0.00 0.0 0 5.6 15 230 M M 7 20 240
9 73 48 61 3 4 0 0.03 M 0 3.2 13 220 M M 8 8 17 240
10 69 54 62 4 3 0 0.53 0.0 0 5.2 14 70 M M 9 18 19 70
11 73 54 64 6 1 0 0.00 0.0 0 4.4 15 220 M M 6 1 19 220
12 63 51 57 -1 8 0 1.59 0.0 0 5.4 25 270 M M 8 18 34 250
13 56 50 53 -5 12 0 0.25 0.0 0 3.5 9 270 M M 10 1 13 10
14 60 53 57 -1 8 0 0.01 0.0 0 6.1 13 260 M M 10 1 15 260
15 62 51 57 -1 8 0 T 0.0 0 7.6 14 220 M M 8 1 17 210
16 60 49 55 -4 10 0 0.26 M 0 5.3 18 220 M M 9 1 25 220
17 60 46 53 -6 12 0 T M 0 6.8 16 290 M M 4 1 22 270
18 58 42 50 -9 15 0 0.00 0.0 0 5.0 17 230 M M 6 1 21 220
19 57 48 53 -6 12 0 0.27 M 0 4.2 25 280 M M 8 13 32 280
20 63 48 56 -3 9 0 0.02 M 0 4.2 9 250 M M 7 1 12 210
21 66 48 57 -2 8 0 0.00 0.0 0 4.6 15 230 M M 6 22 220
22 68 47 58 -1 7 0 0.65 M 0 4.6 18 280 M M 8 1 22 280
23 64 50 57 -2 8 0 0.23 0.0 0 9.2 17 230 M M 7 1 23 230
24 63 49 56 -3 9 0 0.00 0.0 0 7.8 17 270 M M 7 23 200
25 64 50 57 -2 8 0 0.04 0.0 0 9.1 21 220 M M 7 1 24 220
26 60 41 51 -8 14 0 0.00 0.0 0 7.7 21 210 M M 4 27 220
27 63 42 53 -7 12 0 0.00 0.0 0 5.8 18 220 M M 3 1 24 220
28 65 43 54 -6 11 0 0.00 0.0 0 4.6 14 240 M M 6 18 230
29 65 45 55 -5 10 0 0.00 0.0 0 5.5 18 230 M M 4 23 220
30 75 43 59 -1 6 0 0.00 0.0 0 3.6 15 220 M M 2 8 19 220
31 78 50 64 4 1 0 0.00 0.0 0 4.1 15 210 M M 8 18 220
================================================================================
SM 2058 1492 233 1 3.89 0.0 183.9 M 203
================================================================================
AV 66.4 48.1 5.9 FASTST M M 7 MAX(MPH)
MISC ----> # 35 40 # 45 40
================================================================================
NOTES:
# LAST OF SEVERAL OCCURRENCES
COLUMN 17 PEAK WIND IN M.P.H.
PRELIMINARY LOCAL CLIMATOLOGICAL DATA (WS FORM: F-6) , PAGE 2
STATION: ONTARIO INTL AIRPORT CA
MONTH: MARCH
YEAR: 2020
LATITUDE: 34 2 N
LONGITUDE: 117 37 W
[TEMPERATURE DATA] [PRECIPITATION DATA] SYMBOLS USED IN COLUMN 16
AVERAGE MONTHLY: 57.3 TOTAL FOR MONTH: 3.89 1 = FOG OR MIST
DPTR FM NORMAL: -1.2 DPTR FM NORMAL: 1.57 2 = FOG REDUCING VISIBILITY
HIGHEST: 82 ON 5 GRTST 24HR 1.59 ON 12-12 TO 1/4 MILE OR LESS
LOWEST: 41 ON 26 3 = THUNDER
SNOW, ICE PELLETS, HAIL 4 = ICE PELLETS
TOTAL MONTH: 0.0 INCH 5 = HAIL
GRTST 24HR 0.0 6 = FREEZING RAIN OR DRIZZLE
GRTST DEPTH: 0 7 = DUSTSTORM OR SANDSTORM:
VSBY 1/2 MILE OR LESS
8 = SMOKE OR HAZE
[NO. OF DAYS WITH] [WEATHER - DAYS WITH] 9 = BLOWING SNOW
X = TORNADO
MAX 32 OR BELOW: 0 0.01 INCH OR MORE: 12
MAX 90 OR ABOVE: 0 0.10 INCH OR MORE: 7
MIN 32 OR BELOW: 0 0.50 INCH OR MORE: 3
MIN 0 OR BELOW: 0 1.00 INCH OR MORE: 1
[HDD (BASE 65) ]
TOTAL THIS MO. 233 CLEAR (SCALE 0-3) 3
DPTR FM NORMAL 21 PTCLDY (SCALE 4-7) 19
TOTAL FM JUL 1 1118 CLOUDY (SCALE 8-10) 9
DPTR FM NORMAL -251
[CDD (BASE 65) ]
TOTAL THIS MO. 1
DPTR FM NORMAL -11 [PRESSURE DATA]
TOTAL FM JAN 1 10 HIGHEST SLP 30.25 ON 30
DPTR FM NORMAL -8 LOWEST SLP 29.73 ON 18
[REMARKS]
#FINAL-03-20#