000
CXUS52 KMFL 191940
CF6OPF
PRELIMINARY LOCAL CLIMATOLOGICAL DATA (WS FORM: F-6)
STATION: OPA-LOCKA ARPT
MONTH: JULY
YEAR: 2023
LATITUDE: 25 53 N
LONGITUDE: 80 17 W
TEMPERATURE IN F: :PCPN: SNOW: WIND :SUNSHINE: SKY :PK WND
================================================================================
1 2 3 4 5 6A 6B 7 8 9 10 11 12 13 14 15 16 17 18
12Z AVG MX 2MIN
DY MAX MIN AVG DEP HDD CDD WTR SNW DPTH SPD SPD DIR MIN PSBL S-S WX SPD DR
================================================================================
1 91 77 84 1 0 19 0.38 0.0 0 4.0 17 90 M M 4 3 20 80
2 92 77 85 2 0 20 0.28 0.0 0 3.4 24 50 M M 3 138 36 70
3 93 77 85 2 0 20 0.14 M M 2.6 15 150 M M 3 3 18 110
4 91 79 85 2 0 20 0.03 M M 4.9 15 240 M M 2 3 M M
5 93 78 86 3 0 21 T M M 5.7 14 120 M M 3 3 18 140
6 93 79 86 3 0 21 T 0.0 0 4.3 18 160 M M 2 38 22 160
7 94 78 86 3 0 21 0.38 0.0 0 6.1 22 280 M M 3 138 26 270
8 94 78 86 3 0 21 0.45 0.0 0 6.0 26 250 M M 3 3 33 230
9 95 78 87 4 0 22 0.00 0.0 0 6.5 21 200 M M 2 3 25 200
10 94 80 87 4 0 22 T 0.0 0 6.5 23 180 M M 3 3 28 180
11 95 80 88 5 0 23 T 0.0 0 5.0 16 260 M M 1 3 22 260
12 96 81 89 5 0 24 0.01 0.0 0 5.2 14 110 M M 1 3 21 140
13 95 78 87 3 0 22 0.62 0.0 0 4.6 20 120 M M 2 13 23 120
14 93 76 85 1 0 20 0.87 0.0 0 4.8 24 290 M M 1 13 28 290
15 91 74 83 -1 0 18 0.29 0.0 0 3.4 21 170 M M 2 138 25 170
16 94 75 85 1 0 20 0.01 0.0 0 4.2 22 240 M M 2 3 27 240
17 92 75 84 0 0 19 2.00 0.0 0 4.6 33 60 M M 3 13 50 60
18 91 78 85 1 0 20 0.01 0.0 0 3.6 17 150 M M 1 3 20 160
19 93 79 86 2 0 21 0.09 0.0 0 6.9 16 120 M M 1 3 21 140
20 93 82 88 4 0 23 T 0.0 0 6.0 15 130 M M 1 3 23 140
21 94 79 87 3 0 22 T 0.0 0 3.9 17 300 M M 1 3 21 190
22 96 79 88 4 0 23 0.00 0.0 0 4.6 17 10 M M 2 38 21 10
23 97 80 89 5 0 24 0.00 0.0 0 6.5 14 270 M M 1 17 280
24 96 81 89 5 0 24 T 0.0 0 4.9 16 330 M M 2 3 21 230
25 94 80 87 3 0 22 0.00 0.0 0 6.9 16 100 M M 0 3 21 70
26 91 76 84 0 0 19 0.25 0.0 0 7.4 29 70 M M 3 3 36 80
27 88 74 81 -3 0 16 2.00 0.0 0 6.5 23 50 M M 6 138 33 50
28 86 76 81 -3 0 16 0.74 0.0 0 4.7 24 170 M M 3 13 30 240
29 93 78 86 2 0 21 0.01 0.0 0 5.4 13 120 M M 1 18 140
30 94 80 87 3 0 22 0.00 0.0 0 6.5 15 130 M M 1 3 23 140
31 95 79 87 3 0 22 0.25 0.0 0 4.6 28 150 M M 1 3 39 140
================================================================================
SM 2887 2421 0 648 8.81 0.0 160.2 M 64
================================================================================
AV 93.1 78.1 5.2 FASTST M M 2 MAX(MPH)
MISC ----> 33 60 50 60
================================================================================
NOTES:
# LAST OF SEVERAL OCCURRENCES
COLUMN 17 PEAK WIND IN M.P.H.
PRELIMINARY LOCAL CLIMATOLOGICAL DATA (WS FORM: F-6) , PAGE 2
STATION: OPA-LOCKA ARPT
MONTH: JULY
YEAR: 2023
LATITUDE: 25 53 N
LONGITUDE: 80 17 W
[TEMPERATURE DATA] [PRECIPITATION DATA] SYMBOLS USED IN COLUMN 16
AVERAGE MONTHLY: 85.6 TOTAL FOR MONTH: 8.81 1 = FOG OR MIST
DPTR FM NORMAL: 2.0 DPTR FM NORMAL: 0.68 2 = FOG REDUCING VISIBILITY
HIGHEST: 97 ON 23 GRTST 24HR 2.00 ON 17-17 TO 1/4 MILE OR LESS
LOWEST: 74 ON 27,15 3 = THUNDER
SNOW, ICE PELLETS, HAIL 4 = ICE PELLETS
TOTAL MONTH: 0.0 INCH 5 = HAIL
GRTST 24HR 0.0 6 = FREEZING RAIN OR DRIZZLE
GRTST DEPTH: 0 7 = DUSTSTORM OR SANDSTORM:
VSBY 1/2 MILE OR LESS
8 = SMOKE OR HAZE
[NO. OF DAYS WITH] [WEATHER - DAYS WITH] 9 = BLOWING SNOW
X = TORNADO
MAX 32 OR BELOW: 0 0.01 INCH OR MORE: 19
MAX 90 OR ABOVE: 29 0.10 INCH OR MORE: 13
MIN 32 OR BELOW: 0 0.50 INCH OR MORE: 5
MIN 0 OR BELOW: 0 1.00 INCH OR MORE: 2
[HDD (BASE 65) ]
TOTAL THIS MO. 0 CLEAR (SCALE 0-3) 28
DPTR FM NORMAL 0 PTCLDY (SCALE 4-7) 3
TOTAL FM JUL 1 0 CLOUDY (SCALE 8-10) 0
DPTR FM NORMAL 0
[CDD (BASE 65) ]
TOTAL THIS MO. 648
DPTR FM NORMAL 71 [PRESSURE DATA]
TOTAL FM JAN 1 2860 HIGHEST SLP 30.18 ON 24
DPTR FM NORMAL 417 LOWEST SLP 29.92 ON 1
[REMARKS]
#FINAL-07-23#