000
CXUS52 KMFL 011130
CF6OPF
PRELIMINARY LOCAL CLIMATOLOGICAL DATA (WS FORM: F-6)
STATION: OPA-LOCKA ARPT
MONTH: NOVEMBER
YEAR: 2023
LATITUDE: 25 53 N
LONGITUDE: 80 17 W
TEMPERATURE IN F: :PCPN: SNOW: WIND :SUNSHINE: SKY :PK WND
================================================================================
1 2 3 4 5 6A 6B 7 8 9 10 11 12 13 14 15 16 17 18
12Z AVG MX 2MIN
DY MAX MIN AVG DEP HDD CDD WTR SNW DPTH SPD SPD DIR MIN PSBL S-S WX SPD DR
================================================================================
1 85 70 78 1 0 13 0.02 M M 11.2 20 10 M M 3 27 340
2 80 70 75 -1 0 10 0.11 M M 18.0 26 60 M M 8 41 40
3 83 73 78 2 0 13 T 0.0 0 16.5 26 70 M M 5 35 60
4 84 73 79 3 0 14 0.02 0.0 0 9.2 17 60 M M 7 24 50
5 85 69 77 1 0 12 T 0.0 0 8.7 17 70 M M 4 24 60
6 85 64 75 -1 0 10 0.01 0.0 0 8.8 15 50 M M 1 8 22 80
7 86 70 78 3 0 13 0.00 0.0 0 7.5 17 80 M M 1 23 80
8 85 69 77 2 0 12 0.00 0.0 0 7.7 18 80 M M 2 18 24 90
9 82 69 76 1 0 11 T 0.0 0 5.9 18 80 M M 5 21 80
10 89 72 81 6 0 16 0.00 M M 7.1 15 120 M M 3 20 140
11 88 77 83 8 0 18 0.00 M M 8.4 15 90 M M 2 22 100
12 87 72 80 6 0 15 0.00 M M 5.4 13 90 M M 1 18 100
13 85 73 79 5 0 14 0.60 M M 7.5 16 110 M M 7 1 22 100
14 82 73 78 4 0 13 1.67 0.0 0 7.9 24 90 M M 7 1 36 110
15 77 69 73 -1 0 8 6.58 0.0 0 18.2 31 70 M M 10 1 45 70
16 80 69 75 1 0 10 1.04 0.0 0 13.5 38 70 M M 8 53 60
17 82 71 77 3 0 12 0.00 0.0 0 6.3 13 260 M M 4 16 290
18 78 70 74 0 0 9 0.00 0.0 0 10.1 20 330 M M 5 24 330
19 85 67 76 3 0 11 0.00 0.0 0 8.0 15 340 M M 1 21 50
20 84 67 76 3 0 11 0.00 0.0 0 7.5 16 120 M M 1 21 130
21 84 72 78 5 0 13 0.00 0.0 0 11.0 18 130 M M 2 25 120
22 85 67 76 3 0 11 T 0.0 0 6.6 15 170 M M 2 20 160
23 84 70 77 4 0 12 0.00 0.0 0 6.2 13 10 M M 6 16 350
24 83 68 76 3 0 11 0.46 0.0 0 4.3 13 150 M M 6 1 14 130
25 M M M M M M 0.03 0.0 0 6.4 14 80 M M 6 19 110
26 82 70 76 3 0 11 0.06 M M 5.2 18 170 M M 4 22 120
27 80 67 74 2 0 9 0.00 M M 8.1 16 350 M M 1 21 340
28 76 61 69 -3 0 4 0.00 M M 8.3 17 350 M M 1 23 350
29 76 57 67 -5 0 2 0.00 0.0 0 8.3 15 340 M M 0 8 21 70
30 80 61 71 -1 0 6 0.00 0.0 0 6.9 20 90 M M 1 26 90
================================================================================
SM 2402 2000 0 324 10.60 0.0 264.7 M 114
================================================================================
AV 82.8 69.0 8.8 FASTST M M 4 MAX(MPH)
MISC ----> 38 70 53 60
================================================================================
NOTES:
# LAST OF SEVERAL OCCURRENCES
COLUMN 17 PEAK WIND IN M.P.H.
PRELIMINARY LOCAL CLIMATOLOGICAL DATA (WS FORM: F-6) , PAGE 2
STATION: OPA-LOCKA ARPT
MONTH: NOVEMBER
YEAR: 2023
LATITUDE: 25 53 N
LONGITUDE: 80 17 W
[TEMPERATURE DATA] [PRECIPITATION DATA] SYMBOLS USED IN COLUMN 16
AVERAGE MONTHLY: 75.9 TOTAL FOR MONTH: 10.60 1 = FOG OR MIST
DPTR FM NORMAL: 1.9 DPTR FM NORMAL: 7.71 2 = FOG REDUCING VISIBILITY
HIGHEST: 89 ON 10 GRTST 24HR 7.34 ON 15-16 TO 1/4 MILE OR LESS
LOWEST: 57 ON 29 3 = THUNDER
SNOW, ICE PELLETS, HAIL 4 = ICE PELLETS
TOTAL MONTH: 0.0 INCH 5 = HAIL
GRTST 24HR 0.0 6 = FREEZING RAIN OR DRIZZLE
GRTST DEPTH: 0 7 = DUSTSTORM OR SANDSTORM:
VSBY 1/2 MILE OR LESS
8 = SMOKE OR HAZE
[NO. OF DAYS WITH] [WEATHER - DAYS WITH] 9 = BLOWING SNOW
X = TORNADO
MAX 32 OR BELOW: 0 0.01 INCH OR MORE: 11
MAX 90 OR ABOVE: 0 0.10 INCH OR MORE: 6
MIN 32 OR BELOW: 0 0.50 INCH OR MORE: 4
MIN 0 OR BELOW: 0 1.00 INCH OR MORE: 3
[HDD (BASE 65) ]
TOTAL THIS MO. 0 CLEAR (SCALE 0-3) 15
DPTR FM NORMAL -4 PTCLDY (SCALE 4-7) 14
TOTAL FM JUL 1 0 CLOUDY (SCALE 8-10) 1
DPTR FM NORMAL 0
[CDD (BASE 65) ]
TOTAL THIS MO. 324
DPTR FM NORMAL 48 [PRESSURE DATA]
TOTAL FM JAN 1 4834 HIGHEST SLP 30.17 ON 29
DPTR FM NORMAL 539 LOWEST SLP 29.72 ON 18
[REMARKS]
#FINAL-11-23#