000
CXUS54 KMRX 011030
CF6OQT
PRELIMINARY LOCAL CLIMATOLOGICAL DATA (WS FORM: F-6)
STATION: OAK RIDGE
MONTH: JUNE
YEAR: 2023
LATITUDE: 36 1 N
LONGITUDE: 84 14 W
TEMPERATURE IN F: :PCPN: SNOW: WIND :SUNSHINE: SKY :PK WND
================================================================================
1 2 3 4 5 6A 6B 7 8 9 10 11 12 13 14 15 16 17 18
12Z AVG MX 2MIN
DY MAX MIN AVG DEP HDD CDD WTR SNW DPTH SPD SPD DIR MIN PSBL S-S WX SPD DR
================================================================================
1 85 64 75 3 0 10 T M M 0.7 8 260 M M 5 1 11 250
2 90 62 76 3 0 11 0.00 M M 1.3 7 99 M M 0 M M
3 91 60 76 3 0 11 0.00 M M 1.0 8 330 M M 0 18 360
4 90 66 78 5 0 13 0.00 M M 1.0 7 200 M M 0 18 230
5 85 64 75 1 0 10 0.34 M M 1.2 13 260 M M 2 1 24 260
6 87 63 75 1 0 10 0.00 M M 1.2 7 330 M M 1 1 13 280
7 73 59 66 -8 0 1 0.01 M M 0.6 6 90 M M 6 18 10 90
8 79 58 69 -5 0 4 0.00 M M 1.7 6 70 M M 2 1 M M
9 80 51 66 -8 0 1 0.00 M M 0.9 6 130 M M 0 1 M M
10 84 53 69 -6 0 4 0.00 M M 1.4 7 99 M M 1 M M
11 80 62 71 -4 0 6 1.50 M M 1.2 16 270 M M 7 1 32 250
12 77 60 69 -6 0 4 T M M 3.5 10 280 M M 6 18 270
13 79 53 66 -9 0 1 0.00 M M 1.5 10 270 M M 1 18 220
14 82 57 70 -6 0 5 0.14 M M 1.3 8 250 M M 3 1 18 200
15 86 66 76 0 0 11 0.00 M M 1.1 7 140 M M 4 1 13 260
16 89 66 78 2 0 13 0.00 M M 3.1 13 280 M M 1 23 280
17 83 59 71 -5 0 6 0.00 M M 1.3 8 80 M M 1 12 80
18 86 59 73 -3 0 8 T M M 1.4 9 270 M M 2 1 15 260
19 75 67 71 -5 0 6 1.98 M M 0.8 8 140 M M 8 12 15 140
20 78 68 73 -4 0 8 0.21 M M 1.8 8 80 M M 8 1 15 60
21 79 67 73 -4 0 8 0.01 M M 3.3 12 80 M M 8 24 80
22 70 62 66 -11 0 1 0.39 M M 0.6 6 60 M M 9 1 14 50
23 80 65 73 -4 0 8 T M M 2.3 10 270 M M 8 1 19 280
24 83 67 75 -2 0 10 0.00 M M 0.3 6 150 M M 7 9 130
25 79 65 72 -6 0 7 0.60 M M 1.4 13 330 M M 3 1 27 10
26 87 65 76 -2 0 11 0.63 M M 3.0 13 140 M M 5 1 23 150
27 85 65 75 -3 0 10 0.00 M M 2.5 12 270 M M 2 21 290
28 86 63 75 -3 0 10 0.00 M M 0.9 7 130 M M 2 18 13 140
29 84 66 75 -3 0 10 0.00 M M 1.2 8 90 M M 0 18 16 240
30 86 68 77 -1 0 12 1.08 M M 1.5 10 270 M M 6 128 21 100
================================================================================
SM 2478 1870 0 230 6.89 M 45.0 M 108
================================================================================
AV 82.6 62.3 1.5 FASTST M M 4 MAX(MPH)
MISC ----> 16 270 32 250
================================================================================
NOTES:
# LAST OF SEVERAL OCCURRENCES
COLUMN 17 PEAK WIND IN M.P.H.
PRELIMINARY LOCAL CLIMATOLOGICAL DATA (WS FORM: F-6) , PAGE 2
STATION: OAK RIDGE
MONTH: JUNE
YEAR: 2023
LATITUDE: 36 1 N
LONGITUDE: 84 14 W
[TEMPERATURE DATA] [PRECIPITATION DATA] SYMBOLS USED IN COLUMN 16
AVERAGE MONTHLY: 72.5 TOTAL FOR MONTH: 6.89 1 = FOG OR MIST
DPTR FM NORMAL: -3.1 DPTR FM NORMAL: 2.34 2 = FOG REDUCING VISIBILITY
HIGHEST: 91 ON 3 GRTST 24HR 1.98 ON 19-19 TO 1/4 MILE OR LESS
LOWEST: 51 ON 9 3 = THUNDER
SNOW, ICE PELLETS, HAIL 4 = ICE PELLETS
TOTAL MONTH: M 5 = HAIL
GRTST 24HR M ON M 6 = FREEZING RAIN OR DRIZZLE
GRTST DEPTH: M ON M 7 = DUSTSTORM OR SANDSTORM:
VSBY 1/2 MILE OR LESS
8 = SMOKE OR HAZE
[NO. OF DAYS WITH] [WEATHER - DAYS WITH] 9 = BLOWING SNOW
X = TORNADO
MAX 32 OR BELOW: 0 0.01 INCH OR MORE: 11
MAX 90 OR ABOVE: 3 0.10 INCH OR MORE: 9
MIN 32 OR BELOW: 0 0.50 INCH OR MORE: 5
MIN 0 OR BELOW: 0 1.00 INCH OR MORE: 3
[HDD (BASE 65) ]
TOTAL THIS MO. 0 CLEAR (SCALE 0-3) 17
DPTR FM NORMAL -1 PTCLDY (SCALE 4-7) 10
TOTAL FM JUL 1 3077 CLOUDY (SCALE 8-10) 3
DPTR FM NORMAL -403
[CDD (BASE 65) ]
TOTAL THIS MO. 230
DPTR FM NORMAL -91 [PRESSURE DATA]
TOTAL FM JAN 1 397 HIGHEST SLP 30.15 ON 30
DPTR FM NORMAL -120 LOWEST SLP 29.63 ON 11
[REMARKS]
#FINAL-06-23#