000
CXUS54 KMRX 011130
CF6OQT
PRELIMINARY LOCAL CLIMATOLOGICAL DATA (WS FORM: F-6)
STATION: OAK RIDGE
MONTH: DECEMBER
YEAR: 2022
LATITUDE: 36 1 N
LONGITUDE: 84 14 W
TEMPERATURE IN F: :PCPN: SNOW: WIND :SUNSHINE: SKY :PK WND
================================================================================
1 2 3 4 5 6A 6B 7 8 9 10 11 12 13 14 15 16 17 18
12Z AVG MX 2MIN
DY MAX MIN AVG DEP HDD CDD WTR SNW DPTH SPD SPD DIR MIN PSBL S-S WX SPD DR
================================================================================
1 48 26 37 -8 28 0 0.00 M M 2.0 9 80 M M 0 16 70
2 54 29 42 -3 23 0 0.01 M M 1.4 9 250 M M 4 14 260
3 57 37 47 3 18 0 0.21 M M 2.5 9 280 M M 8 1 16 290
4 46 32 39 -5 26 0 0.00 M M 0.4 6 90 M M 2 1 8 80
5 44 30 37 -7 28 0 0.74 M M 0.1 5 80 M M 9 12 7 70
6 54 44 49 5 16 0 0.71 M M 0.3 5 210 M M 10 1 8 220
7 61 53 57 13 8 0 1.33 M M 0.1 3 190 M M 10 12 7 250
8 60 50 55 12 10 0 1.05 M M 1.5 9 70 M M 10 12 19 50
9 59 50 55 12 10 0 T M M 0.4 6 70 M M 10 12 9 40
10 59 48 54 11 11 0 T M M 0.4 7 280 M M 8 12 12 260
11 56 42 49 6 16 0 0.09 M M 0.9 5 60 M M 9 1 8 50
12 54 37 46 3 19 0 0.00 M M 1.7 7 80 M M 6 1 13 60
13 57 36 47 5 18 0 0.00 M M 0.7 6 190 M M 5 11 60
14 53 46 50 8 15 0 2.30 M M 0.7 6 80 M M 10 1 8 50
15 55 40 48 6 17 0 0.39 M M 4.1 13 200 M M 5 1 21 220
16 48 32 40 -2 25 0 0.00 M M 3.4 13 200 M M 2 25 220
17 47 33 40 -2 25 0 0.00 M M 3.7 13 210 M M 2 22 210
18 41 26 34 -8 31 0 0.00 M M 3.5 12 270 M M 3 8 21 260
19 45 23 34 -7 31 0 0.00 M M 1.2 8 60 M M 0 14 40
20 51 30 41 0 24 0 0.00 M M 0.3 6 190 M M 6 9 140
21 52 28 40 -1 25 0 T M M 0.6 7 80 M M 5 11 50
22 47 42 45 4 20 0 0.10 M M 2.9 12 260 M M 10 1 22 250
23 45 3 24 -17 41 0 0.09 M M 9.5 23 260 M M 7 1 46 270
24 24 4 14 -26 51 0 0.00 M M 5.6 12 250 M M 5 22 270
25 30 11 21 -19 44 0 0.00 M M 3.9 10 190 M M 0 19 220
26 28 14 21 -19 44 0 0.07 M M 0.4 10 190 M M 6 18 15 190
27 42 25 34 -6 31 0 T M M 0.6 5 190 M M 5 1 9 270
28 53 20 37 -3 28 0 0.00 M M 0.6 7 160 M M 1 12 13 230
29 63 28 46 6 19 0 0.00 M M 0.4 8 190 M M 5 11 170
30 67 32 50 10 15 0 T M M 1.4 12 190 M M 1 16 190
31 61 48 55 15 10 0 0.11 M M 1.2 9 250 M M 9 12 15 270
================================================================================
SM 1561 999 727 0 7.20 M 56.4 M 173
================================================================================
AV 50.4 32.2 1.8 FASTST M M 6 MAX(MPH)
MISC ----> 23 260 46 270
================================================================================
NOTES:
# LAST OF SEVERAL OCCURRENCES
COLUMN 17 PEAK WIND IN M.P.H.
PRELIMINARY LOCAL CLIMATOLOGICAL DATA (WS FORM: F-6) , PAGE 2
STATION: OAK RIDGE
MONTH: DECEMBER
YEAR: 2022
LATITUDE: 36 1 N
LONGITUDE: 84 14 W
[TEMPERATURE DATA] [PRECIPITATION DATA] SYMBOLS USED IN COLUMN 16
AVERAGE MONTHLY: 41.3 TOTAL FOR MONTH: 7.20 1 = FOG OR MIST
DPTR FM NORMAL: -0.7 DPTR FM NORMAL: 1.84 2 = FOG REDUCING VISIBILITY
HIGHEST: 67 ON 30 GRTST 24HR 2.69 ON 14-15 TO 1/4 MILE OR LESS
LOWEST: 3 ON 23 3 = THUNDER
SNOW, ICE PELLETS, HAIL 4 = ICE PELLETS
TOTAL MONTH: M 5 = HAIL
GRTST 24HR M ON M 6 = FREEZING RAIN OR DRIZZLE
GRTST DEPTH: M ON M 7 = DUSTSTORM OR SANDSTORM:
VSBY 1/2 MILE OR LESS
8 = SMOKE OR HAZE
[NO. OF DAYS WITH] [WEATHER - DAYS WITH] 9 = BLOWING SNOW
X = TORNADO
MAX 32 OR BELOW: 3 0.01 INCH OR MORE: 13
MAX 90 OR ABOVE: 0 0.10 INCH OR MORE: 9
MIN 32 OR BELOW: 17 0.50 INCH OR MORE: 5
MIN 0 OR BELOW: 0 1.00 INCH OR MORE: 3
[HDD (BASE 65) ]
TOTAL THIS MO. 727 CLEAR (SCALE 0-3) 9
DPTR FM NORMAL 14 PTCLDY (SCALE 4-7) 13
TOTAL FM JUL 1 1416 CLOUDY (SCALE 8-10) 9
DPTR FM NORMAL 30
[CDD (BASE 65) ]
TOTAL THIS MO. 0
DPTR FM NORMAL 0 [PRESSURE DATA]
TOTAL FM JAN 1 1744 HIGHEST SLP 30.59 ON 1
DPTR FM NORMAL 114 LOWEST SLP 29.58 ON 22
[REMARKS]
#FINAL-12-22#